{"id":134,"date":"2019-08-19T12:06:40","date_gmt":"2019-08-19T12:06:40","guid":{"rendered":"https:\/\/site.educa.madrid.org\/cepa.cidcampeador.madrid\/?page_id=134"},"modified":"2025-08-09T20:59:14","modified_gmt":"2025-08-09T18:59:14","slug":"contacto","status":"publish","type":"page","link":"https:\/\/site.educa.madrid.org\/cepa.cidcampeador.madrid\/index.php\/contacto\/","title":{"rendered":"Contacto"},"content":{"rendered":"\n<h2 class=\"wp-block-heading\"><strong>CEPA CID CAMPEADOR LAS \u00c1GUILAS-CUATRO VIENTOS<\/strong><\/h2>\n\n\n\n<pre class=\"wp-block-preformatted\"><img decoding=\"async\" class=\"wp-image-459\" style=\"width: 40px;\" src=\"https:\/\/site.educa.madrid.org\/cepa.cidcampeador.madrid\/\/wp-content\/uploads\/cepa.cidcampeador.madrid\/2019\/09\/ubicaci\u00f3n5-6.png\" alt=\"\"><img loading=\"lazy\" decoding=\"async\" width=\"40\" height=\"40\" class=\"wp-image-1222\" style=\"width: 40px;\" src=\"https:\/\/site.educa.madrid.org\/cepa.cidcampeador.madrid\/\/wp-content\/uploads\/cepa.cidcampeador.madrid\/2020\/02\/ubicaci\u00f3n5.png\" alt=\"\" srcset=\"https:\/\/site.educa.madrid.org\/cepa.cidcampeador.madrid\/\/wp-content\/uploads\/cepa.cidcampeador.madrid\/2020\/02\/ubicaci\u00f3n5.png 512w, https:\/\/site.educa.madrid.org\/cepa.cidcampeador.madrid\/\/wp-content\/uploads\/cepa.cidcampeador.madrid\/2020\/02\/ubicaci\u00f3n5-150x150.png 150w, https:\/\/site.educa.madrid.org\/cepa.cidcampeador.madrid\/\/wp-content\/uploads\/cepa.cidcampeador.madrid\/2020\/02\/ubicaci\u00f3n5-300x300.png 300w, https:\/\/site.educa.madrid.org\/cepa.cidcampeador.madrid\/\/wp-content\/uploads\/cepa.cidcampeador.madrid\/2020\/02\/ubicaci\u00f3n5-100x100.png 100w\" sizes=\"auto, (max-width: 40px) 100vw, 40px\" \/>\n<a rel=\"noreferrer noopener\" aria-label=\"C\/ Anselmo Lorenzo 12, Madrid 28044    (abre en una nueva pesta\u00f1a)\" href=\"https:\/\/goo.gl\/maps\/DRiQpXEvcESYfoZ9A\" target=\"_blank\">C\/ Anselmo Lorenzo 12<\/a>, <a rel=\"noreferrer noopener\" aria-label=\"C\/ Anselmo Lorenzo 12, Madrid 28044    (abre en una nueva pesta\u00f1a)\" href=\"https:\/\/goo.gl\/maps\/DRiQpXEvcESYfoZ9A\" target=\"_blank\">Madrid 28044<\/a><\/pre>\n\n\n\n<pre class=\"wp-block-preformatted\"><img loading=\"lazy\" decoding=\"async\" width=\"50\" height=\"34\" class=\"wp-image-444\" style=\"width: 50px;\" src=\"https:\/\/site.educa.madrid.org\/cepa.cidcampeador.madrid\/\/wp-content\/uploads\/cepa.cidcampeador.madrid\/2019\/09\/Logo-100-A\u00d1OS-METRO.png\" alt=\"\" srcset=\"https:\/\/site.educa.madrid.org\/cepa.cidcampeador.madrid\/\/wp-content\/uploads\/cepa.cidcampeador.madrid\/2019\/09\/Logo-100-A\u00d1OS-METRO.png 1500w, https:\/\/site.educa.madrid.org\/cepa.cidcampeador.madrid\/\/wp-content\/uploads\/cepa.cidcampeador.madrid\/2019\/09\/Logo-100-A\u00d1OS-METRO-300x203.png 300w, https:\/\/site.educa.madrid.org\/cepa.cidcampeador.madrid\/\/wp-content\/uploads\/cepa.cidcampeador.madrid\/2019\/09\/Logo-100-A\u00d1OS-METRO-768x521.png 768w, https:\/\/site.educa.madrid.org\/cepa.cidcampeador.madrid\/\/wp-content\/uploads\/cepa.cidcampeador.madrid\/2019\/09\/Logo-100-A\u00d1OS-METRO-1024x694.png 1024w\" sizes=\"auto, (max-width: 50px) 100vw, 50px\" \/> Aluche\n\n<img loading=\"lazy\" decoding=\"async\" width=\"40\" height=\"40\" class=\"wp-image-443\" style=\"width: 40px;\" src=\"https:\/\/site.educa.madrid.org\/cepa.cidcampeador.madrid\/\/wp-content\/uploads\/cepa.cidcampeador.madrid\/2019\/09\/logo_cercanias.png\" alt=\"\" srcset=\"https:\/\/site.educa.madrid.org\/cepa.cidcampeador.madrid\/\/wp-content\/uploads\/cepa.cidcampeador.madrid\/2019\/09\/logo_cercanias.png 600w, https:\/\/site.educa.madrid.org\/cepa.cidcampeador.madrid\/\/wp-content\/uploads\/cepa.cidcampeador.madrid\/2019\/09\/logo_cercanias-150x150.png 150w, https:\/\/site.educa.madrid.org\/cepa.cidcampeador.madrid\/\/wp-content\/uploads\/cepa.cidcampeador.madrid\/2019\/09\/logo_cercanias-300x300.png 300w, https:\/\/site.educa.madrid.org\/cepa.cidcampeador.madrid\/\/wp-content\/uploads\/cepa.cidcampeador.madrid\/2019\/09\/logo_cercanias-100x100.png 100w\" sizes=\"auto, (max-width: 40px) 100vw, 40px\" \/>  Maestra Justa Freire Polideportivo Aluche\n\n<img loading=\"lazy\" decoding=\"async\" width=\"40\" height=\"33\" class=\"wp-image-449\" style=\"width: 40px;\" src=\"https:\/\/site.educa.madrid.org\/cepa.cidcampeador.madrid\/\/wp-content\/uploads\/cepa.cidcampeador.madrid\/2019\/09\/EMT_Madrid_Logo.png\" alt=\"\" srcset=\"https:\/\/site.educa.madrid.org\/cepa.cidcampeador.madrid\/\/wp-content\/uploads\/cepa.cidcampeador.madrid\/2019\/09\/EMT_Madrid_Logo.png 3095w, https:\/\/site.educa.madrid.org\/cepa.cidcampeador.madrid\/\/wp-content\/uploads\/cepa.cidcampeador.madrid\/2019\/09\/EMT_Madrid_Logo-300x246.png 300w, https:\/\/site.educa.madrid.org\/cepa.cidcampeador.madrid\/\/wp-content\/uploads\/cepa.cidcampeador.madrid\/2019\/09\/EMT_Madrid_Logo-768x630.png 768w, https:\/\/site.educa.madrid.org\/cepa.cidcampeador.madrid\/\/wp-content\/uploads\/cepa.cidcampeador.madrid\/2019\/09\/EMT_Madrid_Logo-1024x840.png 1024w\" sizes=\"auto, (max-width: 40px) 100vw, 40px\" \/>  17,138,39,34,139,155 <\/pre>\n\n\n\n<pre class=\"wp-block-preformatted\"> <img loading=\"lazy\" decoding=\"async\" width=\"40\" height=\"40\" class=\"wp-image-463\" style=\"width: 40px;\" src=\"https:\/\/site.educa.madrid.org\/cepa.cidcampeador.madrid\/\/wp-content\/uploads\/cepa.cidcampeador.madrid\/2019\/09\/whatsapp3.png\" alt=\"\" srcset=\"https:\/\/site.educa.madrid.org\/cepa.cidcampeador.madrid\/\/wp-content\/uploads\/cepa.cidcampeador.madrid\/2019\/09\/whatsapp3.png 1000w, https:\/\/site.educa.madrid.org\/cepa.cidcampeador.madrid\/\/wp-content\/uploads\/cepa.cidcampeador.madrid\/2019\/09\/whatsapp3-150x150.png 150w, https:\/\/site.educa.madrid.org\/cepa.cidcampeador.madrid\/\/wp-content\/uploads\/cepa.cidcampeador.madrid\/2019\/09\/whatsapp3-300x300.png 300w, https:\/\/site.educa.madrid.org\/cepa.cidcampeador.madrid\/\/wp-content\/uploads\/cepa.cidcampeador.madrid\/2019\/09\/whatsapp3-768x768.png 768w, https:\/\/site.educa.madrid.org\/cepa.cidcampeador.madrid\/\/wp-content\/uploads\/cepa.cidcampeador.madrid\/2019\/09\/whatsapp3-100x100.png 100w\" sizes=\"auto, (max-width: 40px) 100vw, 40px\" \/> 650083284\n\n <img loading=\"lazy\" decoding=\"async\" width=\"40\" height=\"40\" class=\"wp-image-1216\" style=\"width: 40px;\" src=\"https:\/\/site.educa.madrid.org\/cepa.cidcampeador.madrid\/\/wp-content\/uploads\/cepa.cidcampeador.madrid\/2020\/02\/dibujo-telefono-png-3.png\" alt=\"\" srcset=\"https:\/\/site.educa.madrid.org\/cepa.cidcampeador.madrid\/\/wp-content\/uploads\/cepa.cidcampeador.madrid\/2020\/02\/dibujo-telefono-png-3.png 615w, https:\/\/site.educa.madrid.org\/cepa.cidcampeador.madrid\/\/wp-content\/uploads\/cepa.cidcampeador.madrid\/2020\/02\/dibujo-telefono-png-3-150x150.png 150w, https:\/\/site.educa.madrid.org\/cepa.cidcampeador.madrid\/\/wp-content\/uploads\/cepa.cidcampeador.madrid\/2020\/02\/dibujo-telefono-png-3-300x300.png 300w, https:\/\/site.educa.madrid.org\/cepa.cidcampeador.madrid\/\/wp-content\/uploads\/cepa.cidcampeador.madrid\/2020\/02\/dibujo-telefono-png-3-100x100.png 100w\" sizes=\"auto, (max-width: 40px) 100vw, 40px\" \/> 917058402             <\/pre>\n\n\n\n<pre class=\"wp-block-preformatted\"><img decoding=\"async\" class=\"wp-image-435\" style=\"width: 40px;\" src=\"https:\/\/site.educa.madrid.org\/cepa.cidcampeador.madrid\/\/wp-content\/uploads\/cepa.cidcampeador.madrid\/2019\/09\/mail.png\" alt=\"\"> <img loading=\"lazy\" decoding=\"async\" width=\"50\" height=\"50\" class=\"wp-image-1573\" style=\"width: 50px;\" src=\"https:\/\/site.educa.madrid.org\/cepa.cidcampeador.madrid\/\/wp-content\/uploads\/cepa.cidcampeador.madrid\/2020\/05\/mail.png\" alt=\"\" srcset=\"https:\/\/site.educa.madrid.org\/cepa.cidcampeador.madrid\/\/wp-content\/uploads\/cepa.cidcampeador.madrid\/2020\/05\/mail.png 512w, https:\/\/site.educa.madrid.org\/cepa.cidcampeador.madrid\/\/wp-content\/uploads\/cepa.cidcampeador.madrid\/2020\/05\/mail-300x300.png 300w, https:\/\/site.educa.madrid.org\/cepa.cidcampeador.madrid\/\/wp-content\/uploads\/cepa.cidcampeador.madrid\/2020\/05\/mail-150x150.png 150w, https:\/\/site.educa.madrid.org\/cepa.cidcampeador.madrid\/\/wp-content\/uploads\/cepa.cidcampeador.madrid\/2020\/05\/mail-100x100.png 100w\" sizes=\"auto, (max-width: 50px) 100vw, 50px\" \/>  <a rel=\"noreferrer noopener\" href=\"mailto:cepa.cidcampeador.madrid@educa.madrid.org\" target=\"_blank\">cepa.cidcampeador.madrid@educa.madrid.org<\/a><\/pre>\n\n\n\n<pre class=\"wp-block-preformatted\"><strong><img decoding=\"async\" class=\"wp-image-435\" style=\"width: 40px;\" src=\"https:\/\/site.educa.madrid.org\/cepa.cidcampeador.madrid\/\/wp-content\/uploads\/cepa.cidcampeador.madrid\/2019\/09\/mail.png\" alt=\"\"> C\u00f3digo de centro:<\/strong> 28045268<\/pre>\n\n\n\n<p><a href=\"https:\/\/www.facebook.com\/Adultos-Cid-Campeador-Aluche-1845046195748067\/\"><img loading=\"lazy\" decoding=\"async\" width=\"40\" height=\"40\" class=\"wp-image-230\" style=\"width: 40px;\" src=\"https:\/\/site.educa.madrid.org\/cepa.cidcampeador.madrid\/\/wp-content\/uploads\/cepa.cidcampeador.madrid\/2019\/08\/facebook-5.png\" alt=\"\" srcset=\"https:\/\/site.educa.madrid.org\/cepa.cidcampeador.madrid\/\/wp-content\/uploads\/cepa.cidcampeador.madrid\/2019\/08\/facebook-5.png 124w, https:\/\/site.educa.madrid.org\/cepa.cidcampeador.madrid\/\/wp-content\/uploads\/cepa.cidcampeador.madrid\/2019\/08\/facebook-5-100x100.png 100w\" sizes=\"auto, (max-width: 40px) 100vw, 40px\" \/><\/a> <a href=\"https:\/\/www.instagram.com\/cepa.cidcampeador.aguilas\/\"><img loading=\"lazy\" decoding=\"async\" width=\"40\" height=\"40\" class=\"wp-image-427\" style=\"width: 40px;\" src=\"https:\/\/site.educa.madrid.org\/cepa.cidcampeador.madrid\/\/wp-content\/uploads\/cepa.cidcampeador.madrid\/2019\/09\/instagram-icon-png.png\" alt=\"\" srcset=\"https:\/\/site.educa.madrid.org\/cepa.cidcampeador.madrid\/\/wp-content\/uploads\/cepa.cidcampeador.madrid\/2019\/09\/instagram-icon-png.png 640w, https:\/\/site.educa.madrid.org\/cepa.cidcampeador.madrid\/\/wp-content\/uploads\/cepa.cidcampeador.madrid\/2019\/09\/instagram-icon-png-150x150.png 150w, https:\/\/site.educa.madrid.org\/cepa.cidcampeador.madrid\/\/wp-content\/uploads\/cepa.cidcampeador.madrid\/2019\/09\/instagram-icon-png-300x300.png 300w, https:\/\/site.educa.madrid.org\/cepa.cidcampeador.madrid\/\/wp-content\/uploads\/cepa.cidcampeador.madrid\/2019\/09\/instagram-icon-png-100x100.png 100w\" sizes=\"auto, (max-width: 40px) 100vw, 40px\" \/><\/a> <a href=\"https:\/\/bsky.app\/profile\/cepa-cidcampeador.bsky.social\"><img loading=\"lazy\" decoding=\"async\" width=\"40\" height=\"38\" class=\"wp-image-6867\" style=\"width: 40px;\" src=\"https:\/\/site.educa.madrid.org\/cepa.cidcampeador.madrid\/\/wp-content\/uploads\/cepa.cidcampeador.madrid\/2024\/12\/image-4.png\" alt=\"\"><\/a><\/p>\n\n\n\n<pre class=\"wp-block-preformatted\"><a href=\"https:\/\/site.educa.madrid.org\/cepa.cidcampeador.madrid\/index.php\/secretaria\/\"><img loading=\"lazy\" decoding=\"async\" width=\"50\" height=\"50\" class=\"wp-image-7831\" style=\"width: 50px;\" src=\"https:\/\/site.educa.madrid.org\/cepa.cidcampeador.madrid\/\/wp-content\/uploads\/cepa.cidcampeador.madrid\/2025\/08\/secretaria_picto_color.png\" alt=\"\" srcset=\"https:\/\/site.educa.madrid.org\/cepa.cidcampeador.madrid\/\/wp-content\/uploads\/cepa.cidcampeador.madrid\/2025\/08\/secretaria_picto_color.png 417w, https:\/\/site.educa.madrid.org\/cepa.cidcampeador.madrid\/\/wp-content\/uploads\/cepa.cidcampeador.madrid\/2025\/08\/secretaria_picto_color-300x300.png 300w, https:\/\/site.educa.madrid.org\/cepa.cidcampeador.madrid\/\/wp-content\/uploads\/cepa.cidcampeador.madrid\/2025\/08\/secretaria_picto_color-150x150.png 150w, https:\/\/site.educa.madrid.org\/cepa.cidcampeador.madrid\/\/wp-content\/uploads\/cepa.cidcampeador.madrid\/2025\/08\/secretaria_picto_color-100x100.png 100w\" sizes=\"auto, (max-width: 50px) 100vw, 50px\" \/><\/a>   <strong><a href=\"https:\/\/site.educa.madrid.org\/cepa.cidcampeador.madrid\/index.php\/secretaria\/\" target=\"_blank\" rel=\"noreferrer noopener\">ATENCI\u00d3N PRESENCIAL en Secretar\u00eda<\/a><\/strong><\/pre>\n\n\n\n<p><\/p>\n","protected":false},"excerpt":{"rendered":"<p>CEPA CID CAMPEADOR LAS \u00c1GUILAS-CUATRO VIENTOS C\/ Anselmo Lorenzo 12, Madrid 28044 Aluche Maestra Justa Freire Polideportivo Aluche 17,138,39,34,139,155 650083284 917058402 cepa.cidcampeador.madrid@educa.madrid.org C\u00f3digo de centro: 28045268 ATENCI\u00d3N PRESENCIAL en Secretar\u00eda<\/p>\n","protected":false},"author":3,"featured_media":0,"parent":0,"menu_order":0,"comment_status":"closed","ping_status":"closed","template":"","meta":{"footnotes":""},"folder":[],"class_list":["post-134","page","type-page","status-publish","hentry"],"rttpg_featured_image_url":null,"rttpg_author":{"display_name":"cepa.cidcampeador.madrid","author_link":"https:\/\/site.educa.madrid.org\/cepa.cidcampeador.madrid\/index.php\/author\/cuenta_cepa-cidcampeador-madrid\/"},"rttpg_comment":0,"rttpg_category":false,"rttpg_excerpt":"CEPA CID CAMPEADOR LAS \u00c1GUILAS-CUATRO VIENTOS C\/ Anselmo Lorenzo 12, Madrid 28044 Aluche Maestra Justa Freire Polideportivo Aluche 17,138,39,34,139,155 650083284 917058402 cepa.cidcampeador.madrid@educa.madrid.org C\u00f3digo de centro: 28045268 ATENCI\u00d3N PRESENCIAL en Secretar\u00eda","post_mailing_queue_ids":[],"_links":{"self":[{"href":"https:\/\/site.educa.madrid.org\/cepa.cidcampeador.madrid\/index.php\/wp-json\/wp\/v2\/pages\/134","targetHints":{"allow":["GET"]}}],"collection":[{"href":"https:\/\/site.educa.madrid.org\/cepa.cidcampeador.madrid\/index.php\/wp-json\/wp\/v2\/pages"}],"about":[{"href":"https:\/\/site.educa.madrid.org\/cepa.cidcampeador.madrid\/index.php\/wp-json\/wp\/v2\/types\/page"}],"author":[{"embeddable":true,"href":"https:\/\/site.educa.madrid.org\/cepa.cidcampeador.madrid\/index.php\/wp-json\/wp\/v2\/users\/3"}],"replies":[{"embeddable":true,"href":"https:\/\/site.educa.madrid.org\/cepa.cidcampeador.madrid\/index.php\/wp-json\/wp\/v2\/comments?post=134"}],"version-history":[{"count":50,"href":"https:\/\/site.educa.madrid.org\/cepa.cidcampeador.madrid\/index.php\/wp-json\/wp\/v2\/pages\/134\/revisions"}],"predecessor-version":[{"id":7833,"href":"https:\/\/site.educa.madrid.org\/cepa.cidcampeador.madrid\/index.php\/wp-json\/wp\/v2\/pages\/134\/revisions\/7833"}],"wp:attachment":[{"href":"https:\/\/site.educa.madrid.org\/cepa.cidcampeador.madrid\/index.php\/wp-json\/wp\/v2\/media?parent=134"}],"wp:term":[{"taxonomy":"folder","embeddable":true,"href":"https:\/\/site.educa.madrid.org\/cepa.cidcampeador.madrid\/index.php\/wp-json\/wp\/v2\/folder?post=134"}],"curies":[{"name":"wp","href":"https:\/\/api.w.org\/{rel}","templated":true}]}}