{"id":3628,"date":"2022-11-25T12:40:37","date_gmt":"2022-11-25T11:40:37","guid":{"rendered":"https:\/\/site.educa.madrid.org\/cepa.cidcampeador.madrid\/?page_id=3628"},"modified":"2026-04-24T01:03:28","modified_gmt":"2026-04-23T23:03:28","slug":"proyectos","status":"publish","type":"page","link":"https:\/\/site.educa.madrid.org\/cepa.cidcampeador.madrid\/index.php\/proyectos\/","title":{"rendered":"Proyectos"},"content":{"rendered":"\n<p><strong><a href=\"https:\/\/site.educa.madrid.org\/cepa.cidcampeador.madrid\/index.php\/fakecidnews\/\" target=\"_blank\" rel=\"noreferrer noopener\">#FakeCIDnews<\/a><\/strong> (2025-2026)<\/p>\n\n\n\n<p><a href=\"https:\/\/site.educa.madrid.org\/cepa.cidcampeador.madrid\/index.php\/exposicion-medio-ambiente-y-cambio-climatico\/\">Cambio clim\u00e1tico<\/a> (2025-2026)<\/p>\n\n\n\n<p><a href=\"https:\/\/site.educa.madrid.org\/cepa.cidcampeador.madrid\/index.php\/guiacidadana-para-migrantes\/\"><strong>#GuiaCIDadana para migrantes<\/strong><\/a> (2024-2025)<\/p>\n\n\n\n<p><a href=\"https:\/\/site.educa.madrid.org\/cepa.cidcampeador.madrid\/index.php\/ecocid-consumo-y-produccion-responsable\/\"><strong>#EcoCID: consumo y producci\u00f3n responsable<\/strong><\/a> (2023-2024)<\/p>\n\n\n\n<p><a href=\"https:\/\/site.educa.madrid.org\/cepa.cidcampeador.madrid\/index.php\/entretejiendo-memorias\/\"><strong>Entretejiendo Memorias<\/strong> (proyecto ApS)<\/a>) (2023-2024)<\/p>\n\n\n\n<p><a href=\"https:\/\/site.educa.madrid.org\/cepa.cidcampeador.madrid\/index.php\/proyecto-artecid\/\"><strong>#arteCID<\/strong><\/a> (2019-2020)<\/p>\n\n\n\n<p><a href=\"https:\/\/site.educa.madrid.org\/cepa.cidcampeador.madrid\/index.php\/proyecto-mediterraneo-un-mar-de-culturas\/\">Mediterr\u00e1neo,  un mar de culturas<\/a> (2022-2023)<\/p>\n\n\n\n<p><a href=\"https:\/\/site.educa.madrid.org\/cepa.cidcampeador.madrid\/index.php\/ventajas-y-desventajas-de-la-modernidad\/\">Ventajas y Desventajas de la Modernidad<\/a> (2021-2022)<\/p>\n\n\n\n<p><a href=\"https:\/\/site.educa.madrid.org\/cepa.cidcampeador.madrid\/index.php\/decidnoalacoso\/\">#deCIDNoalAcoso<\/a> (2020-2021)<\/p>\n\n\n\n<p><a href=\"https:\/\/site.educa.madrid.org\/cepa.cidcampeador.madrid\/index.php\/por-el-planeta\/\">\u00a1Por el Planeta!<\/a> (2019-2020)<\/p>\n\n\n\n<p><a href=\"https:\/\/site.educa.madrid.org\/cepa.cidcampeador.madrid\/index.php\/divercidad\/\"><strong>#diverCIDad<\/strong><\/a> (2017-2028)<\/p>\n\n\n\n<p><a href=\"https:\/\/site.educa.madrid.org\/cepa.cidcampeador.madrid\/index.php\/proyecto-shoa\/\">Shoa<\/a> (2017-2018)<\/p>\n\n\n\n<p><a href=\"https:\/\/site.educa.madrid.org\/cepa.cidcampeador.madrid\/index.php\/reciclajes-solidarios\/\"><strong>ReCIDclando<\/strong><\/a> (desde 2013)<\/p>\n\n\n<div class=\"wp-block-image\">\n<figure class=\"alignleft size-large is-resized\"><a href=\"https:\/\/site.educa.madrid.org\/cepa.cidcampeador.madrid\/index.php\/proyectos\/\"><img loading=\"lazy\" decoding=\"async\" width=\"1024\" height=\"555\" src=\"https:\/\/site.educa.madrid.org\/cepa.cidcampeador.madrid\/\/wp-content\/uploads\/cepa.cidcampeador.madrid\/2025\/05\/image-5-1024x555.png\" alt=\"\" class=\"wp-image-7498\" style=\"width:494px;height:auto\" srcset=\"https:\/\/site.educa.madrid.org\/cepa.cidcampeador.madrid\/\/wp-content\/uploads\/cepa.cidcampeador.madrid\/2025\/05\/image-5-1024x555.png 1024w, https:\/\/site.educa.madrid.org\/cepa.cidcampeador.madrid\/\/wp-content\/uploads\/cepa.cidcampeador.madrid\/2025\/05\/image-5-300x163.png 300w, https:\/\/site.educa.madrid.org\/cepa.cidcampeador.madrid\/\/wp-content\/uploads\/cepa.cidcampeador.madrid\/2025\/05\/image-5-768x417.png 768w, https:\/\/site.educa.madrid.org\/cepa.cidcampeador.madrid\/\/wp-content\/uploads\/cepa.cidcampeador.madrid\/2025\/05\/image-5.png 1252w\" sizes=\"auto, (max-width: 767px) 89vw, (max-width: 1000px) 54vw, (max-width: 1071px) 543px, 580px\" \/><\/a><\/figure>\n<\/div>","protected":false},"excerpt":{"rendered":"<p>#FakeCIDnews (2025-2026) Cambio clim\u00e1tico (2025-2026) #GuiaCIDadana para migrantes (2024-2025) #EcoCID: consumo y producci\u00f3n responsable (2023-2024) Entretejiendo Memorias (proyecto ApS)) (2023-2024) #arteCID (2019-2020) Mediterr\u00e1neo, un mar de culturas (2022-2023) Ventajas y Desventajas de la Modernidad (2021-2022) #deCIDNoalAcoso (2020-2021) \u00a1Por el Planeta! (2019-2020) #diverCIDad (2017-2028) Shoa (2017-2018) ReCIDclando (desde 2013)<\/p>\n","protected":false},"author":2,"featured_media":0,"parent":0,"menu_order":0,"comment_status":"closed","ping_status":"closed","template":"","meta":{"footnotes":""},"folder":[],"class_list":["post-3628","page","type-page","status-publish","hentry"],"rttpg_featured_image_url":null,"rttpg_author":{"display_name":"tic.cepa.cidcampeador.madrid","author_link":"https:\/\/site.educa.madrid.org\/cepa.cidcampeador.madrid\/index.php\/author\/cuenta_tic-cepa-cidcampeador-madrid\/"},"rttpg_comment":0,"rttpg_category":false,"rttpg_excerpt":"#FakeCIDnews (2025-2026) Cambio clim\u00e1tico (2025-2026) #GuiaCIDadana para migrantes (2024-2025) #EcoCID: consumo y producci\u00f3n responsable (2023-2024) Entretejiendo Memorias (proyecto ApS)) (2023-2024) #arteCID (2019-2020) Mediterr\u00e1neo, un mar de culturas (2022-2023) Ventajas y Desventajas de la Modernidad (2021-2022) #deCIDNoalAcoso (2020-2021) \u00a1Por el Planeta! (2019-2020) #diverCIDad (2017-2028) Shoa (2017-2018) ReCIDclando (desde 2013)","post_mailing_queue_ids":[],"_links":{"self":[{"href":"https:\/\/site.educa.madrid.org\/cepa.cidcampeador.madrid\/index.php\/wp-json\/wp\/v2\/pages\/3628","targetHints":{"allow":["GET"]}}],"collection":[{"href":"https:\/\/site.educa.madrid.org\/cepa.cidcampeador.madrid\/index.php\/wp-json\/wp\/v2\/pages"}],"about":[{"href":"https:\/\/site.educa.madrid.org\/cepa.cidcampeador.madrid\/index.php\/wp-json\/wp\/v2\/types\/page"}],"author":[{"embeddable":true,"href":"https:\/\/site.educa.madrid.org\/cepa.cidcampeador.madrid\/index.php\/wp-json\/wp\/v2\/users\/2"}],"replies":[{"embeddable":true,"href":"https:\/\/site.educa.madrid.org\/cepa.cidcampeador.madrid\/index.php\/wp-json\/wp\/v2\/comments?post=3628"}],"version-history":[{"count":16,"href":"https:\/\/site.educa.madrid.org\/cepa.cidcampeador.madrid\/index.php\/wp-json\/wp\/v2\/pages\/3628\/revisions"}],"predecessor-version":[{"id":8685,"href":"https:\/\/site.educa.madrid.org\/cepa.cidcampeador.madrid\/index.php\/wp-json\/wp\/v2\/pages\/3628\/revisions\/8685"}],"wp:attachment":[{"href":"https:\/\/site.educa.madrid.org\/cepa.cidcampeador.madrid\/index.php\/wp-json\/wp\/v2\/media?parent=3628"}],"wp:term":[{"taxonomy":"folder","embeddable":true,"href":"https:\/\/site.educa.madrid.org\/cepa.cidcampeador.madrid\/index.php\/wp-json\/wp\/v2\/folder?post=3628"}],"curies":[{"name":"wp","href":"https:\/\/api.w.org\/{rel}","templated":true}]}}