{"id":3771,"date":"2022-11-25T13:26:28","date_gmt":"2022-11-25T12:26:28","guid":{"rendered":"https:\/\/site.educa.madrid.org\/cepa.cidcampeador.madrid\/?page_id=3771"},"modified":"2024-01-30T12:19:58","modified_gmt":"2024-01-30T11:19:58","slug":"ventajas-y-desventajas-de-la-modernidad","status":"publish","type":"page","link":"https:\/\/site.educa.madrid.org\/cepa.cidcampeador.madrid\/index.php\/ventajas-y-desventajas-de-la-modernidad\/","title":{"rendered":"Ventajas y Desventajas de la Modernidad"},"content":{"rendered":"\n<p>(2021-2022)<\/p>\n\n\n\n<figure class=\"wp-block-image\" id=\"block-11cfb69d-ea0a-4a2b-87bc-30e2352b7d45\"><img decoding=\"async\" src=\"https:\/\/site.educa.madrid.org\/cepa.cidcampeador.madrid\/\/wp-content\/uploads\/cepa.cidcampeador.madrid\/2022\/06\/Ventajas-y-desventajas-de-la-modernidad-2-1-300x240.png\" alt=\"La imagen tiene un atributo ALT vac\u00edo; su nombre de archivo es Ventajas-y-desventajas-de-la-modernidad-2-1-300x240.png\"\/><\/figure>\n\n\n\n<p id=\"block-23bcb2ff-0748-4b4f-847e-5364a4d76df7\">El d\u00eda 12 de mayo de 2022, en el<strong> CEPA CID<\/strong> Campeador, los alumnos\/as de <strong>Ense\u00f1anzas Iniciales, Educaci\u00f3n Secundaria, Historia del Arte e Inform\u00e1tica<\/strong> realizaron las exposiciones de sus trabajos de investigaci\u00f3n del <strong>Proyecto de Centro: Ventajas y Desventajas de la Modernidad<\/strong>, un proyecto interdisciplinar y multidireccional, en el que los alumnos son sus \u00fanicos protagonistas, tanto en el proceso de elaboraci\u00f3n como en la exhibici\u00f3n de los temas ante sus profesores y compa\u00f1eros\/as de otras ense\u00f1anzas.<\/p>\n\n\n\n<figure class=\"wp-block-image\" id=\"block-abff5d60-fc44-4ffe-8cb5-ee2fb6db0cf4\"><img decoding=\"async\" src=\"https:\/\/site.educa.madrid.org\/cepa.cidcampeador.madrid\/\/wp-content\/uploads\/cepa.cidcampeador.madrid\/2022\/06\/linea-del-tiempo-300x300.jpg\" alt=\"La imagen tiene un atributo ALT vac\u00edo; su nombre de archivo es linea-del-tiempo-300x300.jpg\"\/><figcaption class=\"wp-element-caption\">Linea del tiempo: Ense\u00f1anzas Iniciales<\/figcaption><\/figure>\n\n\n\n<p id=\"block-9e012ce3-beb3-4b91-b438-a5bca81a88bd\"><br>Los alumnos de <strong>Ense\u00f1anzas Iniciales<\/strong> se propusieron realizar con sus profesoras una L\u00ednea del tiempo de avances tecnol\u00f3gicos.<\/p>\n\n\n\n<p id=\"block-7f0ac0bb-5def-4e8d-a2b9-641cb418bfbe\">Los alumnos de<strong> Nivel I de Secundaria<\/strong> eligieron pinturas impresionistas en las que aparecieran especies vegetales e hicieron un estudio desde el punto de vista de la bot\u00e1nica de las mencionadas especies, que explicaron a sus compa\u00f1eros y profesores adem\u00e1s de realizar un mural a todo color de lo trabajado.<\/p>\n\n\n\n<figure class=\"wp-block-image\" id=\"block-4a7eca3d-b959-4db9-9539-faffa021e743\"><img decoding=\"async\" src=\"https:\/\/site.educa.madrid.org\/cepa.cidcampeador.madrid\/\/wp-content\/uploads\/cepa.cidcampeador.madrid\/2022\/06\/NIM.jpeg\" alt=\"La imagen tiene un atributo ALT vac\u00edo; su nombre de archivo es NIM.jpeg\"\/><\/figure>\n\n\n\n<p id=\"block-b33a94f1-b6fd-4aac-94ba-ab7c93a6bc65\">Los alumnos de<strong> Nivel II de Secundaria<\/strong> expusieron las biograf\u00edas de pintores de este per\u00edodo en ingl\u00e9s. Despu\u00e9s de visionar la pel\u00edcula \u201cTiempos modernos\u201d realizaron y expusieron trabajos sobre su visualizaci\u00f3n y sobre su contexto. Tambi\u00e9n, realizaron trabajos de investigaci\u00f3n sobre los cambios art\u00edsticos, pol\u00edticos, sociales, econ\u00f3micos y tecnol\u00f3gicos que se produjeron a finales del siglo XIX y principios del siglo XX y que nos condujeron a la modernidad de la que disfrutamos en la actualidad.<\/p>\n\n\n\n<figure class=\"wp-block-image\" id=\"block-729d703f-b39f-47d5-8e30-a94301bba815\"><img decoding=\"async\" src=\"https:\/\/site.educa.madrid.org\/cepa.cidcampeador.madrid\/\/wp-content\/uploads\/cepa.cidcampeador.madrid\/2022\/06\/Nivel-2-M-1-1024x1024.jpeg\" alt=\"La imagen tiene un atributo ALT vac\u00edo; su nombre de archivo es Nivel-2-M-1-1024x1024.jpeg\"\/><\/figure>\n\n\n\n<p id=\"block-b0437e32-a466-4e92-b4ad-7c532259caa5\">Los alumnos de la tarde, adem\u00e1s, contrastaron ideas modernas de los autores del Romanticismo y Realismo frente a los autores anteriores construyendo un \u00e1rbol, en el que las hojas caducas y oscuras, ten\u00edan citas antiguas y las hojas nuevas y verdes, ideas novedosas de modernidad.<\/p>\n\n\n\n<figure class=\"wp-block-image\" id=\"block-201687d9-8176-4db0-92cf-2b1cb4c86cc1\"><img decoding=\"async\" src=\"https:\/\/site.educa.madrid.org\/cepa.cidcampeador.madrid\/\/wp-content\/uploads\/cepa.cidcampeador.madrid\/2022\/06\/Sira-768x1024.jpeg\" alt=\"La imagen tiene un atributo ALT vac\u00edo; su nombre de archivo es Sira-768x1024.jpeg\"\/><figcaption class=\"wp-element-caption\"><strong>Las ideas caducas caen frente a las ideas nuevas<\/strong><\/figcaption><\/figure>\n\n\n\n<p id=\"block-0afd96cf-5def-4d8a-bb64-acd74c46cd90\">Los alumnos de <strong>Taller de Inform\u00e1tica<\/strong> realizaron un blog sobre Oscar Wilde, escritor, poeta y dramaturgo de origen irland\u00e9s y utilizaron c\u00f3digos QR (Quick Response) explicando a los dem\u00e1s alumnos su significado como evoluci\u00f3n del c\u00f3digo de barras.<\/p>\n\n\n\n<figure class=\"wp-block-image\" id=\"block-b14ac0e5-b98b-4038-84b1-6b6ab5c00eb9\"><img decoding=\"async\" src=\"https:\/\/site.educa.madrid.org\/cepa.cidcampeador.madrid\/\/wp-content\/uploads\/cepa.cidcampeador.madrid\/2022\/06\/QR-2-1024x1024.jpg\" alt=\"La imagen tiene un atributo ALT vac\u00edo; su nombre de archivo es QR-2-1024x1024.jpg\"\/><figcaption class=\"wp-element-caption\">Taller de inform\u00e1tica , C\u00f3digo QR<\/figcaption><\/figure>\n\n\n\n<p id=\"block-60e1fef0-d2d3-42ac-8ca6-8daca32005fb\">Los alumnos de <strong>Taller de Arte<\/strong>, expusieron trabajos de investigaci\u00f3n sobre los diferentes cambios art\u00edsticos, pol\u00edticos, sociales, econ\u00f3micos y tecnol\u00f3gicos que acontecieron a finales del siglo XIX y principios del siglo XX.<\/p>\n\n\n\n<figure class=\"wp-block-image\" id=\"block-36b3ff1e-621d-4f64-b36e-a3421db80638\"><img decoding=\"async\" src=\"https:\/\/site.educa.madrid.org\/cepa.cidcampeador.madrid\/\/wp-content\/uploads\/cepa.cidcampeador.madrid\/2022\/06\/TA-1024x1024.jpeg\" alt=\"La imagen tiene un atributo ALT vac\u00edo; su nombre de archivo es TA-1024x1024.jpeg\"\/><\/figure>\n\n\n\n<p id=\"block-bbc680b6-6c5d-4f5c-88f6-c60d470e762a\">Parte de los trabajos del alumnado se encuentran expuestos en distintos espacios del centro.<\/p>\n\n\n\n<p id=\"block-fe8799f4-8e3f-434f-8446-15d83068b1c5\">Hay que destacar el estupendo trabajo realizado por el alumnado colaborando con sus profesoras y profesores en todo lo que se le propon\u00eda de forma consensuada y activa.<\/p>\n\n\n\n<p id=\"block-dea96a59-ee2e-44fb-9216-d6c5b054626c\">\u00a1\u00a1\u00a1<strong>ENHORABUENA<\/strong> a todo el profesorado y alumnado por vuestra colaboraci\u00f3n!!!<\/p>\n\n\n\n<figure class=\"wp-block-image\" id=\"block-2ad4c626-a9cb-4ff9-a54c-a30875c59f8c\"><img decoding=\"async\" src=\"https:\/\/site.educa.madrid.org\/cepa.cidcampeador.madrid\/\/wp-content\/uploads\/cepa.cidcampeador.madrid\/2022\/06\/The-end-1024x1024.jpeg\" alt=\"La imagen tiene un atributo ALT vac\u00edo; su nombre de archivo es The-end-1024x1024.jpeg\"\/><\/figure>\n","protected":false},"excerpt":{"rendered":"<p>(2021-2022) El d\u00eda 12 de mayo de 2022, en el CEPA CID Campeador, los alumnos\/as de Ense\u00f1anzas Iniciales, Educaci\u00f3n Secundaria, Historia del Arte e Inform\u00e1tica realizaron las exposiciones de sus trabajos de investigaci\u00f3n del Proyecto de Centro: Ventajas y Desventajas de la Modernidad, un proyecto interdisciplinar y multidireccional, en el que los alumnos son sus &hellip; <\/p>\n<p class=\"link-more\"><a href=\"https:\/\/site.educa.madrid.org\/cepa.cidcampeador.madrid\/index.php\/ventajas-y-desventajas-de-la-modernidad\/\" class=\"more-link\">Continuar leyendo<span class=\"screen-reader-text\"> \u00abVentajas y Desventajas de la Modernidad\u00bb<\/span><\/a><\/p>\n","protected":false},"author":2,"featured_media":0,"parent":0,"menu_order":0,"comment_status":"closed","ping_status":"closed","template":"","meta":{"footnotes":""},"folder":[],"class_list":["post-3771","page","type-page","status-publish","hentry"],"rttpg_featured_image_url":null,"rttpg_author":{"display_name":"tic.cepa.cidcampeador.madrid","author_link":"https:\/\/site.educa.madrid.org\/cepa.cidcampeador.madrid\/index.php\/author\/cuenta_tic-cepa-cidcampeador-madrid\/"},"rttpg_comment":0,"rttpg_category":false,"rttpg_excerpt":"(2021-2022) El d\u00eda 12 de mayo de 2022, en el CEPA CID Campeador, los alumnos\/as de Ense\u00f1anzas Iniciales, Educaci\u00f3n Secundaria, Historia del Arte e Inform\u00e1tica realizaron las exposiciones de sus trabajos de investigaci\u00f3n del Proyecto de Centro: Ventajas y Desventajas de la Modernidad, un proyecto interdisciplinar y multidireccional, en el que los alumnos son sus&hellip;","post_mailing_queue_ids":[],"_links":{"self":[{"href":"https:\/\/site.educa.madrid.org\/cepa.cidcampeador.madrid\/index.php\/wp-json\/wp\/v2\/pages\/3771","targetHints":{"allow":["GET"]}}],"collection":[{"href":"https:\/\/site.educa.madrid.org\/cepa.cidcampeador.madrid\/index.php\/wp-json\/wp\/v2\/pages"}],"about":[{"href":"https:\/\/site.educa.madrid.org\/cepa.cidcampeador.madrid\/index.php\/wp-json\/wp\/v2\/types\/page"}],"author":[{"embeddable":true,"href":"https:\/\/site.educa.madrid.org\/cepa.cidcampeador.madrid\/index.php\/wp-json\/wp\/v2\/users\/2"}],"replies":[{"embeddable":true,"href":"https:\/\/site.educa.madrid.org\/cepa.cidcampeador.madrid\/index.php\/wp-json\/wp\/v2\/comments?post=3771"}],"version-history":[{"count":5,"href":"https:\/\/site.educa.madrid.org\/cepa.cidcampeador.madrid\/index.php\/wp-json\/wp\/v2\/pages\/3771\/revisions"}],"predecessor-version":[{"id":5380,"href":"https:\/\/site.educa.madrid.org\/cepa.cidcampeador.madrid\/index.php\/wp-json\/wp\/v2\/pages\/3771\/revisions\/5380"}],"wp:attachment":[{"href":"https:\/\/site.educa.madrid.org\/cepa.cidcampeador.madrid\/index.php\/wp-json\/wp\/v2\/media?parent=3771"}],"wp:term":[{"taxonomy":"folder","embeddable":true,"href":"https:\/\/site.educa.madrid.org\/cepa.cidcampeador.madrid\/index.php\/wp-json\/wp\/v2\/folder?post=3771"}],"curies":[{"name":"wp","href":"https:\/\/api.w.org\/{rel}","templated":true}]}}