{"id":5383,"date":"2024-01-30T12:23:42","date_gmt":"2024-01-30T11:23:42","guid":{"rendered":"https:\/\/site.educa.madrid.org\/cepa.cidcampeador.madrid\/?page_id=5383"},"modified":"2024-04-21T18:35:00","modified_gmt":"2024-04-21T16:35:00","slug":"entretejiendo-memorias","status":"publish","type":"page","link":"https:\/\/site.educa.madrid.org\/cepa.cidcampeador.madrid\/index.php\/entretejiendo-memorias\/","title":{"rendered":"ApS Entretejiendo Memorias"},"content":{"rendered":"\n<p>(2023-2024)<\/p>\n\n\n\n<p>Proyecto de Aprendizaje y Servicios que se est\u00e1 realizando este curso.<\/p>\n\n\n\n<h1 class=\"wp-block-heading\"><strong>En el Centro de Mayores Margarita Salas<\/strong><\/h1>\n\n\n\n<p>El mi\u00e9rcoles 21 de febrero visitamos el <strong>Centro Municipal de Mayores Margarita Salas<\/strong> y los alumnos de Nivel I de Secundaria de la ma\u00f1ana y del Taller de Ampliaci\u00f3n Cultural del <strong>#CEPACidCampeador<\/strong> se transformaron en profesores ilustrados y contaron la historia del Madrid Medieval a los usuarios del centro. <\/p>\n\n\n\n<p>Los oyentes pudieron pasear por la parte m\u00e1s antigua de la ciudad a trav\u00e9s de planos dise\u00f1ados por el alumnado y jugar a un trivial de preguntas.<\/p>\n\n\n\n<p>Esta actividad est\u00e1 enmarcada dentro del <strong>Proyecto de Aprendizaje y Servicio<\/strong> <em><strong>Entretejiendo Memorias<\/strong><\/em>, que tiene el fin de promover el aprendizaje intergeneracional.<\/p>\n\n\n\n<p>Fue una experiencia muy significativa y emocionante para todos y todas.<\/p>\n\n\n\n<figure class=\"wp-block-video\"><video height=\"1920\" style=\"aspect-ratio: 1080 \/ 1920;\" width=\"1080\" controls src=\"https:\/\/site.educa.madrid.org\/cepa.cidcampeador.madrid\/\/wp-content\/uploads\/cepa.cidcampeador.madrid\/2024\/02\/1000023622.mp4\"><\/video><\/figure>\n\n\n\n<p><a href=\"https:\/\/cmmlatina.wordpress.com\/2024\/02\/22\/actividad-intergeneracional-con-el-cepa-cid-campeador-la-madrid-medieval\/\">As\u00ed lo vieron en el Centro de Mayores<\/a>.<\/p>\n\n\n<div class=\"wp-block-image\">\n<figure class=\"aligncenter size-full\"><a href=\"https:\/\/cmmlatina.wordpress.com\/2024\/02\/22\/actividad-intergeneracional-con-el-cepa-cid-campeador-la-madrid-medieval\/\"><img loading=\"lazy\" decoding=\"async\" width=\"332\" height=\"883\" src=\"https:\/\/site.educa.madrid.org\/cepa.cidcampeador.madrid\/\/wp-content\/uploads\/cepa.cidcampeador.madrid\/2024\/04\/image-1.png\" alt=\"\" class=\"wp-image-5916\" srcset=\"https:\/\/site.educa.madrid.org\/cepa.cidcampeador.madrid\/\/wp-content\/uploads\/cepa.cidcampeador.madrid\/2024\/04\/image-1.png 332w, https:\/\/site.educa.madrid.org\/cepa.cidcampeador.madrid\/\/wp-content\/uploads\/cepa.cidcampeador.madrid\/2024\/04\/image-1-113x300.png 113w\" sizes=\"auto, (max-width: 332px) 100vw, 332px\" \/><\/a><\/figure>\n<\/div>\n\n\n<h1 class=\"wp-block-heading\"><strong>En el Centro de Mayores Ciudad de M\u00e9xico<\/strong><\/h1>\n\n\n\n<p>Dentro de nuestro <strong><strong>proyecto de Aprendizaje y Servicio<\/strong> <em><strong>Entretejiendo Memorias<\/strong><\/em><\/strong>, el <strong>#CEPACidCAmpeador<\/strong> volvimos a encontrarnos con las personas mayores del entorno.<\/p>\n\n\n\n<p>El 7 de marzo visitamos el <strong>Centro de Mayores de Ciudad de M\u00e9xico<\/strong> y nos convertimos en periodistas que investigaban la historia y memoria del barrio.<\/p>\n\n\n\n<p>El testimonio oral para reconstruir un pasado de migraciones, ilusiones y esfuerzos.<\/p>\n\n\n\n<figure class=\"wp-block-video\"><video height=\"1920\" style=\"aspect-ratio: 1080 \/ 1920;\" width=\"1080\" controls src=\"https:\/\/site.educa.madrid.org\/cepa.cidcampeador.madrid\/\/wp-content\/uploads\/cepa.cidcampeador.madrid\/2024\/03\/ApS-en-Centro-Mayores-Ciudad-de-Mexico.mp4\"><\/video><\/figure>\n\n\n\n<p><a href=\"https:\/\/cmmlatina.wordpress.com\/2024\/03\/13\/actividad-intergeneracional-con-el-c-e-p-a-cid-campeador\/\">As\u00ed lo vivieron en el centro de Mayores Ciudad de M\u00e9xico<\/a>.<\/p>\n\n\n<div class=\"wp-block-image\">\n<figure class=\"aligncenter size-full\"><a href=\"https:\/\/cmmlatina.wordpress.com\/2024\/03\/13\/actividad-intergeneracional-con-el-c-e-p-a-cid-campeador\/\"><img loading=\"lazy\" decoding=\"async\" width=\"331\" height=\"876\" src=\"https:\/\/site.educa.madrid.org\/cepa.cidcampeador.madrid\/\/wp-content\/uploads\/cepa.cidcampeador.madrid\/2024\/04\/image.png\" alt=\"\" class=\"wp-image-5915\" srcset=\"https:\/\/site.educa.madrid.org\/cepa.cidcampeador.madrid\/\/wp-content\/uploads\/cepa.cidcampeador.madrid\/2024\/04\/image.png 331w, https:\/\/site.educa.madrid.org\/cepa.cidcampeador.madrid\/\/wp-content\/uploads\/cepa.cidcampeador.madrid\/2024\/04\/image-113x300.png 113w\" sizes=\"auto, (max-width: 331px) 100vw, 331px\" \/><\/a><\/figure>\n<\/div>\n\n\n<h1 class=\"wp-block-heading\"><strong>Escuchando<\/strong><\/h1>\n\n\n\n<p>Nuestros alumnos y alumnas le ponen voz a las <strong>historias de las personas mayores del barrio<\/strong>.<\/p>\n\n\n\n<figure class=\"wp-block-video\"><video height=\"478\" style=\"aspect-ratio: 848 \/ 478;\" width=\"848\" controls src=\"https:\/\/site.educa.madrid.org\/cepa.cidcampeador.madrid\/\/wp-content\/uploads\/cepa.cidcampeador.madrid\/2024\/04\/VID-20240406-WA0001.mp4\"><\/video><\/figure>\n\n\n\n<h2 class=\"wp-block-heading\"><strong>Rosquillas y Migas con chocolate <\/strong><\/h2>\n\n\n\n<figure class=\"wp-block-image size-large is-resized\"><img loading=\"lazy\" decoding=\"async\" src=\"https:\/\/site.educa.madrid.org\/cepa.cidcampeador.madrid\/\/wp-content\/uploads\/cepa.cidcampeador.madrid\/2024\/04\/1000029658-682x1024.png\" alt=\"\" class=\"wp-image-5942\" width=\"320\" height=\"480\" srcset=\"https:\/\/site.educa.madrid.org\/cepa.cidcampeador.madrid\/\/wp-content\/uploads\/cepa.cidcampeador.madrid\/2024\/04\/1000029658-682x1024.png 682w, https:\/\/site.educa.madrid.org\/cepa.cidcampeador.madrid\/\/wp-content\/uploads\/cepa.cidcampeador.madrid\/2024\/04\/1000029658-200x300.png 200w, https:\/\/site.educa.madrid.org\/cepa.cidcampeador.madrid\/\/wp-content\/uploads\/cepa.cidcampeador.madrid\/2024\/04\/1000029658-768x1152.png 768w, https:\/\/site.educa.madrid.org\/cepa.cidcampeador.madrid\/\/wp-content\/uploads\/cepa.cidcampeador.madrid\/2024\/04\/1000029658-1024x1536.png 1024w, https:\/\/site.educa.madrid.org\/cepa.cidcampeador.madrid\/\/wp-content\/uploads\/cepa.cidcampeador.madrid\/2024\/04\/1000029658.png 1333w\" sizes=\"auto, (max-width: 320px) 100vw, 320px\" \/><\/figure>\n\n\n\n<p>Como broche del <strong>Proyecto de Aprendizaje y Servicio <em>Entretejiendo Memorias<\/em><\/strong>, el alumnado participante de Secundaria y Ampliaci\u00f3n Cultural recibi\u00f3 ayer en el <strong>#CEPACidCampeador<\/strong> a los usuarios de los <strong>Centros de Mayores \u00abMargarita Salas\u00bb y \u00abCiudad de M\u00e9xico\u00bb<\/strong>, y les ofrecimos una merienda especial: rosquillas y migas con chocolate, recetas de las que nos hab\u00edan hablado los mayores en los encuentros anteriores.<\/p>\n\n\n\n<p>Agradecemos mucho las <a href=\"https:\/\/cmmlatina.wordpress.com\/2024\/04\/12\/visitamos-en-cepa-cid-campeador\/\">palabras que han publicado los Centros de Mayores de Latina<\/a> sobre la visita que nos hicieron.<\/p>\n\n\n<div class=\"wp-block-image\">\n<figure class=\"aligncenter size-large is-resized\"><a href=\"https:\/\/cmmlatina.wordpress.com\/2024\/04\/12\/visitamos-en-cepa-cid-campeador\/\"><img loading=\"lazy\" decoding=\"async\" src=\"https:\/\/site.educa.madrid.org\/cepa.cidcampeador.madrid\/\/wp-content\/uploads\/cepa.cidcampeador.madrid\/2024\/04\/1000031034-1-596x1024.png\" alt=\"\" class=\"wp-image-5979\" width=\"230\" height=\"394\" srcset=\"https:\/\/site.educa.madrid.org\/cepa.cidcampeador.madrid\/\/wp-content\/uploads\/cepa.cidcampeador.madrid\/2024\/04\/1000031034-1-596x1024.png 596w, https:\/\/site.educa.madrid.org\/cepa.cidcampeador.madrid\/\/wp-content\/uploads\/cepa.cidcampeador.madrid\/2024\/04\/1000031034-1-175x300.png 175w, https:\/\/site.educa.madrid.org\/cepa.cidcampeador.madrid\/\/wp-content\/uploads\/cepa.cidcampeador.madrid\/2024\/04\/1000031034-1-768x1318.png 768w, https:\/\/site.educa.madrid.org\/cepa.cidcampeador.madrid\/\/wp-content\/uploads\/cepa.cidcampeador.madrid\/2024\/04\/1000031034-1.png 798w\" sizes=\"auto, (max-width: 230px) 100vw, 230px\" \/><\/a><\/figure>\n<\/div>","protected":false},"excerpt":{"rendered":"<p>(2023-2024) Proyecto de Aprendizaje y Servicios que se est\u00e1 realizando este curso. En el Centro de Mayores Margarita Salas El mi\u00e9rcoles 21 de febrero visitamos el Centro Municipal de Mayores Margarita Salas y los alumnos de Nivel I de Secundaria de la ma\u00f1ana y del Taller de Ampliaci\u00f3n Cultural del #CEPACidCampeador se transformaron en profesores &hellip; <\/p>\n<p class=\"link-more\"><a href=\"https:\/\/site.educa.madrid.org\/cepa.cidcampeador.madrid\/index.php\/entretejiendo-memorias\/\" class=\"more-link\">Continuar leyendo<span class=\"screen-reader-text\"> \u00abApS Entretejiendo Memorias\u00bb<\/span><\/a><\/p>\n","protected":false},"author":3,"featured_media":0,"parent":0,"menu_order":0,"comment_status":"closed","ping_status":"closed","template":"","meta":{"footnotes":""},"folder":[],"class_list":["post-5383","page","type-page","status-publish","hentry"],"rttpg_featured_image_url":null,"rttpg_author":{"display_name":"cepa.cidcampeador.madrid","author_link":"https:\/\/site.educa.madrid.org\/cepa.cidcampeador.madrid\/index.php\/author\/cuenta_cepa-cidcampeador-madrid\/"},"rttpg_comment":0,"rttpg_category":false,"rttpg_excerpt":"(2023-2024) Proyecto de Aprendizaje y Servicios que se est\u00e1 realizando este curso. En el Centro de Mayores Margarita Salas El mi\u00e9rcoles 21 de febrero visitamos el Centro Municipal de Mayores Margarita Salas y los alumnos de Nivel I de Secundaria de la ma\u00f1ana y del Taller de Ampliaci\u00f3n Cultural del #CEPACidCampeador se transformaron en profesores&hellip;","post_mailing_queue_ids":[],"_links":{"self":[{"href":"https:\/\/site.educa.madrid.org\/cepa.cidcampeador.madrid\/index.php\/wp-json\/wp\/v2\/pages\/5383","targetHints":{"allow":["GET"]}}],"collection":[{"href":"https:\/\/site.educa.madrid.org\/cepa.cidcampeador.madrid\/index.php\/wp-json\/wp\/v2\/pages"}],"about":[{"href":"https:\/\/site.educa.madrid.org\/cepa.cidcampeador.madrid\/index.php\/wp-json\/wp\/v2\/types\/page"}],"author":[{"embeddable":true,"href":"https:\/\/site.educa.madrid.org\/cepa.cidcampeador.madrid\/index.php\/wp-json\/wp\/v2\/users\/3"}],"replies":[{"embeddable":true,"href":"https:\/\/site.educa.madrid.org\/cepa.cidcampeador.madrid\/index.php\/wp-json\/wp\/v2\/comments?post=5383"}],"version-history":[{"count":12,"href":"https:\/\/site.educa.madrid.org\/cepa.cidcampeador.madrid\/index.php\/wp-json\/wp\/v2\/pages\/5383\/revisions"}],"predecessor-version":[{"id":5980,"href":"https:\/\/site.educa.madrid.org\/cepa.cidcampeador.madrid\/index.php\/wp-json\/wp\/v2\/pages\/5383\/revisions\/5980"}],"wp:attachment":[{"href":"https:\/\/site.educa.madrid.org\/cepa.cidcampeador.madrid\/index.php\/wp-json\/wp\/v2\/media?parent=5383"}],"wp:term":[{"taxonomy":"folder","embeddable":true,"href":"https:\/\/site.educa.madrid.org\/cepa.cidcampeador.madrid\/index.php\/wp-json\/wp\/v2\/folder?post=5383"}],"curies":[{"name":"wp","href":"https:\/\/api.w.org\/{rel}","templated":true}]}}