{"id":5388,"date":"2024-01-30T12:34:32","date_gmt":"2024-01-30T11:34:32","guid":{"rendered":"https:\/\/site.educa.madrid.org\/cepa.cidcampeador.madrid\/?page_id=5388"},"modified":"2024-01-30T15:01:50","modified_gmt":"2024-01-30T14:01:50","slug":"5388-2","status":"publish","type":"page","link":"https:\/\/site.educa.madrid.org\/cepa.cidcampeador.madrid\/index.php\/5388-2\/","title":{"rendered":"L\u00edneas b\u00e1sicas del Proyecto Educativo"},"content":{"rendered":"\n<p>Desde la nueva directiva del CEPA Cid Campeador Las \u00c1guilas \u2013 Cuatro Vientos afrontamos esta nueva etapa del centro con gran ilusi\u00f3n y con la firme propuesta de hacer <strong><u>CRECER, ABRIR y FORTALECER<\/u><\/strong> el Cid.<\/p>\n\n\n\n<p><strong><u>CRECER<\/u><\/strong> en la oferta y calidad de nuestras ense\u00f1anzas, mejorando resultados y disminuyendo absentismo y abandono, para as\u00ed crecer en nuestra matr\u00edcula, contando con un proyecto educativo basado en la innovaci\u00f3n pedag\u00f3gica, la inclusi\u00f3n y la digitalizaci\u00f3n.<\/p>\n\n\n\n<p><strong><u>ABRIR<\/u><\/strong> nuestro centro al entorno y a la comunidad educativa, creando relaciones profundas y activas, incentivando la formaci\u00f3n continua, y haci\u00e9ndolo m\u00e1s sostenible y accesible para todos y todas.<\/p>\n\n\n\n<p><strong><u>FORTALECER<\/u><\/strong> el proyecto educativo con el cuidado integral de las personas, mejorando la convivencia, favoreciendo la adecuaci\u00f3n de los documentos de centro, as\u00ed como su seguimiento y evaluaci\u00f3n, y fomentando la participaci\u00f3n y una organizaci\u00f3n pr\u00e1ctica e inclusiva.<\/p>\n\n\n\n<figure class=\"wp-block-image size-full\"><img loading=\"lazy\" decoding=\"async\" width=\"870\" height=\"304\" src=\"https:\/\/site.educa.madrid.org\/cepa.cidcampeador.madrid\/\/wp-content\/uploads\/cepa.cidcampeador.madrid\/2024\/01\/image-2.png\" alt=\"\" class=\"wp-image-5391\" srcset=\"https:\/\/site.educa.madrid.org\/cepa.cidcampeador.madrid\/\/wp-content\/uploads\/cepa.cidcampeador.madrid\/2024\/01\/image-2.png 870w, https:\/\/site.educa.madrid.org\/cepa.cidcampeador.madrid\/\/wp-content\/uploads\/cepa.cidcampeador.madrid\/2024\/01\/image-2-300x105.png 300w, https:\/\/site.educa.madrid.org\/cepa.cidcampeador.madrid\/\/wp-content\/uploads\/cepa.cidcampeador.madrid\/2024\/01\/image-2-768x268.png 768w\" sizes=\"auto, (max-width: 767px) 89vw, (max-width: 1000px) 54vw, (max-width: 1071px) 543px, 580px\" \/><\/figure>\n\n\n\n<p>El Proyecto Educativo del CEPA Cid Campeador Las \u00c1guilas &#8211; Cuatro Vientos se fundamenta en una <strong>Educaci\u00f3n de Calidad<\/strong>, tal y como se estipula en los Objetivos de Desarrollo Sostenible de la ONU; esto es, una educaci\u00f3n inclusiva y equitativa, que promueva oportunidades de aprendizaje durante toda la vida para todos y todas.<\/p>\n\n\n\n<p>Tras esta idea fundamental se desarrolla el Proyecto Educativo a partir de <strong>seis l\u00edneas de actuaci\u00f3n<\/strong>:<\/p>\n\n\n\n<ol class=\"wp-block-list\" type=\"1\">\n<li><strong>Cuidado de las personas<\/strong> y atenci\u00f3n a la diversidad, creando un centro abierto e inclusivo donde llevar a cabo un aprendizaje significativo.<\/li>\n\n\n\n<li><strong>Organizaci\u00f3n<\/strong> del centro en estos dos ejes: participaci\u00f3n y coordinaci\u00f3n de la comunidad educativa; y actualizaci\u00f3n y seguimiento de los documentos de centro.<\/li>\n\n\n\n<li><strong>Innovaci\u00f3n<\/strong> aplicada a las metodolog\u00edas, a la sostenibilidad, a la organizaci\u00f3n y a la inclusi\u00f3n.<\/li>\n\n\n\n<li>Potenciaci\u00f3n de la <strong>sostenibilidad<\/strong> en la gesti\u00f3n del centro; y producci\u00f3n y consumo responsables.<\/li>\n\n\n\n<li>Creaci\u00f3n de <strong>emprendimiento<\/strong> e <strong>internacionalizaci\u00f3n<\/strong>.<\/li>\n\n\n\n<li><strong>Alianzas para lograr objetivos<\/strong>: creando relaciones activas y profundas con el barrio, con los \u00f3rganos institucionales y colegiados y con la comunidad educativa.<\/li>\n<\/ol>\n\n\n\n<p>Estas l\u00edneas con las que guiamos nuestro proyecto se materializan en un servicio activo hacia la comunidad educativa, un centro cercano donde todas y todos somos bienvenidos y donde acompa\u00f1amos al alumnado en su aprendizaje permanente.<\/p>\n","protected":false},"excerpt":{"rendered":"<p>Desde la nueva directiva del CEPA Cid Campeador Las \u00c1guilas \u2013 Cuatro Vientos afrontamos esta nueva etapa del centro con gran ilusi\u00f3n y con la firme propuesta de hacer CRECER, ABRIR y FORTALECER el Cid. CRECER en la oferta y calidad de nuestras ense\u00f1anzas, mejorando resultados y disminuyendo absentismo y abandono, para as\u00ed crecer en &hellip; <\/p>\n<p class=\"link-more\"><a href=\"https:\/\/site.educa.madrid.org\/cepa.cidcampeador.madrid\/index.php\/5388-2\/\" class=\"more-link\">Continuar leyendo<span class=\"screen-reader-text\"> \u00abL\u00edneas b\u00e1sicas del Proyecto Educativo\u00bb<\/span><\/a><\/p>\n","protected":false},"author":3,"featured_media":0,"parent":0,"menu_order":0,"comment_status":"closed","ping_status":"closed","template":"","meta":{"footnotes":""},"folder":[],"class_list":["post-5388","page","type-page","status-publish","hentry"],"rttpg_featured_image_url":null,"rttpg_author":{"display_name":"cepa.cidcampeador.madrid","author_link":"https:\/\/site.educa.madrid.org\/cepa.cidcampeador.madrid\/index.php\/author\/cuenta_cepa-cidcampeador-madrid\/"},"rttpg_comment":0,"rttpg_category":false,"rttpg_excerpt":"Desde la nueva directiva del CEPA Cid Campeador Las \u00c1guilas \u2013 Cuatro Vientos afrontamos esta nueva etapa del centro con gran ilusi\u00f3n y con la firme propuesta de hacer CRECER, ABRIR y FORTALECER el Cid. CRECER en la oferta y calidad de nuestras ense\u00f1anzas, mejorando resultados y disminuyendo absentismo y abandono, para as\u00ed crecer en&hellip;","post_mailing_queue_ids":[],"_links":{"self":[{"href":"https:\/\/site.educa.madrid.org\/cepa.cidcampeador.madrid\/index.php\/wp-json\/wp\/v2\/pages\/5388","targetHints":{"allow":["GET"]}}],"collection":[{"href":"https:\/\/site.educa.madrid.org\/cepa.cidcampeador.madrid\/index.php\/wp-json\/wp\/v2\/pages"}],"about":[{"href":"https:\/\/site.educa.madrid.org\/cepa.cidcampeador.madrid\/index.php\/wp-json\/wp\/v2\/types\/page"}],"author":[{"embeddable":true,"href":"https:\/\/site.educa.madrid.org\/cepa.cidcampeador.madrid\/index.php\/wp-json\/wp\/v2\/users\/3"}],"replies":[{"embeddable":true,"href":"https:\/\/site.educa.madrid.org\/cepa.cidcampeador.madrid\/index.php\/wp-json\/wp\/v2\/comments?post=5388"}],"version-history":[{"count":4,"href":"https:\/\/site.educa.madrid.org\/cepa.cidcampeador.madrid\/index.php\/wp-json\/wp\/v2\/pages\/5388\/revisions"}],"predecessor-version":[{"id":5393,"href":"https:\/\/site.educa.madrid.org\/cepa.cidcampeador.madrid\/index.php\/wp-json\/wp\/v2\/pages\/5388\/revisions\/5393"}],"wp:attachment":[{"href":"https:\/\/site.educa.madrid.org\/cepa.cidcampeador.madrid\/index.php\/wp-json\/wp\/v2\/media?parent=5388"}],"wp:term":[{"taxonomy":"folder","embeddable":true,"href":"https:\/\/site.educa.madrid.org\/cepa.cidcampeador.madrid\/index.php\/wp-json\/wp\/v2\/folder?post=5388"}],"curies":[{"name":"wp","href":"https:\/\/api.w.org\/{rel}","templated":true}]}}