{"id":7923,"date":"2025-09-14T13:33:10","date_gmt":"2025-09-14T11:33:10","guid":{"rendered":"https:\/\/site.educa.madrid.org\/cepa.cidcampeador.madrid\/?page_id=7923"},"modified":"2025-09-14T13:33:10","modified_gmt":"2025-09-14T11:33:10","slug":"escritura-creativa","status":"publish","type":"page","link":"https:\/\/site.educa.madrid.org\/cepa.cidcampeador.madrid\/index.php\/escritura-creativa\/","title":{"rendered":"Escritura Creativa"},"content":{"rendered":"\n<p>El prop\u00f3sito del Taller de Escritura Creativa es activar tu imaginaci\u00f3n creando historias y aprendiendo a plasmarlas por escrito; conocer t\u00e9cnicas para construir personajes que parezcan reales; escribir di\u00e1logos vivos y poemas capaces de conmover&#8230;<\/p>\n\n\n\n<p>\u00a1Comparte tus escritos y\u00a0mejora con las aportaciones de tus compa\u00f1eros!<\/p>\n","protected":false},"excerpt":{"rendered":"<p>El prop\u00f3sito del Taller de Escritura Creativa es activar tu imaginaci\u00f3n creando historias y aprendiendo a plasmarlas por escrito; conocer t\u00e9cnicas para construir personajes que parezcan reales; escribir di\u00e1logos vivos y poemas capaces de conmover&#8230; \u00a1Comparte tus escritos y\u00a0mejora con las aportaciones de tus compa\u00f1eros!<\/p>\n","protected":false},"author":3,"featured_media":0,"parent":0,"menu_order":0,"comment_status":"closed","ping_status":"closed","template":"","meta":{"footnotes":""},"folder":[],"class_list":["post-7923","page","type-page","status-publish","hentry"],"rttpg_featured_image_url":null,"rttpg_author":{"display_name":"cepa.cidcampeador.madrid","author_link":"https:\/\/site.educa.madrid.org\/cepa.cidcampeador.madrid\/index.php\/author\/cuenta_cepa-cidcampeador-madrid\/"},"rttpg_comment":0,"rttpg_category":false,"rttpg_excerpt":"El prop\u00f3sito del Taller de Escritura Creativa es activar tu imaginaci\u00f3n creando historias y aprendiendo a plasmarlas por escrito; conocer t\u00e9cnicas para construir personajes que parezcan reales; escribir di\u00e1logos vivos y poemas capaces de conmover&#8230; \u00a1Comparte tus escritos y\u00a0mejora con las aportaciones de tus compa\u00f1eros!","post_mailing_queue_ids":[],"_links":{"self":[{"href":"https:\/\/site.educa.madrid.org\/cepa.cidcampeador.madrid\/index.php\/wp-json\/wp\/v2\/pages\/7923","targetHints":{"allow":["GET"]}}],"collection":[{"href":"https:\/\/site.educa.madrid.org\/cepa.cidcampeador.madrid\/index.php\/wp-json\/wp\/v2\/pages"}],"about":[{"href":"https:\/\/site.educa.madrid.org\/cepa.cidcampeador.madrid\/index.php\/wp-json\/wp\/v2\/types\/page"}],"author":[{"embeddable":true,"href":"https:\/\/site.educa.madrid.org\/cepa.cidcampeador.madrid\/index.php\/wp-json\/wp\/v2\/users\/3"}],"replies":[{"embeddable":true,"href":"https:\/\/site.educa.madrid.org\/cepa.cidcampeador.madrid\/index.php\/wp-json\/wp\/v2\/comments?post=7923"}],"version-history":[{"count":1,"href":"https:\/\/site.educa.madrid.org\/cepa.cidcampeador.madrid\/index.php\/wp-json\/wp\/v2\/pages\/7923\/revisions"}],"predecessor-version":[{"id":7925,"href":"https:\/\/site.educa.madrid.org\/cepa.cidcampeador.madrid\/index.php\/wp-json\/wp\/v2\/pages\/7923\/revisions\/7925"}],"wp:attachment":[{"href":"https:\/\/site.educa.madrid.org\/cepa.cidcampeador.madrid\/index.php\/wp-json\/wp\/v2\/media?parent=7923"}],"wp:term":[{"taxonomy":"folder","embeddable":true,"href":"https:\/\/site.educa.madrid.org\/cepa.cidcampeador.madrid\/index.php\/wp-json\/wp\/v2\/folder?post=7923"}],"curies":[{"name":"wp","href":"https:\/\/api.w.org\/{rel}","templated":true}]}}