{"id":8357,"date":"2026-01-10T19:02:23","date_gmt":"2026-01-10T18:02:23","guid":{"rendered":"https:\/\/site.educa.madrid.org\/cepa.cidcampeador.madrid\/?page_id=8357"},"modified":"2026-01-10T19:39:03","modified_gmt":"2026-01-10T18:39:03","slug":"red-de-centros-de-capacitacion-digital-rccd","status":"publish","type":"page","link":"https:\/\/site.educa.madrid.org\/cepa.cidcampeador.madrid\/index.php\/red-de-centros-de-capacitacion-digital-rccd\/","title":{"rendered":"Red de Centros de Capacitaci\u00f3n Digital (RCCD)"},"content":{"rendered":"\n<pre class=\"wp-block-verse\">El <strong>CEPA Cid Campeador Las \u00c1guilas-Cuatro Vientos<\/strong> forma parte de la <strong><a href=\"https:\/\/www.comunidad.madrid\/servicios\/educacion\/red-centros-capacitacion-digital\">Red de Centros de Capacitaci\u00f3n Digital<\/a><\/strong> que permite a la ciudadan\u00eda formarse en competencias digitales transversales necesarias para desenvolverse en la sociedad digital en la que vivimos y en la que servicios esenciales como la banca, el acceso a las administraciones p\u00fablicas o el consumo se hace de forma telem\u00e1tica.<\/pre>\n\n\n\n<p><a href=\"https:\/\/www.comunidad.madrid\/transparencia\/informacion-institucional\/planes-programas\/plan-capacitacion-digital-ciudadanos-comunidad-madrid\">Plan de Capacitaci\u00f3n Digital para los ciudadanos de la Comunidad de Madrid 2022-2025<\/a><\/p>\n\n\n\n<figure class=\"wp-block-image size-full is-resized\"><a href=\"https:\/\/www.comunidad.madrid\/servicios\/educacion\/red-centros-capacitacion-digital\" target=\"_blank\" rel=\" noreferrer noopener\"><img loading=\"lazy\" decoding=\"async\" width=\"790\" height=\"398\" src=\"https:\/\/site.educa.madrid.org\/cepa.cidcampeador.madrid\/\/wp-content\/uploads\/cepa.cidcampeador.madrid\/2026\/01\/image-9.png\" alt=\"\" class=\"wp-image-8362\" style=\"width:642px;height:auto\" srcset=\"https:\/\/site.educa.madrid.org\/cepa.cidcampeador.madrid\/\/wp-content\/uploads\/cepa.cidcampeador.madrid\/2026\/01\/image-9.png 790w, https:\/\/site.educa.madrid.org\/cepa.cidcampeador.madrid\/\/wp-content\/uploads\/cepa.cidcampeador.madrid\/2026\/01\/image-9-300x151.png 300w, https:\/\/site.educa.madrid.org\/cepa.cidcampeador.madrid\/\/wp-content\/uploads\/cepa.cidcampeador.madrid\/2026\/01\/image-9-768x387.png 768w\" sizes=\"auto, (max-width: 767px) 89vw, (max-width: 1000px) 54vw, (max-width: 1071px) 543px, 580px\" \/><\/a><\/figure>\n","protected":false},"excerpt":{"rendered":"<p>El CEPA Cid Campeador Las \u00c1guilas-Cuatro Vientos forma parte de la Red de Centros de Capacitaci\u00f3n Digital que permite a la ciudadan\u00eda formarse en competencias digitales transversales necesarias para desenvolverse en la sociedad digital en la que vivimos y en la que servicios esenciales como la banca, el acceso a las administraciones p\u00fablicas o el &hellip; <\/p>\n<p class=\"link-more\"><a href=\"https:\/\/site.educa.madrid.org\/cepa.cidcampeador.madrid\/index.php\/red-de-centros-de-capacitacion-digital-rccd\/\" class=\"more-link\">Continuar leyendo<span class=\"screen-reader-text\"> \u00abRed de Centros de Capacitaci\u00f3n Digital (RCCD)\u00bb<\/span><\/a><\/p>\n","protected":false},"author":3,"featured_media":0,"parent":0,"menu_order":0,"comment_status":"closed","ping_status":"closed","template":"","meta":{"footnotes":""},"folder":[],"class_list":["post-8357","page","type-page","status-publish","hentry"],"rttpg_featured_image_url":null,"rttpg_author":{"display_name":"cepa.cidcampeador.madrid","author_link":"https:\/\/site.educa.madrid.org\/cepa.cidcampeador.madrid\/index.php\/author\/cuenta_cepa-cidcampeador-madrid\/"},"rttpg_comment":0,"rttpg_category":false,"rttpg_excerpt":"El CEPA Cid Campeador Las \u00c1guilas-Cuatro Vientos forma parte de la Red de Centros de Capacitaci\u00f3n Digital que permite a la ciudadan\u00eda formarse en competencias digitales transversales necesarias para desenvolverse en la sociedad digital en la que vivimos y en la que servicios esenciales como la banca, el acceso a las administraciones p\u00fablicas o el&hellip;","post_mailing_queue_ids":[],"_links":{"self":[{"href":"https:\/\/site.educa.madrid.org\/cepa.cidcampeador.madrid\/index.php\/wp-json\/wp\/v2\/pages\/8357","targetHints":{"allow":["GET"]}}],"collection":[{"href":"https:\/\/site.educa.madrid.org\/cepa.cidcampeador.madrid\/index.php\/wp-json\/wp\/v2\/pages"}],"about":[{"href":"https:\/\/site.educa.madrid.org\/cepa.cidcampeador.madrid\/index.php\/wp-json\/wp\/v2\/types\/page"}],"author":[{"embeddable":true,"href":"https:\/\/site.educa.madrid.org\/cepa.cidcampeador.madrid\/index.php\/wp-json\/wp\/v2\/users\/3"}],"replies":[{"embeddable":true,"href":"https:\/\/site.educa.madrid.org\/cepa.cidcampeador.madrid\/index.php\/wp-json\/wp\/v2\/comments?post=8357"}],"version-history":[{"count":3,"href":"https:\/\/site.educa.madrid.org\/cepa.cidcampeador.madrid\/index.php\/wp-json\/wp\/v2\/pages\/8357\/revisions"}],"predecessor-version":[{"id":8365,"href":"https:\/\/site.educa.madrid.org\/cepa.cidcampeador.madrid\/index.php\/wp-json\/wp\/v2\/pages\/8357\/revisions\/8365"}],"wp:attachment":[{"href":"https:\/\/site.educa.madrid.org\/cepa.cidcampeador.madrid\/index.php\/wp-json\/wp\/v2\/media?parent=8357"}],"wp:term":[{"taxonomy":"folder","embeddable":true,"href":"https:\/\/site.educa.madrid.org\/cepa.cidcampeador.madrid\/index.php\/wp-json\/wp\/v2\/folder?post=8357"}],"curies":[{"name":"wp","href":"https:\/\/api.w.org\/{rel}","templated":true}]}}