{"id":114,"date":"2020-11-09T10:34:32","date_gmt":"2020-11-09T10:34:32","guid":{"rendered":"https:\/\/site.educa.madrid.org\/cepa.vallecas.madrid\/?page_id=114"},"modified":"2026-05-06T16:25:06","modified_gmt":"2026-05-06T14:25:06","slug":"documentos-del-centro","status":"publish","type":"page","link":"https:\/\/site.educa.madrid.org\/cepa.vallecas.madrid\/index.php\/documentos-del-centro\/","title":{"rendered":"RENOVACI\u00d3N DE DIRECTORES"},"content":{"rendered":"\n<p><\/p>\n\n\n\n<h2 class=\"wp-block-heading has-medium-font-size\"><strong>CITACI\u00d3N PARA LA EXPOSICI\u00d3N Y DEFENSA DEL PROYECTO DE DIRECCI\u00d3N <a href=\"https:\/\/site.educa.madrid.org\/cepa.vallecas.madrid\/\/wp-content\/uploads\/cepa.vallecas.madrid\/2026\/05\/citaciondefensaPD.pdf\" target=\"_blank\" rel=\"noreferrer noopener\">ABRIR<\/a><\/strong><\/h2>\n\n\n\n<h2 class=\"wp-block-heading has-medium-font-size\"><strong>PROYECTO EDUCATIVO DE CENTRO <a href=\"https:\/\/site.educa.madrid.org\/cepa.vallecas.madrid\/\/wp-content\/uploads\/cepa.vallecas.madrid\/2025\/12\/PEC-vigente.pdf\" target=\"_blank\" rel=\"noreferrer noopener\">ABRIR<\/a><\/strong><\/h2>\n\n\n\n<h2 class=\"wp-block-heading has-medium-font-size\"><strong>PLAN DE CONVIVENCIA <a href=\"https:\/\/site.educa.madrid.org\/cepa.vallecas.madrid\/\/wp-content\/uploads\/cepa.vallecas.madrid\/2025\/10\/Plan-de-Convivencia-25-26.pdf\" target=\"_blank\" rel=\"noreferrer noopener\">ABRIR<\/a><\/strong><\/h2>\n\n\n\n<h2 class=\"wp-block-heading has-medium-font-size\"><strong>PLAN DIGITAL DE CENTRO <a href=\"https:\/\/site.educa.madrid.org\/cepa.vallecas.madrid\/\/wp-content\/uploads\/cepa.vallecas.madrid\/2025\/10\/PDC-2025-2026.pdf\" target=\"_blank\" rel=\"noreferrer noopener\">ABRIR<\/a><\/strong><\/h2>\n\n\n\n<h2 class=\"wp-block-heading has-medium-font-size\"><strong>PROGRAMACI\u00d3N GENERAL ANUAL <a href=\"https:\/\/site.educa.madrid.org\/cepa.vallecas.madrid\/\/wp-content\/uploads\/cepa.vallecas.madrid\/2025\/12\/PGA-CEPA-VALLECAS-25-26.pdf\" target=\"_blank\" rel=\"noreferrer noopener\">ABRIR<\/a><\/strong><\/h2>\n\n\n\n<h2 class=\"wp-block-heading has-medium-font-size\"><strong>MEMORIA ANUAL <a href=\"https:\/\/site.educa.madrid.org\/cepa.vallecas.madrid\/\/wp-content\/uploads\/cepa.vallecas.madrid\/2025\/12\/MEMORIA-CEPA-VALLECAS-24-25.pdf\" target=\"_blank\" rel=\"noreferrer noopener\">ABRIR<\/a><\/strong><\/h2>\n\n\n\n<h2 class=\"wp-block-heading has-medium-font-size\"><strong>PROYECTO DE PRESUPUESTO:<\/strong><\/h2>\n\n\n\n<p class=\"has-medium-font-size\">   -PRESUPUESTO DE INGRESOS <a href=\"https:\/\/site.educa.madrid.org\/cepa.vallecas.madrid\/\/wp-content\/uploads\/cepa.vallecas.madrid\/2025\/12\/Presupuesto-Ingresos.pdf\" target=\"_blank\" rel=\"noreferrer noopener\">ABRIR<\/a><\/p>\n\n\n\n<p class=\"has-medium-font-size\">   -PRESUPUESTO DE GASTOS <a href=\"https:\/\/site.educa.madrid.org\/cepa.vallecas.madrid\/\/wp-content\/uploads\/cepa.vallecas.madrid\/2025\/12\/Presupuesto-gastos.pdf\">ABRIR<\/a><\/p>\n\n\n\n<p><\/p>\n","protected":false},"excerpt":{"rendered":"<p>CITACI\u00d3N PARA LA EXPOSICI\u00d3N Y DEFENSA DEL PROYECTO DE DIRECCI\u00d3N ABRIR PROYECTO EDUCATIVO DE CENTRO ABRIR PLAN DE CONVIVENCIA ABRIR PLAN DIGITAL DE CENTRO ABRIR PROGRAMACI\u00d3N GENERAL ANUAL ABRIR MEMORIA ANUAL ABRIR PROYECTO DE PRESUPUESTO: -PRESUPUESTO DE INGRESOS ABRIR -PRESUPUESTO DE GASTOS ABRIR<\/p>\n","protected":false},"author":3,"featured_media":0,"parent":0,"menu_order":0,"comment_status":"closed","ping_status":"closed","template":"","meta":{"footnotes":""},"folder":[],"class_list":["post-114","page","type-page","status-publish","hentry"],"rttpg_featured_image_url":null,"rttpg_author":{"display_name":"cepa.vallecas.madrid","author_link":"https:\/\/site.educa.madrid.org\/cepa.vallecas.madrid\/index.php\/author\/cuenta_cepa-vallecas-madrid\/"},"rttpg_comment":0,"rttpg_category":false,"rttpg_excerpt":"CITACI\u00d3N PARA LA EXPOSICI\u00d3N Y DEFENSA DEL PROYECTO DE DIRECCI\u00d3N ABRIR PROYECTO EDUCATIVO DE CENTRO ABRIR PLAN DE CONVIVENCIA ABRIR PLAN DIGITAL DE CENTRO ABRIR PROGRAMACI\u00d3N GENERAL ANUAL ABRIR MEMORIA ANUAL ABRIR PROYECTO DE PRESUPUESTO: -PRESUPUESTO DE INGRESOS ABRIR -PRESUPUESTO DE GASTOS ABRIR","post_mailing_queue_ids":[],"_links":{"self":[{"href":"https:\/\/site.educa.madrid.org\/cepa.vallecas.madrid\/index.php\/wp-json\/wp\/v2\/pages\/114","targetHints":{"allow":["GET"]}}],"collection":[{"href":"https:\/\/site.educa.madrid.org\/cepa.vallecas.madrid\/index.php\/wp-json\/wp\/v2\/pages"}],"about":[{"href":"https:\/\/site.educa.madrid.org\/cepa.vallecas.madrid\/index.php\/wp-json\/wp\/v2\/types\/page"}],"author":[{"embeddable":true,"href":"https:\/\/site.educa.madrid.org\/cepa.vallecas.madrid\/index.php\/wp-json\/wp\/v2\/users\/3"}],"replies":[{"embeddable":true,"href":"https:\/\/site.educa.madrid.org\/cepa.vallecas.madrid\/index.php\/wp-json\/wp\/v2\/comments?post=114"}],"version-history":[{"count":29,"href":"https:\/\/site.educa.madrid.org\/cepa.vallecas.madrid\/index.php\/wp-json\/wp\/v2\/pages\/114\/revisions"}],"predecessor-version":[{"id":2847,"href":"https:\/\/site.educa.madrid.org\/cepa.vallecas.madrid\/index.php\/wp-json\/wp\/v2\/pages\/114\/revisions\/2847"}],"wp:attachment":[{"href":"https:\/\/site.educa.madrid.org\/cepa.vallecas.madrid\/index.php\/wp-json\/wp\/v2\/media?parent=114"}],"wp:term":[{"taxonomy":"folder","embeddable":true,"href":"https:\/\/site.educa.madrid.org\/cepa.vallecas.madrid\/index.php\/wp-json\/wp\/v2\/folder?post=114"}],"curies":[{"name":"wp","href":"https:\/\/api.w.org\/{rel}","templated":true}]}}