{"id":163,"date":"2020-11-09T10:46:06","date_gmt":"2020-11-09T10:46:06","guid":{"rendered":"https:\/\/site.educa.madrid.org\/cepa.vallecas.madrid\/?page_id=163"},"modified":"2025-09-10T20:44:17","modified_gmt":"2025-09-10T18:44:17","slug":"ingles","status":"publish","type":"page","link":"https:\/\/site.educa.madrid.org\/cepa.vallecas.madrid\/index.php\/ingles\/","title":{"rendered":"INGL\u00c9S"},"content":{"rendered":"\n<p>Contamos con dos niveles y tres grupos distintos:<\/p>\n\n\n\n<p><strong>NIVEL I o de Iniciaci\u00f3n<\/strong> &#8211; Un grupo en turno de ma\u00f1ana y otro en turno de tarde.<\/p>\n\n\n\n<p><strong>NIVEL II o Avanzado<\/strong> &#8211; Un grupo en turno de ma\u00f1ana.<\/p>\n\n\n\n<p>El acceso a Nivel II garantiza que el alumno ha aprobado el Nivel I previamente.<\/p>\n\n\n\n<ul class=\"wp-block-list\">\n<li>Cada grupo dispone de dos horas semanales, un d\u00eda a la semana.<\/li>\n\n\n\n<li>Profesor titulado en ingl\u00e9s.<\/li>\n\n\n\n<li>Matr\u00edcula gratuita.<\/li>\n\n\n\n<li>Comienzo de las clases en octubre y finalizan en junio.<\/li>\n\n\n\n<li>Materiales hechos por el propio Centro.<\/li>\n\n\n\n<li>Se prioriza la comprensi\u00f3n oral y la pr\u00e1ctica del idioma.<\/li>\n\n\n\n<li>Certificado final con el n\u00famero de horas y los contenidos del curso.<\/li>\n\n\n\n<li>Aprendizaje basado en el entorno social y cultural m\u00e1s cercano al alumno, apoy\u00e1ndonos en materiales audiovisuales.<\/li>\n<\/ul>\n","protected":false},"excerpt":{"rendered":"<p>Contamos con dos niveles y tres grupos distintos: NIVEL I o de Iniciaci\u00f3n &#8211; Un grupo en turno de ma\u00f1ana y otro en turno de tarde. NIVEL II o Avanzado &#8211; Un grupo en turno de ma\u00f1ana. El acceso a Nivel II garantiza que el alumno ha aprobado el Nivel I previamente.<\/p>\n","protected":false},"author":3,"featured_media":0,"parent":0,"menu_order":0,"comment_status":"closed","ping_status":"closed","template":"","meta":{"footnotes":""},"folder":[],"class_list":["post-163","page","type-page","status-publish","hentry"],"rttpg_featured_image_url":null,"rttpg_author":{"display_name":"cepa.vallecas.madrid","author_link":"https:\/\/site.educa.madrid.org\/cepa.vallecas.madrid\/index.php\/author\/cuenta_cepa-vallecas-madrid\/"},"rttpg_comment":0,"rttpg_category":false,"rttpg_excerpt":"Contamos con dos niveles y tres grupos distintos: NIVEL I o de Iniciaci\u00f3n &#8211; Un grupo en turno de ma\u00f1ana y otro en turno de tarde. NIVEL II o Avanzado &#8211; Un grupo en turno de ma\u00f1ana. El acceso a Nivel II garantiza que el alumno ha aprobado el Nivel I previamente.","post_mailing_queue_ids":[],"_links":{"self":[{"href":"https:\/\/site.educa.madrid.org\/cepa.vallecas.madrid\/index.php\/wp-json\/wp\/v2\/pages\/163","targetHints":{"allow":["GET"]}}],"collection":[{"href":"https:\/\/site.educa.madrid.org\/cepa.vallecas.madrid\/index.php\/wp-json\/wp\/v2\/pages"}],"about":[{"href":"https:\/\/site.educa.madrid.org\/cepa.vallecas.madrid\/index.php\/wp-json\/wp\/v2\/types\/page"}],"author":[{"embeddable":true,"href":"https:\/\/site.educa.madrid.org\/cepa.vallecas.madrid\/index.php\/wp-json\/wp\/v2\/users\/3"}],"replies":[{"embeddable":true,"href":"https:\/\/site.educa.madrid.org\/cepa.vallecas.madrid\/index.php\/wp-json\/wp\/v2\/comments?post=163"}],"version-history":[{"count":6,"href":"https:\/\/site.educa.madrid.org\/cepa.vallecas.madrid\/index.php\/wp-json\/wp\/v2\/pages\/163\/revisions"}],"predecessor-version":[{"id":2730,"href":"https:\/\/site.educa.madrid.org\/cepa.vallecas.madrid\/index.php\/wp-json\/wp\/v2\/pages\/163\/revisions\/2730"}],"wp:attachment":[{"href":"https:\/\/site.educa.madrid.org\/cepa.vallecas.madrid\/index.php\/wp-json\/wp\/v2\/media?parent=163"}],"wp:term":[{"taxonomy":"folder","embeddable":true,"href":"https:\/\/site.educa.madrid.org\/cepa.vallecas.madrid\/index.php\/wp-json\/wp\/v2\/folder?post=163"}],"curies":[{"name":"wp","href":"https:\/\/api.w.org\/{rel}","templated":true}]}}