{"id":291,"date":"2022-10-19T12:26:24","date_gmt":"2022-10-19T10:26:24","guid":{"rendered":"https:\/\/site.educa.madrid.org\/cepa.villaverde.madrid\/?page_id=291"},"modified":"2022-10-19T12:26:53","modified_gmt":"2022-10-19T10:26:53","slug":"premios","status":"publish","type":"page","link":"https:\/\/site.educa.madrid.org\/cepa.villaverde.madrid\/index.php\/premios\/","title":{"rendered":"Premios"},"content":{"rendered":"<style type='text\/css' media='all'>#rt-tpg-container-1440527287 .rt-holder .rt-woo-info .price{color:#0367bf;}body .rt-tpg-container .rt-tpg-isotope-buttons .selected,\n\t\t\t\t\t#rt-tpg-container-1440527287 .layout12 .rt-holder:hover .rt-detail,\n\t\t\t\t\t#rt-tpg-container-1440527287 .isotope8 .rt-holder:hover .rt-detail,\n\t\t\t\t\t#rt-tpg-container-1440527287 .carousel8 .rt-holder:hover .rt-detail,\n\t\t\t\t\t#rt-tpg-container-1440527287 .layout13 .rt-holder .overlay .post-info,\n\t\t\t\t\t#rt-tpg-container-1440527287 .isotope9 .rt-holder .overlay .post-info,\n\t\t\t\t\t#rt-tpg-container-1440527287.rt-tpg-container .layout4 .rt-holder .rt-detail,\n\t\t\t\t\t.rt-modal-1440527287 .md-content,\n\t\t\t\t\t.rt-modal-1440527287 .md-content > .rt-md-content-holder .rt-md-content,\n\t\t\t\t\t.rt-popup-wrap-1440527287.rt-popup-wrap .rt-popup-navigation-wrap,\n\t\t\t\t\t#rt-tpg-container-1440527287 .carousel9 .rt-holder .overlay .post-info{background-color:#0367bf;}#rt-tpg-container-1440527287 .layout5 .rt-holder .overlay, #rt-tpg-container-1440527287 .isotope2 .rt-holder .overlay, #rt-tpg-container-1440527287 .carousel2 .rt-holder .overlay,#rt-tpg-container-1440527287 .layout15 .rt-holder h3, #rt-tpg-container-1440527287 .isotope11 .rt-holder h3, #rt-tpg-container-1440527287 .carousel11 .rt-holder h3, #rt-tpg-container-1440527287 .layout16 .rt-holder h3,\n\t\t\t\t\t#rt-tpg-container-1440527287 .isotope12 .rt-holder h3, #rt-tpg-container-1440527287 .carousel12 .rt-holder h3 {background-color:rgba(3,103,191,0.8);}#rt-tpg-container-1440527287 .read-more a{border-radius:px;}#rt-tpg-container-1440527287 .rt-img-holder img.rt-img-responsive,#rt-tpg-container-1440527287 .rt-img-holder,\n\t\t\t\t\t#rt-tpg-container-1440527287 .rt-post-overlay .post-img,\n\t\t\t\t\t#rt-tpg-container-1440527287 .post-sm .post-img,\n\t\t\t\t\t#rt-tpg-container-1440527287 .rt-post-grid .post-img,\n\t\t\t\t\t#rt-tpg-container-1440527287 .post-img img {border-radius:px;}<\/style><div class='rt-container-fluid rt-tpg-container tpg-shortcode-main-wrapper ' id='rt-tpg-container-1440527287'   data-layout='layout1' data-grid-style='even' data-desktop-col='1'  data-tab-col='2'  data-mobile-col='3' data-sc-id='290'><div class=\"tpg-widget-heading-wrapper heading-style1 \"><span class=\"tpg-widget-heading-line line-left\"><\/span><h2 class=\"tpg-widget-heading\">Premios<\/h2><span class=\"tpg-widget-heading-line\"><\/span><\/div><div data-title='Loading ...' class='rt-row rt-content-loader   layout1 tpg-even '><div class=\"rt-col-md-12 rt-col-sm-6 rt-col-xs-4 even-grid-item rt-grid-item\" data-id=\"286\"><div class=\"rt-holder\"><div class='rt-detail'><h3 class=\"entry-title\"><a data-id=\"286\" class=\"\" href=\"https:\/\/site.educa.madrid.org\/cepa.villaverde.madrid\/index.php\/2022\/10\/10\/premio-miguel-hernandez-2018-mencion-especial-julian-sanz-del-rio\/\">Premio Miguel Hern\u00e1ndez 2018 menci\u00f3n especial Julian Sanz del R\u00edo<\/a><\/h3><div class='post-meta-user  '><span class='date'><i class='far fa-calendar-alt '><\/i>10 octubre, 2022<\/span><\/div><div class='tpg-excerpt'>El art\u00edculo completo del proyecto \u00abMomentos Vivenciales en el CEPA Villaverde\u00bb se encuentra en la&#8230;<\/div><div class='post-meta '><span class='read-more'><a data-id='286' class='' href='https:\/\/site.educa.madrid.org\/cepa.villaverde.madrid\/index.php\/2022\/10\/10\/premio-miguel-hernandez-2018-mencion-especial-julian-sanz-del-rio\/'>Leer m\u00e1s<\/a><\/span><\/div><\/div><\/div><\/div><div class=\"rt-col-md-12 rt-col-sm-6 rt-col-xs-4 even-grid-item rt-grid-item\" data-id=\"295\"><div class=\"rt-holder\"><div class='rt-detail'><h3 class=\"entry-title\"><a data-id=\"295\" class=\"\" href=\"https:\/\/site.educa.madrid.org\/cepa.villaverde.madrid\/index.php\/2022\/10\/10\/experiencia-de-aprendizaje-con-tecnologia-de-realidad-aumentada\/\">Experiencia de Aprendizaje con Tecnolog\u00eda de Realidad Aumentada<\/a><\/h3><div class='post-meta-user  '><span class='date'><i class='far fa-calendar-alt '><\/i>10 octubre, 2022<\/span><\/div><div class='tpg-excerpt'>Premio a la Innovaci\u00f3n Educativa en TIC&nbsp;por EDUTEC en 2016 EDUTEC es una Asociaci\u00f3n para&#8230;<\/div><div class='post-meta '><span class='read-more'><a data-id='295' class='' href='https:\/\/site.educa.madrid.org\/cepa.villaverde.madrid\/index.php\/2022\/10\/10\/experiencia-de-aprendizaje-con-tecnologia-de-realidad-aumentada\/'>Leer m\u00e1s<\/a><\/span><\/div><\/div><\/div><\/div><div class=\"rt-col-md-12 rt-col-sm-6 rt-col-xs-4 even-grid-item rt-grid-item\" data-id=\"298\"><div class=\"rt-holder\"><div class='rt-detail'><h3 class=\"entry-title\"><a data-id=\"298\" class=\"\" href=\"https:\/\/site.educa.madrid.org\/cepa.villaverde.madrid\/index.php\/2022\/10\/10\/remio-a-las-mejores-experiencias-en-orientacion-educativa-aula-2016-por-la-feria-del-estudiante-y-la-asociacion-de-orientacion-y-educacion-de-madrid-miembro-de-copoe\/\">Premio a las Mejores Experiencias en Orientaci\u00f3n Educativa \u2013AULA 2016, por la Feria del Estudiante y la Asociaci\u00f3n de Orientaci\u00f3n y Educaci\u00f3n de Madrid (miembro de COPOE)<\/a><\/h3><div class='post-meta-user  '><span class='date'><i class='far fa-calendar-alt '><\/i>10 octubre, 2022<\/span><\/div><div class='tpg-excerpt'>Pincha&nbsp;aqu\u00ed Finalidad del programa formativo en Inteligencia Emocional&#8230;<\/div><div class='post-meta '><span class='read-more'><a data-id='298' class='' href='https:\/\/site.educa.madrid.org\/cepa.villaverde.madrid\/index.php\/2022\/10\/10\/remio-a-las-mejores-experiencias-en-orientacion-educativa-aula-2016-por-la-feria-del-estudiante-y-la-asociacion-de-orientacion-y-educacion-de-madrid-miembro-de-copoe\/'>Leer m\u00e1s<\/a><\/span><\/div><\/div><\/div><\/div><\/div><div class='rt-pagination-wrap' data-total-pages='2' data-posts-per-page='3' data-type='pagination'  ><div class=\"rt-pagination\" ><ul class=\"pagination-list\"><li class=\"active\"><span>1<\/span><\/li><li><a data-paged='2' href='https:\/\/site.educa.madrid.org\/cepa.villaverde.madrid\/index.php\/wp-json\/wp\/v2\/pages\/291\/page\/2\/'>2<\/a><\/li><\/ul><\/div><\/div><\/div>","protected":false},"excerpt":{"rendered":"","protected":false},"author":2,"featured_media":0,"parent":0,"menu_order":0,"comment_status":"closed","ping_status":"closed","template":"","meta":{"footnotes":""},"folder":[],"class_list":["post-291","page","type-page","status-publish","hentry"],"rttpg_featured_image_url":null,"rttpg_author":{"display_name":"tic.cepa.villaverde.madrid","author_link":"https:\/\/site.educa.madrid.org\/cepa.villaverde.madrid\/index.php\/author\/cuenta_tic-cepa-villaverde-madrid\/"},"rttpg_comment":0,"rttpg_category":false,"rttpg_excerpt":null,"post_mailing_queue_ids":[],"_links":{"self":[{"href":"https:\/\/site.educa.madrid.org\/cepa.villaverde.madrid\/index.php\/wp-json\/wp\/v2\/pages\/291","targetHints":{"allow":["GET"]}}],"collection":[{"href":"https:\/\/site.educa.madrid.org\/cepa.villaverde.madrid\/index.php\/wp-json\/wp\/v2\/pages"}],"about":[{"href":"https:\/\/site.educa.madrid.org\/cepa.villaverde.madrid\/index.php\/wp-json\/wp\/v2\/types\/page"}],"author":[{"embeddable":true,"href":"https:\/\/site.educa.madrid.org\/cepa.villaverde.madrid\/index.php\/wp-json\/wp\/v2\/users\/2"}],"replies":[{"embeddable":true,"href":"https:\/\/site.educa.madrid.org\/cepa.villaverde.madrid\/index.php\/wp-json\/wp\/v2\/comments?post=291"}],"version-history":[{"count":2,"href":"https:\/\/site.educa.madrid.org\/cepa.villaverde.madrid\/index.php\/wp-json\/wp\/v2\/pages\/291\/revisions"}],"predecessor-version":[{"id":293,"href":"https:\/\/site.educa.madrid.org\/cepa.villaverde.madrid\/index.php\/wp-json\/wp\/v2\/pages\/291\/revisions\/293"}],"wp:attachment":[{"href":"https:\/\/site.educa.madrid.org\/cepa.villaverde.madrid\/index.php\/wp-json\/wp\/v2\/media?parent=291"}],"wp:term":[{"taxonomy":"folder","embeddable":true,"href":"https:\/\/site.educa.madrid.org\/cepa.villaverde.madrid\/index.php\/wp-json\/wp\/v2\/folder?post=291"}],"curies":[{"name":"wp","href":"https:\/\/api.w.org\/{rel}","templated":true}]}}

<style type='text/css' media='all'>#rt-tpg-container-1440527287 .rt-holder .rt-woo-info .price{color:#0367bf;}body .rt-tpg-container .rt-tpg-isotope-buttons .selected,
					#rt-tpg-container-1440527287 .layout12 .rt-holder:hover .rt-detail,
					#rt-tpg-container-1440527287 .isotope8 .rt-holder:hover .rt-detail,
					#rt-tpg-container-1440527287 .carousel8 .rt-holder:hover .rt-detail,
					#rt-tpg-container-1440527287 .layout13 .rt-holder .overlay .post-info,
					#rt-tpg-container-1440527287 .isotope9 .rt-holder .overlay .post-info,
					#rt-tpg-container-1440527287.rt-tpg-container .layout4 .rt-holder .rt-detail,
					.rt-modal-1440527287 .md-content,
					.rt-modal-1440527287 .md-content > .rt-md-content-holder .rt-md-content,
					.rt-popup-wrap-1440527287.rt-popup-wrap .rt-popup-navigation-wrap,
					#rt-tpg-container-1440527287 .carousel9 .rt-holder .overlay .post-info{background-color:#0367bf;}#rt-tpg-container-1440527287 .layout5 .rt-holder .overlay, #rt-tpg-container-1440527287 .isotope2 .rt-holder .overlay, #rt-tpg-container-1440527287 .carousel2 .rt-holder .overlay,#rt-tpg-container-1440527287 .layout15 .rt-holder h3, #rt-tpg-container-1440527287 .isotope11 .rt-holder h3, #rt-tpg-container-1440527287 .carousel11 .rt-holder h3, #rt-tpg-container-1440527287 .layout16 .rt-holder h3,
					#rt-tpg-container-1440527287 .isotope12 .rt-holder h3, #rt-tpg-container-1440527287 .carousel12 .rt-holder h3 {background-color:rgba(3,103,191,0.8);}#rt-tpg-container-1440527287 .read-more a{border-radius:px;}#rt-tpg-container-1440527287 .rt-img-holder img.rt-img-responsive,#rt-tpg-container-1440527287 .rt-img-holder,
					#rt-tpg-container-1440527287 .rt-post-overlay .post-img,
					#rt-tpg-container-1440527287 .post-sm .post-img,
					#rt-tpg-container-1440527287 .rt-post-grid .post-img,
					#rt-tpg-container-1440527287 .post-img img {border-radius:px;}</style><div class='rt-container-fluid rt-tpg-container tpg-shortcode-main-wrapper ' id='rt-tpg-container-1440527287'   data-layout='layout1' data-grid-style='even' data-desktop-col='1'  data-tab-col='2'  data-mobile-col='3' data-sc-id='290'><div class="tpg-widget-heading-wrapper heading-style1 "><span class="tpg-widget-heading-line line-left"></span><h2 class="tpg-widget-heading">Premios</h2><span class="tpg-widget-heading-line"></span></div><div data-title='Loading ...' class='rt-row rt-content-loader   layout1 tpg-even '><div class="rt-col-md-12 rt-col-sm-6 rt-col-xs-4 even-grid-item rt-grid-item" data-id="286"><div class="rt-holder"><div class='rt-detail'><h3 class="entry-title"><a data-id="286" class="" href="https://site.educa.madrid.org/cepa.villaverde.madrid/index.php/2022/10/10/premio-miguel-hernandez-2018-mencion-especial-julian-sanz-del-rio/">Premio Miguel Hernández 2018 mención especial Julian Sanz del Río</a></h3><div class='post-meta-user  '><span class='date'><i class='far fa-calendar-alt '></i>10 octubre, 2022</span></div><div class='tpg-excerpt'>El artículo completo del proyecto «Momentos Vivenciales en el CEPA Villaverde» se encuentra en la&#8230;</div><div class='post-meta '><span class='read-more'><a data-id='286' class='' href='https://site.educa.madrid.org/cepa.villaverde.madrid/index.php/2022/10/10/premio-miguel-hernandez-2018-mencion-especial-julian-sanz-del-rio/'>Leer más</a></span></div></div></div></div><div class="rt-col-md-12 rt-col-sm-6 rt-col-xs-4 even-grid-item rt-grid-item" data-id="295"><div class="rt-holder"><div class='rt-detail'><h3 class="entry-title"><a data-id="295" class="" href="https://site.educa.madrid.org/cepa.villaverde.madrid/index.php/2022/10/10/experiencia-de-aprendizaje-con-tecnologia-de-realidad-aumentada/">Experiencia de Aprendizaje con Tecnología de Realidad Aumentada</a></h3><div class='post-meta-user  '><span class='date'><i class='far fa-calendar-alt '></i>10 octubre, 2022</span></div><div class='tpg-excerpt'>Premio a la Innovación Educativa en TIC&nbsp;por EDUTEC en 2016 EDUTEC es una Asociación para&#8230;</div><div class='post-meta '><span class='read-more'><a data-id='295' class='' href='https://site.educa.madrid.org/cepa.villaverde.madrid/index.php/2022/10/10/experiencia-de-aprendizaje-con-tecnologia-de-realidad-aumentada/'>Leer más</a></span></div></div></div></div><div class="rt-col-md-12 rt-col-sm-6 rt-col-xs-4 even-grid-item rt-grid-item" data-id="298"><div class="rt-holder"><div class='rt-detail'><h3 class="entry-title"><a data-id="298" class="" href="https://site.educa.madrid.org/cepa.villaverde.madrid/index.php/2022/10/10/remio-a-las-mejores-experiencias-en-orientacion-educativa-aula-2016-por-la-feria-del-estudiante-y-la-asociacion-de-orientacion-y-educacion-de-madrid-miembro-de-copoe/">Premio a las Mejores Experiencias en Orientación Educativa –AULA 2016, por la Feria del Estudiante y la Asociación de Orientación y Educación de Madrid (miembro de COPOE)</a></h3><div class='post-meta-user  '><span class='date'><i class='far fa-calendar-alt '></i>10 octubre, 2022</span></div><div class='tpg-excerpt'>Pincha&nbsp;aquí Finalidad del programa formativo en Inteligencia Emocional&#8230;</div><div class='post-meta '><span class='read-more'><a data-id='298' class='' href='https://site.educa.madrid.org/cepa.villaverde.madrid/index.php/2022/10/10/remio-a-las-mejores-experiencias-en-orientacion-educativa-aula-2016-por-la-feria-del-estudiante-y-la-asociacion-de-orientacion-y-educacion-de-madrid-miembro-de-copoe/'>Leer más</a></span></div></div></div></div></div><div class='rt-pagination-wrap' data-total-pages='2' data-posts-per-page='3' data-type='pagination'  ><div class="rt-pagination" ><ul class="pagination-list"><li class="active"><span>1</span></li><li><a data-paged='2' href='https://site.educa.madrid.org/cepa.villaverde.madrid/index.php/wp-json/wp/v2/pages/291/page/2/'>2</a></li></ul></div></div></div>
