{"id":1081,"date":"2023-12-05T12:43:08","date_gmt":"2023-12-05T11:43:08","guid":{"rendered":"https:\/\/site.educa.madrid.org\/cifp.federicamontseny.fuenlabrada\/?page_id=1081"},"modified":"2024-10-16T11:02:00","modified_gmt":"2024-10-16T09:02:00","slug":"informacion-general-erasmus","status":"publish","type":"page","link":"https:\/\/site.educa.madrid.org\/cifp.federicamontseny.fuenlabrada\/index.php\/programas-y-proyectos\/erasmus\/informacion-general-erasmus\/","title":{"rendered":"Informaci\u00f3n General Erasmus+"},"content":{"rendered":"\n<h3 class=\"wp-block-heading\">Suplementos al Europass y programas formativos biling\u00fces por ciclo <\/h3>\n\n\n\n<figure class=\"wp-block-table\"><table><tbody><tr><td><strong>CICLO FORMATIVO<\/strong><\/td><td><strong>Suplemento Europass espa\u00f1ol<\/strong><\/td><td><strong>Suplemento Europass ingl\u00e9s<\/strong><\/td><td><strong>Programa formativo biling\u00fce<\/strong><\/td><\/tr><tr><td>T\u00e9cnico Gesti\u00f3n Administrativa<\/td><td><a href=\"https:\/\/site.educa.madrid.org\/cifp.federicamontseny.fuenlabrada\/\/wp-content\/uploads\/cifp.federicamontseny.fuenlabrada\/2023\/12\/Suplemento-Europass-al-Titulo-Tecnico-en-Gestion-Administrativa.pdf\" data-type=\"attachment\" data-id=\"1054\" target=\"_blank\" rel=\"noreferrer noopener\">Descarga<\/a><\/td><td><a href=\"https:\/\/site.educa.madrid.org\/cifp.federicamontseny.fuenlabrada\/\/wp-content\/uploads\/cifp.federicamontseny.fuenlabrada\/2023\/12\/Technician-in-Administrative-Management-Europass-Certificate-Supplement.pdf\" data-type=\"attachment\" data-id=\"1045\" target=\"_blank\" rel=\"noreferrer noopener\">Download<\/a><\/td><td><a href=\"https:\/\/site.educa.madrid.org\/cifp.federicamontseny.fuenlabrada\/\/wp-content\/uploads\/cifp.federicamontseny.fuenlabrada\/2023\/12\/IES-FEDERICA-MONTSENY-Training-Programme-Administrative-Management.pdf\" data-type=\"attachment\" data-id=\"1038\" target=\"_blank\" rel=\"noreferrer noopener\">Descarga\/Download<\/a><\/td><\/tr><tr><td>T\u00e9cnico Actividades Comerciales<\/td><td><a href=\"https:\/\/site.educa.madrid.org\/cifp.federicamontseny.fuenlabrada\/\/wp-content\/uploads\/cifp.federicamontseny.fuenlabrada\/2023\/12\/Suplemento-Europass-al-Titulo-Tecnico-en-Actividades-Comerciales.pdf\" data-type=\"attachment\" data-id=\"1053\" target=\"_blank\" rel=\"noreferrer noopener\">Descarga<\/a><\/td><td><a href=\"https:\/\/site.educa.madrid.org\/cifp.federicamontseny.fuenlabrada\/\/wp-content\/uploads\/cifp.federicamontseny.fuenlabrada\/2023\/12\/Technician-in-Commercial-Activities-Europass-Certificate-Supplement.pdf\" data-type=\"attachment\" data-id=\"1044\" target=\"_blank\" rel=\"noreferrer noopener\">Download<\/a><\/td><td><a href=\"https:\/\/site.educa.madrid.org\/cifp.federicamontseny.fuenlabrada\/\/wp-content\/uploads\/cifp.federicamontseny.fuenlabrada\/2023\/12\/IES-FEDERICA-MONTSENY-Training-Programme-Commercial-Activities.pdf\" data-type=\"attachment\" data-id=\"1037\" target=\"_blank\" rel=\"noreferrer noopener\">Descarga\/Download<\/a><\/td><\/tr><tr><td>T\u00e9cnico Superior Asistencia a la Direcci\u00f3n<\/td><td><a href=\"https:\/\/site.educa.madrid.org\/cifp.federicamontseny.fuenlabrada\/\/wp-content\/uploads\/cifp.federicamontseny.fuenlabrada\/2023\/12\/Suplemento-Europass-al-Titulo-Tecnico-Superior-en-Asistencia-a-la-Direccion.pdf\" data-type=\"attachment\" data-id=\"1055\" target=\"_blank\" rel=\"noreferrer noopener\">Descarga<\/a><\/td><td><a href=\"https:\/\/site.educa.madrid.org\/cifp.federicamontseny.fuenlabrada\/\/wp-content\/uploads\/cifp.federicamontseny.fuenlabrada\/2023\/12\/Higher-Technician-in-Office-Director-Assistance-Europass-Certificate-Supplement.pdf\" data-type=\"attachment\" data-id=\"1046\" target=\"_blank\" rel=\"noreferrer noopener\">Download<\/a><\/td><td>Descarga\/Download<\/td><\/tr><tr><td>T\u00e9cnico Superior Administraci\u00f3n y Finanzas<\/td><td><a href=\"https:\/\/site.educa.madrid.org\/cifp.federicamontseny.fuenlabrada\/\/wp-content\/uploads\/cifp.federicamontseny.fuenlabrada\/2023\/12\/Suplemento-Europass-al-Titulo-Tecnico-Superior-en-Administracion-y-Finanzas.pdf\" data-type=\"attachment\" data-id=\"1049\" target=\"_blank\" rel=\"noreferrer noopener\">Descarga<\/a><\/td><td><a href=\"https:\/\/site.educa.madrid.org\/cifp.federicamontseny.fuenlabrada\/\/wp-content\/uploads\/cifp.federicamontseny.fuenlabrada\/2023\/12\/Europass-Certificate-Supplement-Higher-Technician-in-Administration-and-Finance.pdf\" data-type=\"attachment\" data-id=\"1040\" target=\"_blank\" rel=\"noreferrer noopener\">Download<\/a><\/td><td><a href=\"https:\/\/site.educa.madrid.org\/cifp.federicamontseny.fuenlabrada\/\/wp-content\/uploads\/cifp.federicamontseny.fuenlabrada\/2023\/12\/IES-FEDERICA-MONTSENY-Training-Programme-Administration-Finance.pdf\" data-type=\"attachment\" data-id=\"1033\" target=\"_blank\" rel=\"noreferrer noopener\">Descarga\/Download<\/a><\/td><\/tr><tr><td>T\u00e9cnico Superior Comercio Internacional<\/td><td><a href=\"https:\/\/site.educa.madrid.org\/cifp.federicamontseny.fuenlabrada\/\/wp-content\/uploads\/cifp.federicamontseny.fuenlabrada\/2023\/12\/Suplemento-Europass-al-Titulo-Tecnico-Superior-en-Comercio-Internacional.pdf\" data-type=\"attachment\" data-id=\"1048\" target=\"_blank\" rel=\"noreferrer noopener\">Descarga<\/a><\/td><td><a href=\"https:\/\/site.educa.madrid.org\/cifp.federicamontseny.fuenlabrada\/\/wp-content\/uploads\/cifp.federicamontseny.fuenlabrada\/2023\/12\/Europass-Certificate-Supplement-Higher-Technician-in-International-Trade.pdf\" data-type=\"attachment\" data-id=\"1043\" target=\"_blank\" rel=\"noreferrer noopener\">Download<\/a><\/td><td><a href=\"https:\/\/site.educa.madrid.org\/cifp.federicamontseny.fuenlabrada\/\/wp-content\/uploads\/cifp.federicamontseny.fuenlabrada\/2023\/12\/IES-FEDERICA-MONTSENY-Training-Programme-International-Trade.pdf\" data-type=\"attachment\" data-id=\"1036\" target=\"_blank\" rel=\"noreferrer noopener\">Descarga\/Download<\/a><\/td><\/tr><tr><td>T\u00e9cnico Superior Desarrollo Aplicaciones Multiplataforma<\/td><td><a href=\"https:\/\/site.educa.madrid.org\/cifp.federicamontseny.fuenlabrada\/\/wp-content\/uploads\/cifp.federicamontseny.fuenlabrada\/2023\/12\/Suplemento-Europass-al-TA_tulo-TA\u00a9cnico-Superior-en-Desarrollo-de-Aplicaciones-Multiplataforma.pdf\" data-type=\"attachment\" data-id=\"1051\" target=\"_blank\" rel=\"noreferrer noopener\">Descarga<\/a><\/td><td><a href=\"https:\/\/site.educa.madrid.org\/cifp.federicamontseny.fuenlabrada\/\/wp-content\/uploads\/cifp.federicamontseny.fuenlabrada\/2023\/12\/Europass-Certificate-Supplement-Higher-Technician-in-Multi-platform-Applications-Development.pdf\" data-type=\"attachment\" data-id=\"1042\" target=\"_blank\" rel=\"noreferrer noopener\">Download<\/a><\/td><td><a href=\"https:\/\/site.educa.madrid.org\/cifp.federicamontseny.fuenlabrada\/\/wp-content\/uploads\/cifp.federicamontseny.fuenlabrada\/2023\/12\/IES-FEDERICA-MONTSENY-Training-Programme-International-Trade.pdf\" data-type=\"attachment\" data-id=\"1036\" target=\"_blank\" rel=\"noreferrer noopener\">Descarga\/Download<\/a><\/td><\/tr><tr><td>T\u00e9cnico Superior Marketing y Publicidad<\/td><td><a href=\"https:\/\/site.educa.madrid.org\/cifp.federicamontseny.fuenlabrada\/\/wp-content\/uploads\/cifp.federicamontseny.fuenlabrada\/2023\/12\/Suplemento-Europass-al-Titulo-Tecnico-Superior-en-Marketing-y-Publicidad.pdf\" data-type=\"attachment\" data-id=\"1047\">Descarga<\/a><\/td><td><a href=\"https:\/\/site.educa.madrid.org\/cifp.federicamontseny.fuenlabrada\/\/wp-content\/uploads\/cifp.federicamontseny.fuenlabrada\/2023\/12\/Europass-Certificate-Supplement-Higher-Technician-in-Marketing-and-Advertising.pdf\" data-type=\"attachment\" data-id=\"1039\" target=\"_blank\" rel=\"noreferrer noopener\">Download<\/a><\/td><td><a href=\"https:\/\/site.educa.madrid.org\/cifp.federicamontseny.fuenlabrada\/\/wp-content\/uploads\/cifp.federicamontseny.fuenlabrada\/2023\/12\/IES-FEDERICA-MONTSENY-Training-Programme-Marketing-Advertising.pdf\" data-type=\"attachment\" data-id=\"1034\" target=\"_blank\" rel=\"noreferrer noopener\">Descarga\/Download<\/a><\/td><\/tr><tr><td>T\u00e9cnico Superior Gesti\u00f3n de Ventas y Espacios Comerciales<\/td><td><a href=\"https:\/\/site.educa.madrid.org\/cifp.federicamontseny.fuenlabrada\/\/wp-content\/uploads\/cifp.federicamontseny.fuenlabrada\/2023\/12\/Suplemento-Europass-al-Titulo-Tecnico-Superior-en-Gestion-de-Ventas-y-Espacios-Comerciales.pdf\" data-type=\"attachment\" data-id=\"1050\" target=\"_blank\" rel=\"noreferrer noopener\">Descarga<\/a><\/td><td><a href=\"https:\/\/site.educa.madrid.org\/cifp.federicamontseny.fuenlabrada\/\/wp-content\/uploads\/cifp.federicamontseny.fuenlabrada\/2023\/12\/Higher-Technician-in-Sales-Management-and-Commercial-Spaces-Europass-Certificate-Supplement.pdf\" data-type=\"attachment\" data-id=\"1041\" target=\"_blank\" rel=\"noreferrer noopener\">Download<\/a><\/td><td><a href=\"https:\/\/site.educa.madrid.org\/cifp.federicamontseny.fuenlabrada\/\/wp-content\/uploads\/cifp.federicamontseny.fuenlabrada\/2024\/10\/IES-FEDERICA-MONTSENY-Training-Programme-Sales-Retail-Space-Management.pdf\" target=\"_blank\" rel=\"noreferrer noopener\">Descarga\/Download<\/a><\/td><\/tr><tr><td>T\u00e9cnico Superior Transporte y Log\u00edstica<\/td><td><a href=\"https:\/\/site.educa.madrid.org\/cifp.federicamontseny.fuenlabrada\/\/wp-content\/uploads\/cifp.federicamontseny.fuenlabrada\/2023\/12\/Suplemento-Europass-al-TA_tulo-TA\u00a9cnico-Superior-en-Transporte-y-LogA_stica.pdf\" data-type=\"attachment\" data-id=\"1052\" target=\"_blank\" rel=\"noreferrer noopener\">Descarga<\/a><\/td><td><a href=\"https:\/\/site.educa.madrid.org\/cifp.federicamontseny.fuenlabrada\/\/wp-content\/uploads\/cifp.federicamontseny.fuenlabrada\/2024\/10\/Higher-Techncician-in-Transports-and-Logistics-Europass-Certificate-Supplement.pdf\" target=\"_blank\" rel=\"noreferrer noopener\">Download<\/a><\/td><td><a href=\"https:\/\/site.educa.madrid.org\/cifp.federicamontseny.fuenlabrada\/\/wp-content\/uploads\/cifp.federicamontseny.fuenlabrada\/2023\/12\/IES-FEDERICA-MONTSENY-Training-Programme-Transport-Logistics.pdf\" data-type=\"attachment\" data-id=\"1035\" target=\"_blank\" rel=\"noreferrer noopener\">Descarga\/Download<\/a><\/td><\/tr><\/tbody><\/table><\/figure>\n\n\n\t\t\t<!-- Flexy Breadcrumb -->\n\t\t\t<div class=\"fbc fbc-page\">\n\n\t\t\t\t<!-- Breadcrumb wrapper -->\n\t\t\t\t<div class=\"fbc-wrap\">\n\n\t\t\t\t\t<!-- Ordered list-->\n\t\t\t\t\t<ol class=\"fbc-items\" itemscope itemtype=\"https:\/\/schema.org\/BreadcrumbList\">\n\t\t\t\t\t\t            <li itemprop=\"itemListElement\" itemscope itemtype=\"https:\/\/schema.org\/ListItem\">\n                <span itemprop=\"name\">\n                    <!-- Home Link -->\n                    <a itemprop=\"item\" href=\"https:\/\/site.educa.madrid.org\/cifp.federicamontseny.fuenlabrada\">\n                    \n                                                    <i class=\"fa fa fa-home\" aria-hidden=\"true\"><\/i>C.I.F.P. Federica Montseny                    <\/a>\n                <\/span>\n                <meta itemprop=\"position\" content=\"1\" \/><!-- Meta Position-->\n             <\/li><li><span class=\"fbc-separator\">\/<\/span><\/li><li class=\"active\" itemprop=\"itemListElement\" itemscope itemtype=\"https:\/\/schema.org\/ListItem\"><span itemprop=\"name\" title=\"Informaci\u00f3n General Erasmus+\">Informaci\u00f3n General Erasmus+<\/span><meta itemprop=\"position\" content=\"2\" \/><\/li>\t\t\t\t\t<\/ol>\n\t\t\t\t\t<div class=\"clearfix\"><\/div>\n\t\t\t\t<\/div>\n\t\t\t<\/div>\n\t\t\t\n","protected":false},"excerpt":{"rendered":"<p>Suplementos al Europass y programas formativos biling\u00fces por ciclo CICLO FORMATIVO Suplemento Europass espa\u00f1ol Suplemento Europass ingl\u00e9s Programa formativo biling\u00fce T\u00e9cnico Gesti\u00f3n Administrativa Descarga Download Descarga\/Download T\u00e9cnico Actividades Comerciales Descarga Download Descarga\/Download T\u00e9cnico Superior Asistencia a la Direcci\u00f3n Descarga Download Descarga\/Download T\u00e9cnico Superior Administraci\u00f3n y Finanzas Descarga Download Descarga\/Download T\u00e9cnico Superior Comercio Internacional Descarga Download [&hellip;]<\/p>\n","protected":false},"author":3,"featured_media":0,"parent":953,"menu_order":0,"comment_status":"closed","ping_status":"closed","template":"","meta":{"footnotes":""},"folder":[49],"class_list":["post-1081","page","type-page","status-publish","hentry"],"rttpg_featured_image_url":null,"rttpg_author":{"display_name":"cifp.federicamontseny.fuenlabrada","author_link":"https:\/\/site.educa.madrid.org\/cifp.federicamontseny.fuenlabrada\/index.php\/author\/cuenta_cifp-federicamontseny-fuenlabrada\/"},"rttpg_comment":0,"rttpg_category":" <a href=\"https:\/\/site.educa.madrid.org\/cifp.federicamontseny.fuenlabrada\/?taxonomy=folder&#038;term=proyectos-1702459385-3\" rel=\"tag\">Proyectos<\/a>","rttpg_excerpt":"Suplementos al Europass y programas formativos biling\u00fces por ciclo CICLO FORMATIVO Suplemento Europass espa\u00f1ol Suplemento Europass ingl\u00e9s Programa formativo biling\u00fce T\u00e9cnico Gesti\u00f3n Administrativa Descarga Download Descarga\/Download T\u00e9cnico Actividades Comerciales Descarga Download Descarga\/Download T\u00e9cnico Superior Asistencia a la Direcci\u00f3n Descarga Download Descarga\/Download T\u00e9cnico Superior Administraci\u00f3n y Finanzas Descarga Download Descarga\/Download T\u00e9cnico Superior Comercio Internacional Descarga Download&hellip;","post_mailing_queue_ids":[],"_links":{"self":[{"href":"https:\/\/site.educa.madrid.org\/cifp.federicamontseny.fuenlabrada\/index.php\/wp-json\/wp\/v2\/pages\/1081","targetHints":{"allow":["GET"]}}],"collection":[{"href":"https:\/\/site.educa.madrid.org\/cifp.federicamontseny.fuenlabrada\/index.php\/wp-json\/wp\/v2\/pages"}],"about":[{"href":"https:\/\/site.educa.madrid.org\/cifp.federicamontseny.fuenlabrada\/index.php\/wp-json\/wp\/v2\/types\/page"}],"author":[{"embeddable":true,"href":"https:\/\/site.educa.madrid.org\/cifp.federicamontseny.fuenlabrada\/index.php\/wp-json\/wp\/v2\/users\/3"}],"replies":[{"embeddable":true,"href":"https:\/\/site.educa.madrid.org\/cifp.federicamontseny.fuenlabrada\/index.php\/wp-json\/wp\/v2\/comments?post=1081"}],"version-history":[{"count":6,"href":"https:\/\/site.educa.madrid.org\/cifp.federicamontseny.fuenlabrada\/index.php\/wp-json\/wp\/v2\/pages\/1081\/revisions"}],"predecessor-version":[{"id":2492,"href":"https:\/\/site.educa.madrid.org\/cifp.federicamontseny.fuenlabrada\/index.php\/wp-json\/wp\/v2\/pages\/1081\/revisions\/2492"}],"up":[{"embeddable":true,"href":"https:\/\/site.educa.madrid.org\/cifp.federicamontseny.fuenlabrada\/index.php\/wp-json\/wp\/v2\/pages\/953"}],"wp:attachment":[{"href":"https:\/\/site.educa.madrid.org\/cifp.federicamontseny.fuenlabrada\/index.php\/wp-json\/wp\/v2\/media?parent=1081"}],"wp:term":[{"taxonomy":"folder","embeddable":true,"href":"https:\/\/site.educa.madrid.org\/cifp.federicamontseny.fuenlabrada\/index.php\/wp-json\/wp\/v2\/folder?post=1081"}],"curies":[{"name":"wp","href":"https:\/\/api.w.org\/{rel}","templated":true}]}}