{"id":1128,"date":"2023-12-05T18:23:03","date_gmt":"2023-12-05T17:23:03","guid":{"rendered":"https:\/\/site.educa.madrid.org\/cifp.federicamontseny.fuenlabrada\/?page_id=1128"},"modified":"2026-04-13T14:13:08","modified_gmt":"2026-04-13T12:13:08","slug":"admision","status":"publish","type":"page","link":"https:\/\/site.educa.madrid.org\/cifp.federicamontseny.fuenlabrada\/index.php\/secretaria-2\/tramites-matricula\/admision\/","title":{"rendered":"Admisi\u00f3n"},"content":{"rendered":"\n<h2 class=\"wp-block-heading\">Septiembre 2025\/2026<\/h2>\n\n\n\n<h4 class=\"wp-block-heading\">Vacantes Grado Superior<\/h4>\n\n\n\n<div style=\"height:35px\" aria-hidden=\"true\" class=\"wp-block-spacer\"><\/div>\n\n\n\n<h4 class=\"wp-block-heading\">Vacantes Grado Medio<\/h4>\n\n\n\n<ul class=\"wp-block-list\"><\/ul>\n\n\n\n<ul class=\"wp-block-list\"><\/ul>\n\n\n\n<hr class=\"wp-block-separator alignfull has-alpha-channel-opacity\"\/>\n\n\n\n<div class=\"wp-block-columns is-layout-flex wp-container-core-columns-is-layout-9d6595d7 wp-block-columns-is-layout-flex\">\n<div class=\"wp-block-column is-layout-flow wp-block-column-is-layout-flow\" style=\"flex-basis:66.66%\">\n<div style=\"height:46px\" aria-hidden=\"true\" class=\"wp-block-spacer\"><\/div>\n\n\n\n<p>Las solicitudes de admisi\u00f3n de alumnos para el curso 2025\/2026 ser\u00e1n presentadas con car\u00e1cter general por v\u00eda telem\u00e1tica, y ser\u00e1n dirigidas al primer centro incluido en la solicitud. Para la presentaci\u00f3n de solicitudes por v\u00eda telem\u00e1tica los solicitantes utilizar\u00e1n la <a href=\"https:\/\/raices.madrid.org\/secretariavirtual\" target=\"_blank\" rel=\"noreferrer noopener\">Secretar\u00eda Virtual<\/a> de la aplicaci\u00f3n Ra\u00edces, que ser\u00e1 accesible a trav\u00e9s de la p\u00e1gina web de la Comunidad de Madrid. En aquellos casos en los que el solicitante no pueda presentar la solicitud de admisi\u00f3n por v\u00eda telem\u00e1tica, podr\u00e1 hacerlo en el centro educativo incluido en primer lugar en la misma.<\/p>\n\n\n\n<div style=\"height:35px\" aria-hidden=\"true\" class=\"wp-block-spacer\"><\/div>\n\n\n\n<p><a rel=\"noreferrer noopener\" href=\"https:\/\/site.educa.madrid.org\/cifp.federicamontseny.fuenlabrada\/\/wp-content\/uploads\/cifp.federicamontseny.fuenlabrada\/2024\/06\/OFERTA-EDUCATIVA-DEL-CIFP-FEDERICA-MONTSENY.pdf\" target=\"_blank\">Oferta educativa del C.I.F.P. Federica Montseny<\/a>.<\/p>\n\n\n\n<p><\/p>\n\n\n\n<div style=\"height:44px\" aria-hidden=\"true\" class=\"wp-block-spacer\"><\/div>\n\n\n\n<p><strong>Para solicitar las vacantes de SEGUNDO o TERCERO, en caso de ciclos equivalentes, se deber\u00e1 presentar una solicitud en la Secretar\u00eda del CIFP Federica Montseny, de forma presencial.<\/strong><\/p>\n<\/div>\n\n\n\n<div class=\"wp-block-column is-layout-flow wp-block-column-is-layout-flow\" style=\"flex-basis:33.33%\">\n<h2 class=\"wp-block-heading\"><\/h2>\n\n\n\n<h2 class=\"wp-block-heading\">PROCESO ADMISI\u00d3N 1\u00ba<\/h2>\n\n\n\n<p><\/p>\n\n\n\n<p><\/p>\n\n\n\n<p><\/p>\n\n\n\n<p><a href=\"https:\/\/site.educa.madrid.org\/cifp.federicamontseny.fuenlabrada\/\/wp-content\/uploads\/cifp.federicamontseny.fuenlabrada\/2025\/06\/ESQUEMA-ADMISION-Ciclos-Formativos-FP-2025-2026.pdf\" data-type=\"link\" data-id=\"https:\/\/site.educa.madrid.org\/cifp.federicamontseny.fuenlabrada\/\/wp-content\/uploads\/cifp.federicamontseny.fuenlabrada\/2025\/06\/ESQUEMA-ADMISION-Ciclos-Formativos-FP-2025-2026.pdf\" target=\"_blank\" rel=\"noreferrer noopener\">Calendario global de todo el proceso de admisi\u00f3n 2025-2026<\/a><\/p>\n\n\n\n<p><a href=\"https:\/\/www.comunidad.madrid\/sites\/default\/files\/doc\/educacion\/fp\/2025_05_26_instrucciones_admision_gb_25_26_vf_copia.pdf\" target=\"_blank\" rel=\"noreferrer noopener\">Instrucciones proceso admisi\u00f3n Grado B\u00e1sico Comunidad de Madrid<\/a><\/p>\n\n\n\n<p><a href=\"https:\/\/www.comunidad.madrid\/sites\/default\/files\/doc\/educacion\/fp\/2025_05_26_instrucciones_admision_cfgm_25-26_vf_copia.pdf\" target=\"_blank\" rel=\"noreferrer noopener\">Instrucciones proceso admisi\u00f3n Grado medio Comunidad de Madrid<\/a><\/p>\n\n\n\n<p><a href=\"https:\/\/www.comunidad.madrid\/sites\/default\/files\/doc\/educacion\/fp\/2025_05_26_instrucciones_admision_cfgs_25_26_vf_copia.pdf\" target=\"_blank\" rel=\"noreferrer noopener\">Instrucciones proceso admisi\u00f3n Grado Superior Comunidad de Madrid<\/a><\/p>\n\n\n\n<p><a href=\"https:\/\/site.educa.madrid.org\/cifp.federicamontseny.fuenlabrada\/\/wp-content\/uploads\/cifp.federicamontseny.fuenlabrada\/2025\/06\/Oferta-FP-Grado-basico-Madrid.pdf\" target=\"_blank\" rel=\"noreferrer noopener\">Oferta Comunidad de Madrid Grado B\u00e1sico<\/a><\/p>\n\n\n\n<p><a href=\"https:\/\/site.educa.madrid.org\/cifp.federicamontseny.fuenlabrada\/\/wp-content\/uploads\/cifp.federicamontseny.fuenlabrada\/2025\/06\/Oferta-FP-Grado-medio-Madrid.pdf\" target=\"_blank\" rel=\"noreferrer noopener\">Oferta Comunidad de Madrid Grado Medio<\/a><\/p>\n\n\n\n<p><a href=\"https:\/\/site.educa.madrid.org\/cifp.federicamontseny.fuenlabrada\/\/wp-content\/uploads\/cifp.federicamontseny.fuenlabrada\/2025\/06\/Oferta-FP-Grado-superior-Madrid.pdf\" target=\"_blank\" rel=\"noreferrer noopener\">Oferta Comunidad de Madrid Grado Superior<\/a><\/p>\n\n\n\n<div style=\"height:100px\" aria-hidden=\"true\" class=\"wp-block-spacer\"><\/div>\n\n\n\n<h3 class=\"wp-block-heading\">Acceso a 2\u00ba o 3\u00ba de alumnos con ciclo equivalentes<\/h3>\n\n\n\n<p><\/p>\n\n\n\n<h3 class=\"wp-block-heading has-medium-font-size\"><a href=\"https:\/\/site.educa.madrid.org\/cifp.federicamontseny.fuenlabrada\/\/wp-content\/uploads\/cifp.federicamontseny.fuenlabrada\/2025\/06\/EQUIVALENCIAS-ENTRE-CICLOS-FORMATIVOS-PLAZOS-Y-PRIORIDAD.pdf\" target=\"_blank\" rel=\"noreferrer noopener\">Instrucciones y Equivalencias entre ciclos Grado Superior e instrucciones<\/a><\/h3>\n\n\n\n<h4 class=\"wp-block-heading\"><\/h4>\n\n\n\n<div style=\"height:53px\" aria-hidden=\"true\" class=\"wp-block-spacer\"><\/div>\n<\/div>\n<\/div>\n\n\n\n<p><\/p>\n","protected":false},"excerpt":{"rendered":"<p>Septiembre 2025\/2026 Vacantes Grado Superior Vacantes Grado Medio Las solicitudes de admisi\u00f3n de alumnos para el curso 2025\/2026 ser\u00e1n presentadas con car\u00e1cter general por v\u00eda telem\u00e1tica, y ser\u00e1n dirigidas al primer centro incluido en la solicitud. Para la presentaci\u00f3n de solicitudes por v\u00eda telem\u00e1tica los solicitantes utilizar\u00e1n la Secretar\u00eda Virtual de la aplicaci\u00f3n Ra\u00edces, que [&hellip;]<\/p>\n","protected":false},"author":3,"featured_media":0,"parent":1168,"menu_order":0,"comment_status":"closed","ping_status":"closed","template":"","meta":{"footnotes":""},"folder":[18],"class_list":["post-1128","page","type-page","status-publish","hentry"],"rttpg_featured_image_url":null,"rttpg_author":{"display_name":"cifp.federicamontseny.fuenlabrada","author_link":"https:\/\/site.educa.madrid.org\/cifp.federicamontseny.fuenlabrada\/index.php\/author\/cuenta_cifp-federicamontseny-fuenlabrada\/"},"rttpg_comment":0,"rttpg_category":" <a href=\"https:\/\/site.educa.madrid.org\/cifp.federicamontseny.fuenlabrada\/?taxonomy=folder&#038;term=secretaria-1701083573-3\" rel=\"tag\">Secretar\u00eda<\/a>","rttpg_excerpt":"Septiembre 2025\/2026 Vacantes Grado Superior Vacantes Grado Medio Las solicitudes de admisi\u00f3n de alumnos para el curso 2025\/2026 ser\u00e1n presentadas con car\u00e1cter general por v\u00eda telem\u00e1tica, y ser\u00e1n dirigidas al primer centro incluido en la solicitud. Para la presentaci\u00f3n de solicitudes por v\u00eda telem\u00e1tica los solicitantes utilizar\u00e1n la Secretar\u00eda Virtual de la aplicaci\u00f3n Ra\u00edces, que&hellip;","post_mailing_queue_ids":[],"_links":{"self":[{"href":"https:\/\/site.educa.madrid.org\/cifp.federicamontseny.fuenlabrada\/index.php\/wp-json\/wp\/v2\/pages\/1128","targetHints":{"allow":["GET"]}}],"collection":[{"href":"https:\/\/site.educa.madrid.org\/cifp.federicamontseny.fuenlabrada\/index.php\/wp-json\/wp\/v2\/pages"}],"about":[{"href":"https:\/\/site.educa.madrid.org\/cifp.federicamontseny.fuenlabrada\/index.php\/wp-json\/wp\/v2\/types\/page"}],"author":[{"embeddable":true,"href":"https:\/\/site.educa.madrid.org\/cifp.federicamontseny.fuenlabrada\/index.php\/wp-json\/wp\/v2\/users\/3"}],"replies":[{"embeddable":true,"href":"https:\/\/site.educa.madrid.org\/cifp.federicamontseny.fuenlabrada\/index.php\/wp-json\/wp\/v2\/comments?post=1128"}],"version-history":[{"count":50,"href":"https:\/\/site.educa.madrid.org\/cifp.federicamontseny.fuenlabrada\/index.php\/wp-json\/wp\/v2\/pages\/1128\/revisions"}],"predecessor-version":[{"id":3692,"href":"https:\/\/site.educa.madrid.org\/cifp.federicamontseny.fuenlabrada\/index.php\/wp-json\/wp\/v2\/pages\/1128\/revisions\/3692"}],"up":[{"embeddable":true,"href":"https:\/\/site.educa.madrid.org\/cifp.federicamontseny.fuenlabrada\/index.php\/wp-json\/wp\/v2\/pages\/1168"}],"wp:attachment":[{"href":"https:\/\/site.educa.madrid.org\/cifp.federicamontseny.fuenlabrada\/index.php\/wp-json\/wp\/v2\/media?parent=1128"}],"wp:term":[{"taxonomy":"folder","embeddable":true,"href":"https:\/\/site.educa.madrid.org\/cifp.federicamontseny.fuenlabrada\/index.php\/wp-json\/wp\/v2\/folder?post=1128"}],"curies":[{"name":"wp","href":"https:\/\/api.w.org\/{rel}","templated":true}]}}