{"id":2473,"date":"2024-09-22T10:24:07","date_gmt":"2024-09-22T08:24:07","guid":{"rendered":"https:\/\/site.educa.madrid.org\/cifp.federicamontseny.fuenlabrada\/?page_id=2473"},"modified":"2025-09-26T11:13:00","modified_gmt":"2025-09-26T09:13:00","slug":"empleo","status":"publish","type":"page","link":"https:\/\/site.educa.madrid.org\/cifp.federicamontseny.fuenlabrada\/index.php\/empleo\/","title":{"rendered":"Empleo"},"content":{"rendered":"\n<p>Este centro, como Centro integrado de Formaci\u00f3n Profesional oferta cursos de formaci\u00f3n para personas que quieran reincorporarse al sistema formativo y formarse en alguna competencia profesional.<\/p>\n\n\n\n<ul class=\"wp-block-list\">\n<li>Los cursos est\u00e1n dirigidos prioritariamente a personas desempleadas, que deber\u00e1n estar inscritas en su oficina de empleo con la demanda en alta.<\/li>\n\n\n\n<li>Todos los cursos se publicitar\u00e1n en esta web.<\/li>\n<\/ul>\n\n\n\n<p>Actualmente se ofertan los siguientes: <\/p>\n\n\n\n<figure class=\"wp-block-image size-large\"><img loading=\"lazy\" decoding=\"async\" width=\"1024\" height=\"1024\" src=\"https:\/\/site.educa.madrid.org\/cifp.federicamontseny.fuenlabrada\/\/wp-content\/uploads\/cifp.federicamontseny.fuenlabrada\/2025\/09\/Excel_20octubre_12nov_Adm25-1-1024x1024.jpg\" alt=\"\" class=\"wp-image-3537\" srcset=\"https:\/\/site.educa.madrid.org\/cifp.federicamontseny.fuenlabrada\/\/wp-content\/uploads\/cifp.federicamontseny.fuenlabrada\/2025\/09\/Excel_20octubre_12nov_Adm25-1-1024x1024.jpg 1024w, https:\/\/site.educa.madrid.org\/cifp.federicamontseny.fuenlabrada\/\/wp-content\/uploads\/cifp.federicamontseny.fuenlabrada\/2025\/09\/Excel_20octubre_12nov_Adm25-1-300x300.jpg 300w, https:\/\/site.educa.madrid.org\/cifp.federicamontseny.fuenlabrada\/\/wp-content\/uploads\/cifp.federicamontseny.fuenlabrada\/2025\/09\/Excel_20octubre_12nov_Adm25-1-150x150.jpg 150w, https:\/\/site.educa.madrid.org\/cifp.federicamontseny.fuenlabrada\/\/wp-content\/uploads\/cifp.federicamontseny.fuenlabrada\/2025\/09\/Excel_20octubre_12nov_Adm25-1-768x768.jpg 768w, https:\/\/site.educa.madrid.org\/cifp.federicamontseny.fuenlabrada\/\/wp-content\/uploads\/cifp.federicamontseny.fuenlabrada\/2025\/09\/Excel_20octubre_12nov_Adm25-1-500x500.jpg 500w, https:\/\/site.educa.madrid.org\/cifp.federicamontseny.fuenlabrada\/\/wp-content\/uploads\/cifp.federicamontseny.fuenlabrada\/2025\/09\/Excel_20octubre_12nov_Adm25-1.jpg 1080w\" sizes=\"auto, (max-width: 1024px) 100vw, 1024px\" \/><\/figure>\n\n\n\n<figure class=\"wp-block-image size-large\"><img loading=\"lazy\" decoding=\"async\" width=\"1024\" height=\"1024\" src=\"https:\/\/site.educa.madrid.org\/cifp.federicamontseny.fuenlabrada\/\/wp-content\/uploads\/cifp.federicamontseny.fuenlabrada\/2025\/09\/27oct_11noviembre_Word_Adm-1024x1024.jpg\" alt=\"\" class=\"wp-image-3535\" srcset=\"https:\/\/site.educa.madrid.org\/cifp.federicamontseny.fuenlabrada\/\/wp-content\/uploads\/cifp.federicamontseny.fuenlabrada\/2025\/09\/27oct_11noviembre_Word_Adm-1024x1024.jpg 1024w, https:\/\/site.educa.madrid.org\/cifp.federicamontseny.fuenlabrada\/\/wp-content\/uploads\/cifp.federicamontseny.fuenlabrada\/2025\/09\/27oct_11noviembre_Word_Adm-300x300.jpg 300w, https:\/\/site.educa.madrid.org\/cifp.federicamontseny.fuenlabrada\/\/wp-content\/uploads\/cifp.federicamontseny.fuenlabrada\/2025\/09\/27oct_11noviembre_Word_Adm-150x150.jpg 150w, https:\/\/site.educa.madrid.org\/cifp.federicamontseny.fuenlabrada\/\/wp-content\/uploads\/cifp.federicamontseny.fuenlabrada\/2025\/09\/27oct_11noviembre_Word_Adm-768x768.jpg 768w, https:\/\/site.educa.madrid.org\/cifp.federicamontseny.fuenlabrada\/\/wp-content\/uploads\/cifp.federicamontseny.fuenlabrada\/2025\/09\/27oct_11noviembre_Word_Adm-500x500.jpg 500w, https:\/\/site.educa.madrid.org\/cifp.federicamontseny.fuenlabrada\/\/wp-content\/uploads\/cifp.federicamontseny.fuenlabrada\/2025\/09\/27oct_11noviembre_Word_Adm.jpg 1080w\" sizes=\"auto, (max-width: 1024px) 100vw, 1024px\" \/><\/figure>\n\n\n\n<p><strong>Formulario de inscripci\u00f3n<\/strong>:<\/p>\n\n\n\n<div class=\"wp-block-contact-form-7-contact-form-selector\">\n<div class=\"wpcf7 no-js\" id=\"wpcf7-f2497-o1\" lang=\"es-ES\" dir=\"ltr\">\n<div class=\"screen-reader-response\"><p role=\"status\" aria-live=\"polite\" aria-atomic=\"true\"><\/p> <ul><\/ul><\/div>\n<form action=\"\/cifp.federicamontseny.fuenlabrada\/index.php\/wp-json\/wp\/v2\/pages\/2473#wpcf7-f2497-o1\" method=\"post\" class=\"wpcf7-form init\" aria-label=\"Formulario de contacto\" novalidate=\"novalidate\" data-status=\"init\">\n<div style=\"display: none;\">\n<input type=\"hidden\" name=\"_wpcf7\" value=\"2497\" \/>\n<input type=\"hidden\" name=\"_wpcf7_version\" value=\"5.9.7\" \/>\n<input type=\"hidden\" name=\"_wpcf7_locale\" value=\"es_ES\" \/>\n<input type=\"hidden\" name=\"_wpcf7_unit_tag\" value=\"wpcf7-f2497-o1\" \/>\n<input type=\"hidden\" name=\"_wpcf7_container_post\" value=\"0\" \/>\n<input type=\"hidden\" name=\"_wpcf7_posted_data_hash\" value=\"\" \/>\n<\/div>\n<p><label> Nombre<br \/>\n<span class=\"wpcf7-form-control-wrap\" data-name=\"nombre\"><input size=\"40\" maxlength=\"400\" class=\"wpcf7-form-control wpcf7-text wpcf7-validates-as-required\" autocomplete=\"nombre\" aria-required=\"true\" aria-invalid=\"false\" value=\"\" type=\"text\" name=\"nombre\" \/><\/span> <\/label>\n<\/p>\n<p><label> Apellidos<br \/>\n<span class=\"wpcf7-form-control-wrap\" data-name=\"apellidos\"><input size=\"40\" maxlength=\"400\" class=\"wpcf7-form-control wpcf7-text wpcf7-validates-as-required\" autocomplete=\"apellidos\" aria-required=\"true\" aria-invalid=\"false\" value=\"\" type=\"text\" name=\"apellidos\" \/><\/span> <\/label>\n<\/p>\n<p><label> DNI<br \/>\n<span class=\"wpcf7-form-control-wrap\" data-name=\"dni\"><input size=\"40\" maxlength=\"400\" class=\"wpcf7-form-control wpcf7-text wpcf7-validates-as-required\" autocomplete=\"dni\" aria-required=\"true\" aria-invalid=\"false\" value=\"\" type=\"text\" name=\"dni\" \/><\/span> <\/label>\n<\/p>\n<p><label> Tel\u00e9fono<br \/>\n<span class=\"wpcf7-form-control-wrap\" data-name=\"telefono\"><input size=\"40\" maxlength=\"400\" class=\"wpcf7-form-control wpcf7-text wpcf7-validates-as-required\" autocomplete=\"telefono\" aria-required=\"true\" aria-invalid=\"false\" value=\"\" type=\"text\" name=\"telefono\" \/><\/span> <\/label>\n<\/p>\n<p><label> Correo electr\u00f3nico<br \/>\n<span class=\"wpcf7-form-control-wrap\" data-name=\"email\"><input size=\"40\" maxlength=\"400\" class=\"wpcf7-form-control wpcf7-email wpcf7-validates-as-required wpcf7-text wpcf7-validates-as-email\" autocomplete=\"email\" aria-required=\"true\" aria-invalid=\"false\" value=\"\" type=\"email\" name=\"email\" \/><\/span> <\/label>\n<\/p>\n<p><label> Titulaci\u00f3n<br \/>\n<span class=\"wpcf7-form-control-wrap\" data-name=\"TITULACION\"><select class=\"wpcf7-form-control wpcf7-select wpcf7-validates-as-required\" aria-required=\"true\" aria-invalid=\"false\" name=\"TITULACION\"><option value=\"\">&#8212;Por favor, elige una opci\u00f3n&#8212;<\/option><option value=\"SIN ESTUDIOS\">SIN ESTUDIOS<\/option><option value=\"ESTUDIOS SIN HOMOLOGAR\">ESTUDIOS SIN HOMOLOGAR<\/option><option value=\"PRUEBAS DE COMPETENCIAS CLAVE EN LENGUA Y MATEM\u00c1TICAS\">PRUEBAS DE COMPETENCIAS CLAVE EN LENGUA Y MATEM\u00c1TICAS<\/option><option value=\"CERTIFICADO PROFESIONAL 1\">CERTIFICADO PROFESIONAL 1<\/option><option value=\"CERTIFICADO PROFESIONAL 2\">CERTIFICADO PROFESIONAL 2<\/option><option value=\"CERTIFICADO PROFESIONAL 3\">CERTIFICADO PROFESIONAL 3<\/option><option value=\"T\u00cdTULO DE E.S.O. O EQUIVALENTE\">T\u00cdTULO DE E.S.O. O EQUIVALENTE<\/option><option value=\"T\u00cdTULO DE T\u00c9CNICO B\u00c1SICO DE F.P.\">T\u00cdTULO DE T\u00c9CNICO B\u00c1SICO DE F.P.<\/option><option value=\"T\u00cdTULO DE T\u00c9CNICO DE F.P. (GRADO MEDIO)\">T\u00cdTULO DE T\u00c9CNICO DE F.P. (GRADO MEDIO)<\/option><option value=\"T\u00cdTULO DE T\u00c9CNICO SUPERIOR DE F.P.\">T\u00cdTULO DE T\u00c9CNICO SUPERIOR DE F.P.<\/option><option value=\"PRUEBA\/CURSO DE ACCESO A CICLO DE GRADO SUPERIOR\">PRUEBA\/CURSO DE ACCESO A CICLO DE GRADO SUPERIOR<\/option><option value=\"PRUEBA DE ACCESO A LA UNIVERSIDAD MAYORES 25 A\u00d1OS\">PRUEBA DE ACCESO A LA UNIVERSIDAD MAYORES 25 A\u00d1OS<\/option><option value=\"T\u00cdTULO DE BACHILLER\/BUP O EQUIVALENTE\">T\u00cdTULO DE BACHILLER\/BUP O EQUIVALENTE<\/option><option value=\"ESTUDIOS UNIVERSITARIOS\">ESTUDIOS UNIVERSITARIOS<\/option><\/select><\/span><\/label>\n<\/p>\n<p><label> Situaci\u00f3n laboral<br \/>\n<span class=\"wpcf7-form-control-wrap\" data-name=\"SITUACIONLABORAL\"><select class=\"wpcf7-form-control wpcf7-select wpcf7-validates-as-required\" aria-required=\"true\" aria-invalid=\"false\" name=\"SITUACIONLABORAL\"><option value=\"\">&#8212;Por favor, elige una opci\u00f3n&#8212;<\/option><option value=\"OCUPADO JORNADA COMPLETA\">OCUPADO JORNADA COMPLETA<\/option><option value=\"OCUPADO JORNADA PARCIAL\">OCUPADO JORNADA PARCIAL<\/option><option value=\"DESEMPLEADO\">DESEMPLEADO<\/option><option value=\"EMPLEADO P\u00daBLICO\">EMPLEADO P\u00daBLICO<\/option><\/select><\/span><\/label>\n<\/p>\n<p><label> Curso solicitado en PRIMERA opci\u00f3n<br \/>\n<span class=\"wpcf7-form-control-wrap\" data-name=\"SOLICITUDCURSO1OPCION\"><select class=\"wpcf7-form-control wpcf7-select wpcf7-validates-as-required\" aria-required=\"true\" aria-invalid=\"false\" name=\"SOLICITUDCURSO1OPCION\"><option value=\"PROCESADORES DE TEXTO NIVEL B\u00c1SICO\">PROCESADORES DE TEXTO NIVEL B\u00c1SICO<\/option><option value=\"EXCEL FINANCIERO\">EXCEL FINANCIERO<\/option><\/select><\/span><\/label>\n<\/p>\n<p><label> Curso solicitado en SEGUNDA opci\u00f3n<br \/>\n<span class=\"wpcf7-form-control-wrap\" data-name=\"SOLICITUDCURSO2OPCION\"><select class=\"wpcf7-form-control wpcf7-select wpcf7-validates-as-required\" aria-required=\"true\" aria-invalid=\"false\" name=\"SOLICITUDCURSO2OPCION\"><option value=\"PROCESADORES DE TEXTO NIVEL B\u00c1SICO\">PROCESADORES DE TEXTO NIVEL B\u00c1SICO<\/option><option value=\"EXCEL FINANCIERO\">EXCEL FINANCIERO<\/option><\/select><\/span><\/label>\n<\/p>\n<p><label> Protecci\u00f3n de datos<br \/>\n<span class=\"wpcf7-form-control-wrap\" data-name=\"Polticaproteccion\"><span class=\"wpcf7-form-control wpcf7-checkbox wpcf7-validates-as-required\"><span class=\"wpcf7-list-item first last\"><label><input type=\"checkbox\" name=\"Polticaproteccion[]\" value=\"Acepto la pol\u00edtica de protecci\u00f3n de datos personales\" \/><span class=\"wpcf7-list-item-label\">Acepto la pol\u00edtica de protecci\u00f3n de datos personales<\/span><\/label><\/span><\/span><\/span><\/label>\n<\/p>\n<p class=\"aiowps-captcha hide-when-displaying-tfa-input\"><label for=\"aiowps-captcha-answer\">Por favor, introduce una respuesta en d\u00edgitos:<\/label>\n<\/p>\n<div class=\"aiowps-captcha-equation hide-when-displaying-tfa-input\">\n\t<p><strong>10 &#8722; ocho = <input type=\"hidden\" name=\"aiowps-captcha-string-info\" class=\"aiowps-captcha-string-info\" value=\"i7cxvm6r3l\" \/><input type=\"hidden\" name=\"aiowps-captcha-temp-string\" class=\"aiowps-captcha-temp-string\" value=\"1778597128\" \/><input type=\"text\" size=\"2\" class=\"aiowps-captcha-answer\" name=\"aiowps-captcha-answer\" value=\"\" autocomplete=\"off\" \/><\/strong>\n\t<\/p>\n<\/div>\n<p><span class='wpcf7-form-control-wrap' data-name='aiowps-captcha'><\/span><input class=\"wpcf7-form-control wpcf7-submit has-spinner\" type=\"submit\" value=\"Enviar\" \/>\n<\/p><p style=\"display: none !important;\" class=\"akismet-fields-container\" data-prefix=\"_wpcf7_ak_\"><label>&#916;<textarea name=\"_wpcf7_ak_hp_textarea\" cols=\"45\" rows=\"8\" maxlength=\"100\"><\/textarea><\/label><input type=\"hidden\" id=\"ak_js_1\" name=\"_wpcf7_ak_js\" value=\"137\"\/><script>document.getElementById( \"ak_js_1\" ).setAttribute( \"value\", ( new Date() ).getTime() );<\/script><\/p><div class=\"wpcf7-response-output\" aria-hidden=\"true\"><\/div>\n<\/form>\n<\/div>\n<\/div>\n\n\n\n<div style=\"height:50px\" aria-hidden=\"true\" class=\"wp-block-spacer\"><\/div>\n\n\n\n<p style=\"font-size:13px\"><em>(*) Los datos personales recogidos en este formulario ser\u00e1n tratados de conformidad con el nuevo Reglamento Europeo (UE) 2016\/679 de Protecci\u00f3n de Datos y la Ley Org\u00e1nica 3\/2018, de 5 de diciembre. La informaci\u00f3n relativa a los destinatarios de los datos, la finalidad y las medidas de seguridad, as\u00ed como cualquier informaci\u00f3n adicional relativa a la protecci\u00f3n de sus datos personales podr\u00e1 consultarla en el siguiente enlace&nbsp;<a href=\"https:\/\/www.comunidad.madrid\/gobierno\/informacion-juridica-legislacion\/proteccion-datos\" target=\"_blank\" rel=\"noreferrer noopener\">www.madrid.org\/proteccionDeDatos<\/a>. Ante el responsable del tratamiento podr\u00e1 ejercer, entre otros, sus derechos de acceso, rectificaci\u00f3n, supresi\u00f3n, oposici\u00f3n y limitaci\u00f3n de tratamiento.<\/em><\/p>\n\n\n\t\t\t<!-- Flexy Breadcrumb -->\n\t\t\t<div class=\"fbc fbc-page\">\n\n\t\t\t\t<!-- Breadcrumb wrapper -->\n\t\t\t\t<div class=\"fbc-wrap\">\n\n\t\t\t\t\t<!-- Ordered list-->\n\t\t\t\t\t<ol class=\"fbc-items\" itemscope itemtype=\"https:\/\/schema.org\/BreadcrumbList\">\n\t\t\t\t\t\t            <li itemprop=\"itemListElement\" itemscope itemtype=\"https:\/\/schema.org\/ListItem\">\n                <span itemprop=\"name\">\n                    <!-- Home Link -->\n                    <a itemprop=\"item\" href=\"https:\/\/site.educa.madrid.org\/cifp.federicamontseny.fuenlabrada\">\n                    \n                                                    <i class=\"fa fa fa-home\" aria-hidden=\"true\"><\/i>C.I.F.P. Federica Montseny                    <\/a>\n                <\/span>\n                <meta itemprop=\"position\" content=\"1\" \/><!-- Meta Position-->\n             <\/li><li><span class=\"fbc-separator\">\/<\/span><\/li><li class=\"active\" itemprop=\"itemListElement\" itemscope itemtype=\"https:\/\/schema.org\/ListItem\"><span itemprop=\"name\" title=\"Empleo\">Empleo<\/span><meta itemprop=\"position\" content=\"2\" \/><\/li>\t\t\t\t\t<\/ol>\n\t\t\t\t\t<div class=\"clearfix\"><\/div>\n\t\t\t\t<\/div>\n\t\t\t<\/div>\n\t\t\t\n","protected":false},"excerpt":{"rendered":"<p>Este centro, como Centro integrado de Formaci\u00f3n Profesional oferta cursos de formaci\u00f3n para personas que quieran reincorporarse al sistema formativo y formarse en alguna competencia profesional. Actualmente se ofertan los siguientes: Formulario de inscripci\u00f3n: (*) Los datos personales recogidos en este formulario ser\u00e1n tratados de conformidad con el nuevo Reglamento Europeo (UE) 2016\/679 de Protecci\u00f3n [&hellip;]<\/p>\n","protected":false},"author":3,"featured_media":0,"parent":0,"menu_order":0,"comment_status":"closed","ping_status":"closed","template":"","meta":{"footnotes":""},"folder":[],"class_list":["post-2473","page","type-page","status-publish","hentry"],"rttpg_featured_image_url":null,"rttpg_author":{"display_name":"cifp.federicamontseny.fuenlabrada","author_link":"https:\/\/site.educa.madrid.org\/cifp.federicamontseny.fuenlabrada\/index.php\/author\/cuenta_cifp-federicamontseny-fuenlabrada\/"},"rttpg_comment":0,"rttpg_category":false,"rttpg_excerpt":"Este centro, como Centro integrado de Formaci\u00f3n Profesional oferta cursos de formaci\u00f3n para personas que quieran reincorporarse al sistema formativo y formarse en alguna competencia profesional. Actualmente se ofertan los siguientes: Formulario de inscripci\u00f3n: (*) Los datos personales recogidos en este formulario ser\u00e1n tratados de conformidad con el nuevo Reglamento Europeo (UE) 2016\/679 de Protecci\u00f3n&hellip;","post_mailing_queue_ids":[],"_links":{"self":[{"href":"https:\/\/site.educa.madrid.org\/cifp.federicamontseny.fuenlabrada\/index.php\/wp-json\/wp\/v2\/pages\/2473","targetHints":{"allow":["GET"]}}],"collection":[{"href":"https:\/\/site.educa.madrid.org\/cifp.federicamontseny.fuenlabrada\/index.php\/wp-json\/wp\/v2\/pages"}],"about":[{"href":"https:\/\/site.educa.madrid.org\/cifp.federicamontseny.fuenlabrada\/index.php\/wp-json\/wp\/v2\/types\/page"}],"author":[{"embeddable":true,"href":"https:\/\/site.educa.madrid.org\/cifp.federicamontseny.fuenlabrada\/index.php\/wp-json\/wp\/v2\/users\/3"}],"replies":[{"embeddable":true,"href":"https:\/\/site.educa.madrid.org\/cifp.federicamontseny.fuenlabrada\/index.php\/wp-json\/wp\/v2\/comments?post=2473"}],"version-history":[{"count":14,"href":"https:\/\/site.educa.madrid.org\/cifp.federicamontseny.fuenlabrada\/index.php\/wp-json\/wp\/v2\/pages\/2473\/revisions"}],"predecessor-version":[{"id":3538,"href":"https:\/\/site.educa.madrid.org\/cifp.federicamontseny.fuenlabrada\/index.php\/wp-json\/wp\/v2\/pages\/2473\/revisions\/3538"}],"wp:attachment":[{"href":"https:\/\/site.educa.madrid.org\/cifp.federicamontseny.fuenlabrada\/index.php\/wp-json\/wp\/v2\/media?parent=2473"}],"wp:term":[{"taxonomy":"folder","embeddable":true,"href":"https:\/\/site.educa.madrid.org\/cifp.federicamontseny.fuenlabrada\/index.php\/wp-json\/wp\/v2\/folder?post=2473"}],"curies":[{"name":"wp","href":"https:\/\/api.w.org\/{rel}","templated":true}]}}