{"id":3602,"date":"2025-11-14T10:07:16","date_gmt":"2025-11-14T09:07:16","guid":{"rendered":"https:\/\/site.educa.madrid.org\/cifp.federicamontseny.fuenlabrada\/?page_id=3602"},"modified":"2025-11-14T10:12:18","modified_gmt":"2025-11-14T09:12:18","slug":"profesores-del-centro","status":"publish","type":"page","link":"https:\/\/site.educa.madrid.org\/cifp.federicamontseny.fuenlabrada\/index.php\/profesores-del-centro\/","title":{"rendered":"Profesores del Centro"},"content":{"rendered":"\n<p>En esta p\u00e1gina vamos a ir a\u00f1adiendo toda la informaci\u00f3n que sea \u00fatil para los profesores del CIFP<\/p>\n\n\n\n<div style=\"height:28px\" aria-hidden=\"true\" class=\"wp-block-spacer\"><\/div>\n\n\n\n<h2 class=\"wp-block-heading\">Cat\u00e1logo Interactivo de Formaci\u00f3n CTIF Madrid-Sur (Siempre actualizado)<\/h2>\n\n\n\n <div style=\"position: relative; width: 100%; height: 0; padding-top: 70.7143%;\n padding-bottom: 0; box-shadow: 0 2px 8px 0 rgba(63,69,81,0.16); margin-top: 1.6em; margin-bottom: 0.9em; overflow: hidden;\n border-radius: 8px; will-change: transform;\">\n  <iframe loading=\"lazy\" style=\"position: absolute; width: 100%; height: 100%; top: 0; left: 0; border: none; padding: 0;margin: 0;\"\n    src=\"https:\/\/www.canva.com\/design\/DAGqsdbp_d0\/_-kB4T1NTbfHmEiOViotNA\/view?embed\" allowfullscreen=\"allowfullscreen\" allow=\"fullscreen\">\n  <\/iframe>\n<\/div>\n<a href=\"https:&#x2F;&#x2F;www.canva.com&#x2F;design&#x2F;DAGqsdbp_d0&#x2F;_-kB4T1NTbfHmEiOViotNA&#x2F;view?utm_content=DAGqsdbp_d0&amp;utm_campaign=designshare&amp;utm_medium=embeds&amp;utm_source=link\" target=\"_blank\" rel=\"noopener\">CTIF MADRID-SUR 2025-2026<\/a>\n","protected":false},"excerpt":{"rendered":"<p>En esta p\u00e1gina vamos a ir a\u00f1adiendo toda la informaci\u00f3n que sea \u00fatil para los profesores del CIFP Cat\u00e1logo Interactivo de Formaci\u00f3n CTIF Madrid-Sur (Siempre actualizado) CTIF MADRID-SUR 2025-2026<\/p>\n","protected":false},"author":3,"featured_media":3048,"parent":0,"menu_order":0,"comment_status":"closed","ping_status":"closed","template":"","meta":{"footnotes":""},"folder":[49],"class_list":["post-3602","page","type-page","status-publish","has-post-thumbnail","hentry"],"rttpg_featured_image_url":{"full":["https:\/\/site.educa.madrid.org\/cifp.federicamontseny.fuenlabrada\/\/wp-content\/uploads\/cifp.federicamontseny.fuenlabrada\/2025\/07\/9NOVIEMBREARCHIVOS-INDIVIDUALES-LOGO-1-2_pages-to-jpg-0005-2-scaled.jpg",2560,1077,false],"landscape":["https:\/\/site.educa.madrid.org\/cifp.federicamontseny.fuenlabrada\/\/wp-content\/uploads\/cifp.federicamontseny.fuenlabrada\/2025\/07\/9NOVIEMBREARCHIVOS-INDIVIDUALES-LOGO-1-2_pages-to-jpg-0005-2-scaled.jpg",2560,1077,false],"portraits":["https:\/\/site.educa.madrid.org\/cifp.federicamontseny.fuenlabrada\/\/wp-content\/uploads\/cifp.federicamontseny.fuenlabrada\/2025\/07\/9NOVIEMBREARCHIVOS-INDIVIDUALES-LOGO-1-2_pages-to-jpg-0005-2-scaled.jpg",2560,1077,false],"thumbnail":["https:\/\/site.educa.madrid.org\/cifp.federicamontseny.fuenlabrada\/\/wp-content\/uploads\/cifp.federicamontseny.fuenlabrada\/2025\/07\/9NOVIEMBREARCHIVOS-INDIVIDUALES-LOGO-1-2_pages-to-jpg-0005-2-150x150.jpg",150,150,true],"medium":["https:\/\/site.educa.madrid.org\/cifp.federicamontseny.fuenlabrada\/\/wp-content\/uploads\/cifp.federicamontseny.fuenlabrada\/2025\/07\/9NOVIEMBREARCHIVOS-INDIVIDUALES-LOGO-1-2_pages-to-jpg-0005-2-300x126.jpg",300,126,true],"large":["https:\/\/site.educa.madrid.org\/cifp.federicamontseny.fuenlabrada\/\/wp-content\/uploads\/cifp.federicamontseny.fuenlabrada\/2025\/07\/9NOVIEMBREARCHIVOS-INDIVIDUALES-LOGO-1-2_pages-to-jpg-0005-2-1024x431.jpg",640,269,true],"thumblist":["https:\/\/site.educa.madrid.org\/cifp.federicamontseny.fuenlabrada\/\/wp-content\/uploads\/cifp.federicamontseny.fuenlabrada\/2025\/07\/9NOVIEMBREARCHIVOS-INDIVIDUALES-LOGO-1-2_pages-to-jpg-0005-2-300x300.jpg",300,300,true],"thumbrelated":["https:\/\/site.educa.madrid.org\/cifp.federicamontseny.fuenlabrada\/\/wp-content\/uploads\/cifp.federicamontseny.fuenlabrada\/2025\/07\/9NOVIEMBREARCHIVOS-INDIVIDUALES-LOGO-1-2_pages-to-jpg-0005-2-500x500.jpg",500,500,true],"meccarouselthumb":["https:\/\/site.educa.madrid.org\/cifp.federicamontseny.fuenlabrada\/\/wp-content\/uploads\/cifp.federicamontseny.fuenlabrada\/2025\/07\/9NOVIEMBREARCHIVOS-INDIVIDUALES-LOGO-1-2_pages-to-jpg-0005-2-474x324.jpg",474,324,true],"gridsquare":["https:\/\/site.educa.madrid.org\/cifp.federicamontseny.fuenlabrada\/\/wp-content\/uploads\/cifp.federicamontseny.fuenlabrada\/2025\/07\/9NOVIEMBREARCHIVOS-INDIVIDUALES-LOGO-1-2_pages-to-jpg-0005-2-391x260.jpg",391,260,true],"tileview":["https:\/\/site.educa.madrid.org\/cifp.federicamontseny.fuenlabrada\/\/wp-content\/uploads\/cifp.federicamontseny.fuenlabrada\/2025\/07\/9NOVIEMBREARCHIVOS-INDIVIDUALES-LOGO-1-2_pages-to-jpg-0005-2-300x400.jpg",300,400,true],"1536x1536":["https:\/\/site.educa.madrid.org\/cifp.federicamontseny.fuenlabrada\/\/wp-content\/uploads\/cifp.federicamontseny.fuenlabrada\/2025\/07\/9NOVIEMBREARCHIVOS-INDIVIDUALES-LOGO-1-2_pages-to-jpg-0005-2-1536x646.jpg",1536,646,true],"2048x2048":["https:\/\/site.educa.madrid.org\/cifp.federicamontseny.fuenlabrada\/\/wp-content\/uploads\/cifp.federicamontseny.fuenlabrada\/2025\/07\/9NOVIEMBREARCHIVOS-INDIVIDUALES-LOGO-1-2_pages-to-jpg-0005-2-2048x861.jpg",2048,861,true],"academic-education-homepage-thumb":["https:\/\/site.educa.madrid.org\/cifp.federicamontseny.fuenlabrada\/\/wp-content\/uploads\/cifp.federicamontseny.fuenlabrada\/2025\/07\/9NOVIEMBREARCHIVOS-INDIVIDUALES-LOGO-1-2_pages-to-jpg-0005-2-240x145.jpg",240,145,true],"sow-carousel-default":["https:\/\/site.educa.madrid.org\/cifp.federicamontseny.fuenlabrada\/\/wp-content\/uploads\/cifp.federicamontseny.fuenlabrada\/2025\/07\/9NOVIEMBREARCHIVOS-INDIVIDUALES-LOGO-1-2_pages-to-jpg-0005-2-272x182.jpg",272,182,true],"sow-post-carousel-overlay-theme":["https:\/\/site.educa.madrid.org\/cifp.federicamontseny.fuenlabrada\/\/wp-content\/uploads\/cifp.federicamontseny.fuenlabrada\/2025\/07\/9NOVIEMBREARCHIVOS-INDIVIDUALES-LOGO-1-2_pages-to-jpg-0005-2-scaled.jpg",360,151,false],"sow-post-carousel-cards-theme":["https:\/\/site.educa.madrid.org\/cifp.federicamontseny.fuenlabrada\/\/wp-content\/uploads\/cifp.federicamontseny.fuenlabrada\/2025\/07\/9NOVIEMBREARCHIVOS-INDIVIDUALES-LOGO-1-2_pages-to-jpg-0005-2-scaled.jpg",360,151,false],"rt_custom":["https:\/\/site.educa.madrid.org\/cifp.federicamontseny.fuenlabrada\/\/wp-content\/uploads\/cifp.federicamontseny.fuenlabrada\/2025\/07\/9NOVIEMBREARCHIVOS-INDIVIDUALES-LOGO-1-2_pages-to-jpg-0005-2-scaled.jpg",2560,1077,false]},"rttpg_author":{"display_name":"cifp.federicamontseny.fuenlabrada","author_link":"https:\/\/site.educa.madrid.org\/cifp.federicamontseny.fuenlabrada\/index.php\/author\/cuenta_cifp-federicamontseny-fuenlabrada\/"},"rttpg_comment":0,"rttpg_category":" <a href=\"https:\/\/site.educa.madrid.org\/cifp.federicamontseny.fuenlabrada\/?taxonomy=folder&#038;term=proyectos-1702459385-3\" rel=\"tag\">Proyectos<\/a>","rttpg_excerpt":"En esta p\u00e1gina vamos a ir a\u00f1adiendo toda la informaci\u00f3n que sea \u00fatil para los profesores del CIFP Cat\u00e1logo Interactivo de Formaci\u00f3n CTIF Madrid-Sur (Siempre actualizado) CTIF MADRID-SUR 2025-2026","post_mailing_queue_ids":[],"_links":{"self":[{"href":"https:\/\/site.educa.madrid.org\/cifp.federicamontseny.fuenlabrada\/index.php\/wp-json\/wp\/v2\/pages\/3602","targetHints":{"allow":["GET"]}}],"collection":[{"href":"https:\/\/site.educa.madrid.org\/cifp.federicamontseny.fuenlabrada\/index.php\/wp-json\/wp\/v2\/pages"}],"about":[{"href":"https:\/\/site.educa.madrid.org\/cifp.federicamontseny.fuenlabrada\/index.php\/wp-json\/wp\/v2\/types\/page"}],"author":[{"embeddable":true,"href":"https:\/\/site.educa.madrid.org\/cifp.federicamontseny.fuenlabrada\/index.php\/wp-json\/wp\/v2\/users\/3"}],"replies":[{"embeddable":true,"href":"https:\/\/site.educa.madrid.org\/cifp.federicamontseny.fuenlabrada\/index.php\/wp-json\/wp\/v2\/comments?post=3602"}],"version-history":[{"count":4,"href":"https:\/\/site.educa.madrid.org\/cifp.federicamontseny.fuenlabrada\/index.php\/wp-json\/wp\/v2\/pages\/3602\/revisions"}],"predecessor-version":[{"id":3606,"href":"https:\/\/site.educa.madrid.org\/cifp.federicamontseny.fuenlabrada\/index.php\/wp-json\/wp\/v2\/pages\/3602\/revisions\/3606"}],"wp:featuredmedia":[{"embeddable":true,"href":"https:\/\/site.educa.madrid.org\/cifp.federicamontseny.fuenlabrada\/index.php\/wp-json\/wp\/v2\/media\/3048"}],"wp:attachment":[{"href":"https:\/\/site.educa.madrid.org\/cifp.federicamontseny.fuenlabrada\/index.php\/wp-json\/wp\/v2\/media?parent=3602"}],"wp:term":[{"taxonomy":"folder","embeddable":true,"href":"https:\/\/site.educa.madrid.org\/cifp.federicamontseny.fuenlabrada\/index.php\/wp-json\/wp\/v2\/folder?post=3602"}],"curies":[{"name":"wp","href":"https:\/\/api.w.org\/{rel}","templated":true}]}}