{"id":5889,"date":"2022-02-22T18:49:49","date_gmt":"2022-02-22T17:49:49","guid":{"rendered":"https:\/\/site.educa.madrid.org\/cifp.joseluisgarci.alcobendas\/?page_id=5889"},"modified":"2026-04-27T17:36:24","modified_gmt":"2026-04-27T15:36:24","slug":"proyectos","status":"publish","type":"page","link":"https:\/\/site.educa.madrid.org\/cifp.joseluisgarci.alcobendas\/index.php\/proyectos\/","title":{"rendered":"Proyectos y pr\u00e1cticas de centro"},"content":{"rendered":"\n<p>Nuestro instituto lleva a cabo un gran n\u00famero de proyectos que complementan y enriquecen la formaci\u00f3n tradicional. <\/p>\n\n\n\n<!--more-->\n<!--noteaser-->\n\n\n\n<hr class=\"wp-block-separator has-alpha-channel-opacity\"\/>\n\n\n\t\t<div class=\"rttpg-block-postgrid rttpg-block-wrapper rttpg-block-e4bfc0 section-title-style-style4\">\n\t\t\t<div class=\"rt-container-fluid rt-tpg-container tpg-el-main-wrapper tpg-gutenberg clearfix\">\n\t\t\t\t<div class='tpg-header-wrapper'>\n\t\t\t\t\t\n        <div class=\"tpg-widget-heading-wrapper rt-clear heading-style4 \">\n            <span class=\"tpg-widget-heading-line line-left\"><\/span>\n\t\t\t<h2 class='tpg-widget-heading'>\n\t\t\t            <a href=\"#\"  target=&quot;_self&quot; >\n\t\t\t\t\n\t\t\t\t                    <span>\n\t\t\t\t\t\tPr\u00e1cticas formativas interc\u00edclicas\t\t\t\t\t<\/span>\n\t\t\t\t\t\n\t\t\t\t            <\/a>\n\n\t\t\t\t\t<\/h2>            <span class=\"tpg-widget-heading-line line-right\"><\/span>\n\n\t\t\t\n        <\/div>\n\n\t\t\n\t\t\t\t\t\t<\/div>\n\t\t\t<\/div>\n\t\t<\/div>\n\t\t\n\n\n<p>Las pr\u00e1cticas formativas interc\u00edclicas son actividades lectivas pr\u00e1cticas que se desarrollan de manera conjunta y coordinada entre los m\u00f3dulos profesionales de los ciclos formativos, con el fin de desarrollar actividades de ense\u00f1anza y aprendizaje lo m\u00e1s cercanas posible a la realidad profesional de nuestros alumnos.<\/p>\n\n\n\n<p>A trav\u00e9s de estas actividades pretendemos que el alumno fomente el trabajo colaborativo y en grupo, se introduzca en din\u00e1micas de producci\u00f3n donde lo que interesa es la obtenci\u00f3n de un producto final completo, refuerce de modo procedimental los contenidos de car\u00e1cter te\u00f3rico vistos a lo largo del curso en todos los m\u00f3dulos y, finalmente, que tenga un acercamiento lo m\u00e1s fiel posible a la realidad profesional.<\/p>\n\n\n\n<p>El cat\u00e1logo de proyectos de pr\u00e1cticas interc\u00edclicas que se ha desarrollado en el CIFP \u201cJos\u00e9 Lu\u00eds Garci\u201d a lo largo de estos a\u00f1os es muy amplio y del cual podemos destacar: , la pasarela de moda Fashion Day, las exposiciones fotogr\u00e1ficas, los conciertos, la producci\u00f3n del Cortoexpress, el cortometraje de ficci\u00f3n Encorto y las Galas de final de curso.<\/p>\n\n\n\n<p><a href=\"https:\/\/produpractico.wordpress.com\/\" target=\"_blank\" rel=\"noreferrer noopener\">BLOG DE PR\u00c1CTICAS REALIZADO POR ALUMNOS DE PRODUCCI\u00d3N<\/a><\/p>\n\n\n\n<hr class=\"wp-block-separator has-alpha-channel-opacity\"\/>\n\n\n\t\t<div class=\"rttpg-block-postgrid rttpg-block-wrapper rttpg-block-d1a6f5 section-title-style-style4\">\n\t\t\t<div class=\"rt-container-fluid rt-tpg-container tpg-el-main-wrapper tpg-gutenberg clearfix\">\n\t\t\t\t<div class='tpg-header-wrapper'>\n\t\t\t\t\t\n        <div class=\"tpg-widget-heading-wrapper rt-clear heading-style4 \">\n            <span class=\"tpg-widget-heading-line line-left\"><\/span>\n\t\t\t<h2 class='tpg-widget-heading'>\n\t\t\t            <a href=\"#\"  target=&quot;_self&quot; >\n\t\t\t\t\n\t\t\t\t                    <span>\n\t\t\t\t\t\tJornadas t\u00e9cnicas\t\t\t\t\t<\/span>\n\t\t\t\t\t\n\t\t\t\t            <\/a>\n\n\t\t\t\t\t<\/h2>            <span class=\"tpg-widget-heading-line line-right\"><\/span>\n\n\t\t\t\n        <\/div>\n\n\t\t\n\t\t\t\t\t\t<\/div>\n\t\t\t<\/div>\n\t\t<\/div>\n\t\t\n\n\n<p>Todos los a\u00f1os el centro realiza sus Jornadas T\u00e9cnicas, en las que profesionales de todos los \u00e1mbitos realizar charlas, conferencias y talleres con los alumnos.<\/p>\n\n\n\n<hr class=\"wp-block-separator has-alpha-channel-opacity\"\/>\n\n\n\t\t<div class=\"rttpg-block-postgrid rttpg-block-wrapper rttpg-block-6e019a section-title-style-style4\">\n\t\t\t<div class=\"rt-container-fluid rt-tpg-container tpg-el-main-wrapper tpg-gutenberg clearfix\">\n\t\t\t\t<div class='tpg-header-wrapper'>\n\t\t\t\t\t\n        <div class=\"tpg-widget-heading-wrapper rt-clear heading-style4 \">\n            <span class=\"tpg-widget-heading-line line-left\"><\/span>\n\t\t\t<h2 class='tpg-widget-heading'>\n\t\t\t            <a href=\"#\"  target=&quot;_self&quot; >\n\t\t\t\t\n\t\t\t\t                    <span>\n\t\t\t\t\t\tSostenibilidad\t\t\t\t\t<\/span>\n\t\t\t\t\t\n\t\t\t\t            <\/a>\n\n\t\t\t\t\t<\/h2>            <span class=\"tpg-widget-heading-line line-right\"><\/span>\n\n\t\t\t\n        <\/div>\n\n\t\t\n\t\t\t\t\t\t<\/div>\n\t\t\t<\/div>\n\t\t<\/div>\n\t\t\n\n\n<div class=\"wp-block-file\"><a id=\"wp-block-file--media-7c7fc751-b1ea-41b2-8fa6-71ade3bf6fc1\" href=\"https:\/\/site.educa.madrid.org\/cifp.joseluisgarci.alcobendas\/\/wp-content\/uploads\/cifp.joseluisgarci.alcobendas\/2025\/02\/Politica-MA.-Ed.-01-1.pdf\">Politica-MA.-Ed.-01-1<\/a><a href=\"https:\/\/site.educa.madrid.org\/cifp.joseluisgarci.alcobendas\/\/wp-content\/uploads\/cifp.joseluisgarci.alcobendas\/2025\/02\/Politica-MA.-Ed.-01-1.pdf\" class=\"wp-block-file__button wp-element-button\" download aria-describedby=\"wp-block-file--media-7c7fc751-b1ea-41b2-8fa6-71ade3bf6fc1\">Descarga<\/a><\/div>\n\n\n\n<div class=\"wp-block-file\"><a id=\"wp-block-file--media-07877286-9f93-480f-8536-755067e30b38\" href=\"https:\/\/site.educa.madrid.org\/cifp.joseluisgarci.alcobendas\/\/wp-content\/uploads\/cifp.joseluisgarci.alcobendas\/2025\/02\/R2-PMA.02-Programa-de-Objetivos.pdf\">R2-PMA.02-Programa-de-Objetivos<\/a><a href=\"https:\/\/site.educa.madrid.org\/cifp.joseluisgarci.alcobendas\/\/wp-content\/uploads\/cifp.joseluisgarci.alcobendas\/2025\/02\/R2-PMA.02-Programa-de-Objetivos.pdf\" class=\"wp-block-file__button wp-element-button\" download aria-describedby=\"wp-block-file--media-07877286-9f93-480f-8536-755067e30b38\">Descarga<\/a><\/div>\n\n\n\n<div class=\"wp-block-file\"><a id=\"wp-block-file--media-0c9b6c31-811e-4312-b118-d8720c92cd96\" href=\"https:\/\/site.educa.madrid.org\/cifp.joseluisgarci.alcobendas\/\/wp-content\/uploads\/cifp.joseluisgarci.alcobendas\/2025\/02\/R2-PMA.05.-Informe-Ambiental-2022.pdf\">R2-PMA.05.-Informe-Ambiental-2022<\/a><a href=\"https:\/\/site.educa.madrid.org\/cifp.joseluisgarci.alcobendas\/\/wp-content\/uploads\/cifp.joseluisgarci.alcobendas\/2025\/02\/R2-PMA.05.-Informe-Ambiental-2022.pdf\" class=\"wp-block-file__button wp-element-button\" download aria-describedby=\"wp-block-file--media-0c9b6c31-811e-4312-b118-d8720c92cd96\">Descarga<\/a><\/div>\n\n\n\n<div class=\"wp-block-file\"><a id=\"wp-block-file--media-145dfce8-16a2-455e-be26-c379c5be35b8\" href=\"https:\/\/site.educa.madrid.org\/cifp.joseluisgarci.alcobendas\/\/wp-content\/uploads\/cifp.joseluisgarci.alcobendas\/2025\/02\/R2-PMA.07.-Compromiso-ambiental-de-proveedores.pdf\">R2-PMA.07.-Compromiso-ambiental-de-proveedores<\/a><a href=\"https:\/\/site.educa.madrid.org\/cifp.joseluisgarci.alcobendas\/\/wp-content\/uploads\/cifp.joseluisgarci.alcobendas\/2025\/02\/R2-PMA.07.-Compromiso-ambiental-de-proveedores.pdf\" class=\"wp-block-file__button wp-element-button\" download aria-describedby=\"wp-block-file--media-145dfce8-16a2-455e-be26-c379c5be35b8\">Descarga<\/a><\/div>\n\n\n\n<div class=\"wp-block-file\"><a id=\"wp-block-file--media-54f3fcc3-0d5e-417e-87a3-53dc48bbfb02\" href=\"https:\/\/site.educa.madrid.org\/cifp.joseluisgarci.alcobendas\/\/wp-content\/uploads\/cifp.joseluisgarci.alcobendas\/2025\/02\/Buenas-practicas-en-ahorro-energetico-Ed.01.pdf\">Buenas-practicas-en-ahorro-energetico-Ed.01<\/a><a href=\"https:\/\/site.educa.madrid.org\/cifp.joseluisgarci.alcobendas\/\/wp-content\/uploads\/cifp.joseluisgarci.alcobendas\/2025\/02\/Buenas-practicas-en-ahorro-energetico-Ed.01.pdf\" class=\"wp-block-file__button wp-element-button\" download aria-describedby=\"wp-block-file--media-54f3fcc3-0d5e-417e-87a3-53dc48bbfb02\">Descarga<\/a><\/div>\n\n\n\n<div class=\"wp-block-file\"><a id=\"wp-block-file--media-a6bc6e36-86ff-4d86-83e3-1091227b481f\" href=\"https:\/\/site.educa.madrid.org\/cifp.joseluisgarci.alcobendas\/\/wp-content\/uploads\/cifp.joseluisgarci.alcobendas\/2025\/02\/Buenas-practicas-en-consumo-de-papel-Ed.01.pdf\">Buenas-practicas-en-consumo-de-papel-Ed.01<\/a><a href=\"https:\/\/site.educa.madrid.org\/cifp.joseluisgarci.alcobendas\/\/wp-content\/uploads\/cifp.joseluisgarci.alcobendas\/2025\/02\/Buenas-practicas-en-consumo-de-papel-Ed.01.pdf\" class=\"wp-block-file__button wp-element-button\" download aria-describedby=\"wp-block-file--media-a6bc6e36-86ff-4d86-83e3-1091227b481f\">Descarga<\/a><\/div>\n\n\n\n<div class=\"wp-block-file\"><a id=\"wp-block-file--media-833091aa-0dbd-46b5-9a50-dfcae19757eb\" href=\"https:\/\/site.educa.madrid.org\/cifp.joseluisgarci.alcobendas\/\/wp-content\/uploads\/cifp.joseluisgarci.alcobendas\/2025\/02\/Buenas-practicas-en-la-compra-de-equipos-informaticos-Ed.01.pdf\">Buenas-practicas-en-la-compra-de-equipos-informaticos-Ed.01<\/a><a href=\"https:\/\/site.educa.madrid.org\/cifp.joseluisgarci.alcobendas\/\/wp-content\/uploads\/cifp.joseluisgarci.alcobendas\/2025\/02\/Buenas-practicas-en-la-compra-de-equipos-informaticos-Ed.01.pdf\" class=\"wp-block-file__button wp-element-button\" download aria-describedby=\"wp-block-file--media-833091aa-0dbd-46b5-9a50-dfcae19757eb\">Descarga<\/a><\/div>\n\n\n\n<div class=\"wp-block-file\"><a id=\"wp-block-file--media-5e82b522-e2df-4522-9dd1-a3cb698074ea\" href=\"https:\/\/site.educa.madrid.org\/cifp.joseluisgarci.alcobendas\/\/wp-content\/uploads\/cifp.joseluisgarci.alcobendas\/2025\/02\/Buenas-practicas-en-movilidad-Ed.01.pdf\">Buenas-practicas-en-movilidad-Ed.01<\/a><a href=\"https:\/\/site.educa.madrid.org\/cifp.joseluisgarci.alcobendas\/\/wp-content\/uploads\/cifp.joseluisgarci.alcobendas\/2025\/02\/Buenas-practicas-en-movilidad-Ed.01.pdf\" class=\"wp-block-file__button wp-element-button\" download aria-describedby=\"wp-block-file--media-5e82b522-e2df-4522-9dd1-a3cb698074ea\">Descarga<\/a><\/div>\n\n\n\n<div class=\"wp-block-file\"><a id=\"wp-block-file--media-6ac44e25-1141-48f6-920c-c5076cd7c05c\" href=\"https:\/\/site.educa.madrid.org\/cifp.joseluisgarci.alcobendas\/\/wp-content\/uploads\/cifp.joseluisgarci.alcobendas\/2025\/02\/COMUNICACION-AeIA-24-25.pdf\">COMUNICACION AeIA 24-25<\/a><a href=\"https:\/\/site.educa.madrid.org\/cifp.joseluisgarci.alcobendas\/\/wp-content\/uploads\/cifp.joseluisgarci.alcobendas\/2025\/02\/COMUNICACION-AeIA-24-25.pdf\" class=\"wp-block-file__button wp-element-button\" download aria-describedby=\"wp-block-file--media-6ac44e25-1141-48f6-920c-c5076cd7c05c\">Descarga<\/a><\/div>\n\n\n\n<div class=\"wp-block-file\"><a id=\"wp-block-file--media-58973a52-1e11-4f7b-8c3f-4f392288c53c\" href=\"https:\/\/site.educa.madrid.org\/cifp.joseluisgarci.alcobendas\/\/wp-content\/uploads\/cifp.joseluisgarci.alcobendas\/2025\/02\/COMUNICACION-AeIA-23-24.pdf\">COMUNICACION AeIA 23-24<\/a><a href=\"https:\/\/site.educa.madrid.org\/cifp.joseluisgarci.alcobendas\/\/wp-content\/uploads\/cifp.joseluisgarci.alcobendas\/2025\/02\/COMUNICACION-AeIA-23-24.pdf\" class=\"wp-block-file__button wp-element-button\" download aria-describedby=\"wp-block-file--media-58973a52-1e11-4f7b-8c3f-4f392288c53c\">Descarga<\/a><\/div>\n\n\n\n<hr class=\"wp-block-separator has-alpha-channel-opacity\"\/>\n\n\n\t\t<div class=\"rttpg-block-postgrid rttpg-block-wrapper rttpg-block-f14369 section-title-style-style4\">\n\t\t\t<div class=\"rt-container-fluid rt-tpg-container tpg-el-main-wrapper tpg-gutenberg clearfix\">\n\t\t\t\t<div class='tpg-header-wrapper'>\n\t\t\t\t\t\n        <div class=\"tpg-widget-heading-wrapper rt-clear heading-style4 \">\n            <span class=\"tpg-widget-heading-line line-left\"><\/span>\n\t\t\t<h2 class='tpg-widget-heading'>\n\t\t\t            <a href=\"#\"  target=&quot;_self&quot; >\n\t\t\t\t\n\t\t\t\t                    <span>\n\t\t\t\t\t\tOtros proyectos\t\t\t\t\t<\/span>\n\t\t\t\t\t\n\t\t\t\t            <\/a>\n\n\t\t\t\t\t<\/h2>            <span class=\"tpg-widget-heading-line line-right\"><\/span>\n\n\t\t\t\n        <\/div>\n\n\t\t\n\t\t\t\t\t\t<\/div>\n\t\t\t<\/div>\n\t\t<\/div>\n\t\t\n\n\n<p><strong>INFORMACI\u00d3N <\/strong><\/p>\n\n\n\n<p>Participaci\u00f3n en proyecto \u00abImpulso y Calidad en la Formaci\u00f3n Profesional\u00bb<\/p>\n\n\n\n<div class=\"wp-block-file\"><a id=\"wp-block-file--media-b7f3934e-3dea-4da7-87f2-500061b744b2\" href=\"https:\/\/site.educa.madrid.org\/cifp.joseluisgarci.alcobendas\/\/wp-content\/uploads\/cifp.joseluisgarci.alcobendas\/2026\/04\/Proyectos-Calidad-2025-1.pdf\">Proyectos Calidad 2025<\/a><a href=\"https:\/\/site.educa.madrid.org\/cifp.joseluisgarci.alcobendas\/\/wp-content\/uploads\/cifp.joseluisgarci.alcobendas\/2026\/04\/Proyectos-Calidad-2025-1.pdf\" class=\"wp-block-file__button wp-element-button\" download aria-describedby=\"wp-block-file--media-b7f3934e-3dea-4da7-87f2-500061b744b2\">Descarga<\/a><\/div>\n\n\n\n<p><strong>DENTRO DEL P\u00c9NDULO<\/strong><\/p>\n\n\n\n<p><a href=\"https:\/\/www.cinetecamadrid.com\/programacion\/dentro-del-pendulo\">Proyecto internacional de colaboraci\u00f3n intercentros \u00abDentro del P\u00e9ndulo\u00bb<\/a><\/p>\n\n\n\n<p><strong>PROYECTO DE INNOVACI\u00d3N \u00abEMULIVE\u00bb<\/strong><\/p>\n\n\n\n<p>El proyecto Emulive nace como fruto de la&nbsp;<strong>colaboraci\u00f3n entre tres institutos y una empresa&nbsp;<\/strong>para aportar a la comunidad educativa una herramienta virtual, interactiva, novedosa, motivadora y sorprendentemente eficiente desde los puntos de vista did\u00e1ctico, econ\u00f3mico y medioambiental.<\/p>\n\n\n\n<p>La aplicaci\u00f3n que se pretende desarrollar es un emulador en realidad virtual de algunas de las mesas de mezclas y consolas de iluminaci\u00f3n m\u00e1s utilizadas en la actualidad en el mundo del espect\u00e1culo en vivo. Utilizando ordenadores o dispositivos de pantalla t\u00e1ctil los alumnos tendr\u00edan la posibilidad de utilizar individualmente la aplicaci\u00f3n para realizar un&nbsp;<strong>concierto en un entorno de simulaci\u00f3n 3D.<\/strong><\/p>\n\n\n\n<p>El proyecto EMULIVE ha sido subvencionado en la Resoluci\u00f3n de 31 de mayo de 2021, de la Secretar\u00eda General de Formaci\u00f3n Profesional, por la que se convocan ayudas destinadas a la realizaci\u00f3n de proyectos de innovaci\u00f3n e investigaci\u00f3n aplicadas y transferencia del conocimiento en la Formaci\u00f3n Profesional.<\/p>\n\n\n\n<p>Informaci\u00f3n y descarga:<\/p>\n\n\n\n<p><a href=\"https:\/\/iesalfonsox.es\/emulive\">https:\/\/iesalfonsox.es\/emulive<\/a><\/p>\n","protected":false},"excerpt":{"rendered":"<p>Nuestro instituto lleva a cabo un gran n\u00famero de proyectos que complementan y enriquecen la formaci\u00f3n tradicional.<\/p>\n","protected":false},"author":5,"featured_media":6313,"parent":0,"menu_order":0,"comment_status":"closed","ping_status":"closed","template":"","meta":{"footnotes":""},"folder":[103],"class_list":["post-5889","page","type-page","status-publish","has-post-thumbnail","hentry"],"rttpg_featured_image_url":{"full":["https:\/\/site.educa.madrid.org\/cifp.joseluisgarci.alcobendas\/\/wp-content\/uploads\/cifp.joseluisgarci.alcobendas\/2024\/05\/WhatsApp-Image-2024-04-18-at-10.50.43-4.jpeg",1600,1200,false],"landscape":["https:\/\/site.educa.madrid.org\/cifp.joseluisgarci.alcobendas\/\/wp-content\/uploads\/cifp.joseluisgarci.alcobendas\/2024\/05\/WhatsApp-Image-2024-04-18-at-10.50.43-4.jpeg",1600,1200,false],"portraits":["https:\/\/site.educa.madrid.org\/cifp.joseluisgarci.alcobendas\/\/wp-content\/uploads\/cifp.joseluisgarci.alcobendas\/2024\/05\/WhatsApp-Image-2024-04-18-at-10.50.43-4.jpeg",1600,1200,false],"thumbnail":["https:\/\/site.educa.madrid.org\/cifp.joseluisgarci.alcobendas\/\/wp-content\/uploads\/cifp.joseluisgarci.alcobendas\/2024\/05\/WhatsApp-Image-2024-04-18-at-10.50.43-4-150x150.jpeg",150,150,true],"medium":["https:\/\/site.educa.madrid.org\/cifp.joseluisgarci.alcobendas\/\/wp-content\/uploads\/cifp.joseluisgarci.alcobendas\/2024\/05\/WhatsApp-Image-2024-04-18-at-10.50.43-4-300x225.jpeg",300,225,true],"large":["https:\/\/site.educa.madrid.org\/cifp.joseluisgarci.alcobendas\/\/wp-content\/uploads\/cifp.joseluisgarci.alcobendas\/2024\/05\/WhatsApp-Image-2024-04-18-at-10.50.43-4-1024x768.jpeg",696,522,true],"thumblist":["https:\/\/site.educa.madrid.org\/cifp.joseluisgarci.alcobendas\/\/wp-content\/uploads\/cifp.joseluisgarci.alcobendas\/2024\/05\/WhatsApp-Image-2024-04-18-at-10.50.43-4-300x300.jpeg",300,300,true],"thumbrelated":["https:\/\/site.educa.madrid.org\/cifp.joseluisgarci.alcobendas\/\/wp-content\/uploads\/cifp.joseluisgarci.alcobendas\/2024\/05\/WhatsApp-Image-2024-04-18-at-10.50.43-4.jpeg",500,375,false],"meccarouselthumb":["https:\/\/site.educa.madrid.org\/cifp.joseluisgarci.alcobendas\/\/wp-content\/uploads\/cifp.joseluisgarci.alcobendas\/2024\/05\/WhatsApp-Image-2024-04-18-at-10.50.43-4-474x324.jpeg",474,324,true],"gridsquare":["https:\/\/site.educa.madrid.org\/cifp.joseluisgarci.alcobendas\/\/wp-content\/uploads\/cifp.joseluisgarci.alcobendas\/2024\/05\/WhatsApp-Image-2024-04-18-at-10.50.43-4-391x260.jpeg",391,260,true],"tileview":["https:\/\/site.educa.madrid.org\/cifp.joseluisgarci.alcobendas\/\/wp-content\/uploads\/cifp.joseluisgarci.alcobendas\/2024\/05\/WhatsApp-Image-2024-04-18-at-10.50.43-4-300x400.jpeg",300,400,true],"1536x1536":["https:\/\/site.educa.madrid.org\/cifp.joseluisgarci.alcobendas\/\/wp-content\/uploads\/cifp.joseluisgarci.alcobendas\/2024\/05\/WhatsApp-Image-2024-04-18-at-10.50.43-4-1536x1152.jpeg",1536,1152,true],"2048x2048":["https:\/\/site.educa.madrid.org\/cifp.joseluisgarci.alcobendas\/\/wp-content\/uploads\/cifp.joseluisgarci.alcobendas\/2024\/05\/WhatsApp-Image-2024-04-18-at-10.50.43-4.jpeg",1600,1200,false],"sow-carousel-default":["https:\/\/site.educa.madrid.org\/cifp.joseluisgarci.alcobendas\/\/wp-content\/uploads\/cifp.joseluisgarci.alcobendas\/2024\/05\/WhatsApp-Image-2024-04-18-at-10.50.43-4-272x182.jpeg",272,182,true],"sow-post-carousel-overlay-theme":["https:\/\/site.educa.madrid.org\/cifp.joseluisgarci.alcobendas\/\/wp-content\/uploads\/cifp.joseluisgarci.alcobendas\/2024\/05\/WhatsApp-Image-2024-04-18-at-10.50.43-4.jpeg",360,270,false],"sow-post-carousel-cards-theme":["https:\/\/site.educa.madrid.org\/cifp.joseluisgarci.alcobendas\/\/wp-content\/uploads\/cifp.joseluisgarci.alcobendas\/2024\/05\/WhatsApp-Image-2024-04-18-at-10.50.43-4.jpeg",320,240,false],"rt_custom":["https:\/\/site.educa.madrid.org\/cifp.joseluisgarci.alcobendas\/\/wp-content\/uploads\/cifp.joseluisgarci.alcobendas\/2024\/05\/WhatsApp-Image-2024-04-18-at-10.50.43-4.jpeg",1600,1200,false]},"rttpg_author":{"display_name":"\u00c1lvaro Holguera Gozalo","author_link":"https:\/\/site.educa.madrid.org\/cifp.joseluisgarci.alcobendas\/index.php\/author\/alvaro_holguera-gozalo\/"},"rttpg_comment":0,"rttpg_category":" <a href=\"https:\/\/site.educa.madrid.org\/cifp.joseluisgarci.alcobendas\/?taxonomy=folder&#038;term=proyectos-1730375094-5\" rel=\"tag\">Proyectos<\/a>","rttpg_excerpt":"Nuestro instituto lleva a cabo un gran n\u00famero de proyectos que complementan y enriquecen la formaci\u00f3n tradicional.","post_mailing_queue_ids":[],"_links":{"self":[{"href":"https:\/\/site.educa.madrid.org\/cifp.joseluisgarci.alcobendas\/index.php\/wp-json\/wp\/v2\/pages\/5889","targetHints":{"allow":["GET"]}}],"collection":[{"href":"https:\/\/site.educa.madrid.org\/cifp.joseluisgarci.alcobendas\/index.php\/wp-json\/wp\/v2\/pages"}],"about":[{"href":"https:\/\/site.educa.madrid.org\/cifp.joseluisgarci.alcobendas\/index.php\/wp-json\/wp\/v2\/types\/page"}],"author":[{"embeddable":true,"href":"https:\/\/site.educa.madrid.org\/cifp.joseluisgarci.alcobendas\/index.php\/wp-json\/wp\/v2\/users\/5"}],"replies":[{"embeddable":true,"href":"https:\/\/site.educa.madrid.org\/cifp.joseluisgarci.alcobendas\/index.php\/wp-json\/wp\/v2\/comments?post=5889"}],"version-history":[{"count":12,"href":"https:\/\/site.educa.madrid.org\/cifp.joseluisgarci.alcobendas\/index.php\/wp-json\/wp\/v2\/pages\/5889\/revisions"}],"predecessor-version":[{"id":9216,"href":"https:\/\/site.educa.madrid.org\/cifp.joseluisgarci.alcobendas\/index.php\/wp-json\/wp\/v2\/pages\/5889\/revisions\/9216"}],"wp:featuredmedia":[{"embeddable":true,"href":"https:\/\/site.educa.madrid.org\/cifp.joseluisgarci.alcobendas\/index.php\/wp-json\/wp\/v2\/media\/6313"}],"wp:attachment":[{"href":"https:\/\/site.educa.madrid.org\/cifp.joseluisgarci.alcobendas\/index.php\/wp-json\/wp\/v2\/media?parent=5889"}],"wp:term":[{"taxonomy":"folder","embeddable":true,"href":"https:\/\/site.educa.madrid.org\/cifp.joseluisgarci.alcobendas\/index.php\/wp-json\/wp\/v2\/folder?post=5889"}],"curies":[{"name":"wp","href":"https:\/\/api.w.org\/{rel}","templated":true}]}}