{"id":1095,"date":"2023-01-04T20:38:18","date_gmt":"2023-01-04T19:38:18","guid":{"rendered":"https:\/\/site.educa.madrid.org\/cp.alfonsodecimo.madrid\/?page_id=1095"},"modified":"2023-03-21T15:53:49","modified_gmt":"2023-03-21T14:53:49","slug":"2o-ciclo-educacion-infantil","status":"publish","type":"page","link":"https:\/\/site.educa.madrid.org\/cp.alfonsodecimo.madrid\/index.php\/ensenanzas\/2o-ciclo-educacion-infantil\/","title":{"rendered":"2\u00ba Ciclo Educaci\u00f3n Infantil"},"content":{"rendered":"\n<h2 class=\"has-vivid-red-color has-text-color wp-block-heading\">Periodo de adaptaci\u00f3n<\/h2>\n\n\n\n<p class=\"has-text-align-center\"><strong>HORARIO<\/strong><\/p>\n\n\n\n<div class=\"wp-block-columns is-layout-flex wp-container-core-columns-is-layout-9d6595d7 wp-block-columns-is-layout-flex\">\n<div class=\"wp-block-column is-layout-flow wp-block-column-is-layout-flow\">\n<p class=\"has-text-align-center\">EQUIPO SOL<\/p>\n\n\n\n<figure class=\"wp-block-table is-style-stripes\"><table><tbody><tr><td>MARTES 8<\/td><td>10:00-11:00<\/td><\/tr><tr><td>MI\u00c9RCOLES 9<\/td><td>10:00-11:00<\/td><\/tr><tr><td>JUEVES 10<\/td><td>10.00-12.00<\/td><\/tr><tr><td>VIERNES 11<\/td><td>10.00-12.45<\/td><\/tr><\/tbody><\/table><\/figure>\n<\/div>\n\n\n\n<div class=\"wp-block-column is-layout-flow wp-block-column-is-layout-flow\">\n<p class=\"has-text-align-center\">EQUIPO LUNA<\/p>\n\n\n\n<figure class=\"wp-block-table is-style-stripes\"><table><tbody><tr><td>MARTES 8<\/td><td>11.30-12.30<\/td><\/tr><tr><td>MI\u00c9RCOLES 9<\/td><td>11.30-12.30<\/td><\/tr><tr><td>JUEVES 10<\/td><td>10.00-12.00<\/td><\/tr><tr><td>VIERNES 11<\/td><td>10.00-12.45<\/td><\/tr><\/tbody><\/table><\/figure>\n<\/div>\n<\/div>\n\n\n\n<p>FICHEROS ADICIONALES:<br><a href=\"https:\/\/www.educa2.madrid.org\/web\/educamadrid\/principal\/files\/753c4fdd-8366-4485-abcd-5e2f6bc89c13\/REUNI%C3%93N%20INICIO%20DE%20CURSO.pdf\" data-type=\"URL\" data-id=\"https:\/\/www.educa2.madrid.org\/web\/educamadrid\/principal\/files\/753c4fdd-8366-4485-abcd-5e2f6bc89c13\/REUNI%C3%93N%20INICIO%20DE%20CURSO.pdf\" target=\"_blank\" rel=\"noreferrer noopener\">Reuni\u00f3n inicio de curso<\/a><\/p>\n\n\n\n<h2 class=\"has-vivid-red-color has-text-color wp-block-heading\">Horario de tutorias<\/h2>\n\n\n\n<p>El horario de tutor\u00edas es el siguiente:<\/p>\n\n\n\n<p>&nbsp; &nbsp; &gt; <strong>Los meses de Septiembre y Junio, los mi\u00e9rcoles a las 13.00h<\/strong><\/p>\n\n\n\n<p>&nbsp; &nbsp; <strong>&gt; Los meses de Octubre a Mayo, los mi\u00e9rcoles a las 14.00h.<\/strong><\/p>\n\n\n\n<p>Las familias ser\u00e1n citadas con antelaci\u00f3n por l@s tutores\/as.<\/p>\n\n\n\n<p>Si alguna familia desea solicitar una tutor\u00eda deber\u00e1 hacerlo con antelaci\u00f3n.<\/p>\n","protected":false},"excerpt":{"rendered":"<p>Periodo de adaptaci\u00f3n HORARIO EQUIPO SOL MARTES 8 10:00-11:00 MI\u00c9RCOLES 9 10:00-11:00 JUEVES 10 10.00-12.00 VIERNES 11 10.00-12.45 EQUIPO LUNA MARTES 8 11.30-12.30 MI\u00c9RCOLES 9 11.30-12.30 JUEVES 10 10.00-12.00 VIERNES 11 10.00-12.45 FICHEROS ADICIONALES:Reuni\u00f3n inicio de curso Horario de tutorias El horario de tutor\u00edas es el siguiente: &nbsp; &nbsp; &gt; Los meses de Septiembre y &hellip; <\/p>\n<p class=\"link-more\"><a href=\"https:\/\/site.educa.madrid.org\/cp.alfonsodecimo.madrid\/index.php\/ensenanzas\/2o-ciclo-educacion-infantil\/\" class=\"more-link\">Continuar leyendo<span class=\"screen-reader-text\"> \u00ab2\u00ba Ciclo Educaci\u00f3n Infantil\u00bb<\/span><\/a><\/p>\n","protected":false},"author":3,"featured_media":0,"parent":117,"menu_order":4,"comment_status":"closed","ping_status":"closed","template":"page-with-siblings-submenu.php","meta":{"footnotes":""},"folder":[],"class_list":["post-1095","page","type-page","status-publish","hentry"],"rttpg_featured_image_url":null,"rttpg_author":{"display_name":"cp.alfonsodecimo.madrid","author_link":"https:\/\/site.educa.madrid.org\/cp.alfonsodecimo.madrid\/index.php\/author\/cuenta_cp-alfonsodecimo-madrid\/"},"rttpg_comment":0,"rttpg_category":false,"rttpg_excerpt":"Periodo de adaptaci\u00f3n HORARIO EQUIPO SOL MARTES 8 10:00-11:00 MI\u00c9RCOLES 9 10:00-11:00 JUEVES 10 10.00-12.00 VIERNES 11 10.00-12.45 EQUIPO LUNA MARTES 8 11.30-12.30 MI\u00c9RCOLES 9 11.30-12.30 JUEVES 10 10.00-12.00 VIERNES 11 10.00-12.45 FICHEROS ADICIONALES:Reuni\u00f3n inicio de curso Horario de tutorias El horario de tutor\u00edas es el siguiente: &nbsp; &nbsp; &gt; Los meses de Septiembre y&hellip;","post_mailing_queue_ids":[],"_links":{"self":[{"href":"https:\/\/site.educa.madrid.org\/cp.alfonsodecimo.madrid\/index.php\/wp-json\/wp\/v2\/pages\/1095","targetHints":{"allow":["GET"]}}],"collection":[{"href":"https:\/\/site.educa.madrid.org\/cp.alfonsodecimo.madrid\/index.php\/wp-json\/wp\/v2\/pages"}],"about":[{"href":"https:\/\/site.educa.madrid.org\/cp.alfonsodecimo.madrid\/index.php\/wp-json\/wp\/v2\/types\/page"}],"author":[{"embeddable":true,"href":"https:\/\/site.educa.madrid.org\/cp.alfonsodecimo.madrid\/index.php\/wp-json\/wp\/v2\/users\/3"}],"replies":[{"embeddable":true,"href":"https:\/\/site.educa.madrid.org\/cp.alfonsodecimo.madrid\/index.php\/wp-json\/wp\/v2\/comments?post=1095"}],"version-history":[{"count":6,"href":"https:\/\/site.educa.madrid.org\/cp.alfonsodecimo.madrid\/index.php\/wp-json\/wp\/v2\/pages\/1095\/revisions"}],"predecessor-version":[{"id":1527,"href":"https:\/\/site.educa.madrid.org\/cp.alfonsodecimo.madrid\/index.php\/wp-json\/wp\/v2\/pages\/1095\/revisions\/1527"}],"up":[{"embeddable":true,"href":"https:\/\/site.educa.madrid.org\/cp.alfonsodecimo.madrid\/index.php\/wp-json\/wp\/v2\/pages\/117"}],"wp:attachment":[{"href":"https:\/\/site.educa.madrid.org\/cp.alfonsodecimo.madrid\/index.php\/wp-json\/wp\/v2\/media?parent=1095"}],"wp:term":[{"taxonomy":"folder","embeddable":true,"href":"https:\/\/site.educa.madrid.org\/cp.alfonsodecimo.madrid\/index.php\/wp-json\/wp\/v2\/folder?post=1095"}],"curies":[{"name":"wp","href":"https:\/\/api.w.org\/{rel}","templated":true}]}}