{"id":112,"date":"2022-05-30T16:22:35","date_gmt":"2022-05-30T14:22:35","guid":{"rendered":"https:\/\/site.educa.madrid.org\/cp.alfonsodecimo.madrid\/?page_id=112"},"modified":"2026-01-14T23:22:11","modified_gmt":"2026-01-14T22:22:11","slug":"quienes-somos-el-centro","status":"publish","type":"page","link":"https:\/\/site.educa.madrid.org\/cp.alfonsodecimo.madrid\/index.php\/inicio\/el-centro\/quienes-somos\/quienes-somos-el-centro\/","title":{"rendered":"El Centro"},"content":{"rendered":"\n<h2 class=\"wp-block-heading\">CEIP ALFONSO X EL SABIO<\/h2>\n\n\n\n<p class=\"has-text-align-center\"><img loading=\"lazy\" decoding=\"async\" width=\"150\" height=\"150\" class=\"wp-image-990\" style=\"width: 150px;\" src=\"https:\/\/site.educa.madrid.org\/cp.alfonsodecimo.madrid\/\/wp-content\/uploads\/cp.alfonsodecimo.madrid\/2022\/11\/cropped-logotipo-sin-fondo.fw_.png\" alt=\"\" srcset=\"https:\/\/site.educa.madrid.org\/cp.alfonsodecimo.madrid\/\/wp-content\/uploads\/cp.alfonsodecimo.madrid\/2022\/11\/cropped-logotipo-sin-fondo.fw_.png 250w, https:\/\/site.educa.madrid.org\/cp.alfonsodecimo.madrid\/\/wp-content\/uploads\/cp.alfonsodecimo.madrid\/2022\/11\/cropped-logotipo-sin-fondo.fw_-150x150.png 150w, https:\/\/site.educa.madrid.org\/cp.alfonsodecimo.madrid\/\/wp-content\/uploads\/cp.alfonsodecimo.madrid\/2022\/11\/cropped-logotipo-sin-fondo.fw_-100x100.png 100w\" sizes=\"auto, (max-width: 150px) 100vw, 150px\" \/><\/p>\n\n\n\n<p>El C.E.I.P. &nbsp;\u00abAlfonso X el Sabio\u00bb est\u00e1 situado en el casco hist\u00f3rico de Vic\u00e1lvaro, en la zona sureste de Madrid.<\/p>\n\n\n\n<p><strong>Funcionando desde el a\u00f1o 1973<\/strong>, es el primer colegio que abre sus puertas en el entonces pueblo de Vic\u00e1lvaro.<\/p>\n\n\n\n<p>Durante el curso 2007\/08 fue \u00edntegramente reformado, por lo que tuvimos que desplazarnos al C.E.I.P. Juan de Herrera en Vallecas.<\/p>\n\n\n\n<p>Ocupa aproximadamente unos <strong>4000 m<\/strong>, ocupando unos 2500 m las aulas y 1500 el patio de recreo.<\/p>\n\n\n\n<div style=\"height:20px\" aria-hidden=\"true\" class=\"wp-block-spacer\"><\/div>\n\n\n\n<p><strong>Consta de cuatro plantas en varios niveles:<\/strong><\/p>\n\n\n\n<p>&#8211; En el s\u00f3tano hay varios almacenes, el sal\u00f3n de actos y la sala de psicomotricidad.<br>&#8211; El ala derecha est\u00e1 ocupada por las clases de 1\u00ba a 6\u00ba de Primaria.<br>&#8211; En el ala izquierda est\u00e1n las clases de Infantil de 0- 3 a\u00f1os  en la planta baja y las aulas del segundo ciclo de Infantil en la primera planta, as\u00ed como el aula de  PT  y AL,  Aula TEA.<br>&#8211; Adem\u00e1s consta de biblioteca, gimnasio, aula de m\u00fasica, aula de Compensatoria, aula sensorial, aula de psicomotricidad, cocina y comedor escolar.<\/p>\n\n\n\n<div style=\"height:50px\" aria-hidden=\"true\" class=\"wp-block-spacer\"><\/div>\n\n\n<div style=\"width: 100%;\">\n<div style=\"position: relative; padding-bottom: 58.75%; padding-top: 0; height: 0;\"><iframe loading=\"lazy\" title=\"Jornadas abiertas\" style=\"position: absolute; top: 0; left: 0; width: 100%; height: 100%;\" src=\"https:\/\/view.genial.ly\/601d1bb811728e0d1927f35a\" type=\"text\/html\" allowscriptaccess=\"always\" allowfullscreen=\"true\" scrolling=\"yes\" allownetworking=\"all\" width=\"1600px\" height=\"940px\" frameborder=\"0\"><\/iframe> <\/div>\n<\/p><\/div>\n\n\n\n<div style=\"height:50px\" aria-hidden=\"true\" class=\"wp-block-spacer\"><\/div>\n\n\n<div style=\"width: 100%;\">\n<div style=\"position: relative; padding-bottom: 102.86103542234332%; padding-top: 0; height: 0;\"><iframe loading=\"lazy\" title=\"Colegio\" style=\"position: absolute; top: 0; left: 0; width: 100%; height: 100%;\" src=\"https:\/\/view.genial.ly\/60755bf9150daa0debaa0390\" type=\"text\/html\" allowscriptaccess=\"always\" allowfullscreen=\"true\" scrolling=\"yes\" allownetworking=\"all\" width=\"734px\" height=\"755px\" frameborder=\"0\"><\/iframe> <\/div>\n<\/p><\/div>\n","protected":false},"excerpt":{"rendered":"<p>CEIP ALFONSO X EL SABIO El C.E.I.P. &nbsp;\u00abAlfonso X el Sabio\u00bb est\u00e1 situado en el casco hist\u00f3rico de Vic\u00e1lvaro, en la zona sureste de Madrid. Funcionando desde el a\u00f1o 1973, es el primer colegio que abre sus puertas en el entonces pueblo de Vic\u00e1lvaro. Durante el curso 2007\/08 fue \u00edntegramente reformado, por lo que tuvimos &hellip; <\/p>\n<p class=\"link-more\"><a href=\"https:\/\/site.educa.madrid.org\/cp.alfonsodecimo.madrid\/index.php\/inicio\/el-centro\/quienes-somos\/quienes-somos-el-centro\/\" class=\"more-link\">Continuar leyendo<span class=\"screen-reader-text\"> \u00abEl Centro\u00bb<\/span><\/a><\/p>\n","protected":false},"author":6,"featured_media":0,"parent":1069,"menu_order":0,"comment_status":"closed","ping_status":"closed","template":"page-with-siblings-submenu.php","meta":{"footnotes":""},"folder":[],"class_list":["post-112","page","type-page","status-publish","hentry"],"rttpg_featured_image_url":null,"rttpg_author":{"display_name":"Cuenta Admin-educamadrid","author_link":"https:\/\/site.educa.madrid.org\/cp.alfonsodecimo.madrid\/index.php\/author\/cuenta_admin-educamadrid\/"},"rttpg_comment":0,"rttpg_category":false,"rttpg_excerpt":"CEIP ALFONSO X EL SABIO El C.E.I.P. &nbsp;\u00abAlfonso X el Sabio\u00bb est\u00e1 situado en el casco hist\u00f3rico de Vic\u00e1lvaro, en la zona sureste de Madrid. Funcionando desde el a\u00f1o 1973, es el primer colegio que abre sus puertas en el entonces pueblo de Vic\u00e1lvaro. Durante el curso 2007\/08 fue \u00edntegramente reformado, por lo que tuvimos&hellip;","post_mailing_queue_ids":[],"_links":{"self":[{"href":"https:\/\/site.educa.madrid.org\/cp.alfonsodecimo.madrid\/index.php\/wp-json\/wp\/v2\/pages\/112","targetHints":{"allow":["GET"]}}],"collection":[{"href":"https:\/\/site.educa.madrid.org\/cp.alfonsodecimo.madrid\/index.php\/wp-json\/wp\/v2\/pages"}],"about":[{"href":"https:\/\/site.educa.madrid.org\/cp.alfonsodecimo.madrid\/index.php\/wp-json\/wp\/v2\/types\/page"}],"author":[{"embeddable":true,"href":"https:\/\/site.educa.madrid.org\/cp.alfonsodecimo.madrid\/index.php\/wp-json\/wp\/v2\/users\/6"}],"replies":[{"embeddable":true,"href":"https:\/\/site.educa.madrid.org\/cp.alfonsodecimo.madrid\/index.php\/wp-json\/wp\/v2\/comments?post=112"}],"version-history":[{"count":24,"href":"https:\/\/site.educa.madrid.org\/cp.alfonsodecimo.madrid\/index.php\/wp-json\/wp\/v2\/pages\/112\/revisions"}],"predecessor-version":[{"id":3013,"href":"https:\/\/site.educa.madrid.org\/cp.alfonsodecimo.madrid\/index.php\/wp-json\/wp\/v2\/pages\/112\/revisions\/3013"}],"up":[{"embeddable":true,"href":"https:\/\/site.educa.madrid.org\/cp.alfonsodecimo.madrid\/index.php\/wp-json\/wp\/v2\/pages\/1069"}],"wp:attachment":[{"href":"https:\/\/site.educa.madrid.org\/cp.alfonsodecimo.madrid\/index.php\/wp-json\/wp\/v2\/media?parent=112"}],"wp:term":[{"taxonomy":"folder","embeddable":true,"href":"https:\/\/site.educa.madrid.org\/cp.alfonsodecimo.madrid\/index.php\/wp-json\/wp\/v2\/folder?post=112"}],"curies":[{"name":"wp","href":"https:\/\/api.w.org\/{rel}","templated":true}]}}