{"id":1275,"date":"2023-01-10T13:44:47","date_gmt":"2023-01-10T12:44:47","guid":{"rendered":"https:\/\/site.educa.madrid.org\/cp.alfonsodecimo.madrid\/?page_id=1275"},"modified":"2026-05-03T22:27:06","modified_gmt":"2026-05-03T20:27:06","slug":"comedor","status":"publish","type":"page","link":"https:\/\/site.educa.madrid.org\/cp.alfonsodecimo.madrid\/index.php\/servicios-y-actividades\/comedor\/","title":{"rendered":"Comedor"},"content":{"rendered":"\n<p class=\"has-vivid-red-color has-text-color\"><strong>PROYECTO EDUCATIVO EMPRESA COMEDOR 2025-2026<\/strong><\/p>\n\n\n\n<p><\/p>\n\n\n\n<figure class=\"wp-block-image size-large\"><a href=\"https:\/\/site.educa.madrid.org\/cp.alfonsodecimo.madrid\/\/wp-content\/uploads\/cp.alfonsodecimo.madrid\/2026\/01\/planning-Alfonso-X-eL-Sabio.jpg\" target=\"_blank\" rel=\" noreferrer noopener\"><img loading=\"lazy\" decoding=\"async\" width=\"1024\" height=\"576\" src=\"https:\/\/site.educa.madrid.org\/cp.alfonsodecimo.madrid\/\/wp-content\/uploads\/cp.alfonsodecimo.madrid\/2026\/01\/planning-Alfonso-X-eL-Sabio-1-1024x576.jpg\" alt=\"\" class=\"wp-image-3058\" srcset=\"https:\/\/site.educa.madrid.org\/cp.alfonsodecimo.madrid\/\/wp-content\/uploads\/cp.alfonsodecimo.madrid\/2026\/01\/planning-Alfonso-X-eL-Sabio-1-1024x576.jpg 1024w, https:\/\/site.educa.madrid.org\/cp.alfonsodecimo.madrid\/\/wp-content\/uploads\/cp.alfonsodecimo.madrid\/2026\/01\/planning-Alfonso-X-eL-Sabio-1-300x169.jpg 300w, https:\/\/site.educa.madrid.org\/cp.alfonsodecimo.madrid\/\/wp-content\/uploads\/cp.alfonsodecimo.madrid\/2026\/01\/planning-Alfonso-X-eL-Sabio-1-768x432.jpg 768w, https:\/\/site.educa.madrid.org\/cp.alfonsodecimo.madrid\/\/wp-content\/uploads\/cp.alfonsodecimo.madrid\/2026\/01\/planning-Alfonso-X-eL-Sabio-1-1536x864.jpg 1536w, https:\/\/site.educa.madrid.org\/cp.alfonsodecimo.madrid\/\/wp-content\/uploads\/cp.alfonsodecimo.madrid\/2026\/01\/planning-Alfonso-X-eL-Sabio-1.jpg 1920w\" sizes=\"auto, (max-width: 767px) 89vw, (max-width: 1000px) 54vw, (max-width: 1071px) 543px, 580px\" \/><\/a><\/figure>\n\n\n\n<p class=\"has-vivid-red-color has-text-color\"><strong>CUOTAS DE COMEDOR CURSO 2025\/2026<\/strong><\/p>\n\n\n\n<p class=\"has-vivid-cyan-blue-color has-text-color\"><strong>Segundo ciclo de infantil  y primaria:<\/strong><\/p>\n\n\n\n<figure class=\"wp-block-table is-style-stripes\"><table><tbody><tr><td><strong>OPCIONES<\/strong><\/td><td><strong>D\u00cdAS<\/strong><\/td><td><strong>PRECIO TOTAL<\/strong><\/td><td><strong>CUOTA<\/strong><\/td><\/tr><tr><td>SEP-JUN<\/td><td>179<\/td><td>984,50 \u20ac<\/td><td>123,06 \u20ac<\/td><\/tr><tr><td>SEP-MAY<\/td><td>164<\/td><td>902,00 \u20ac <\/td><td>112,75 \u20ac<\/td><\/tr><tr><td>OCT-JUN<\/td><td>163<\/td><td>896,50 \u20ac<\/td><td>112,06 \u20ac<\/td><\/tr><tr><td>OCT-MAY<\/td><td>148<\/td><td>814,00 \u20ac<\/td><td>101,75 \u20ac<\/td><\/tr><\/tbody><\/table><figcaption class=\"wp-element-caption\">los precios se han calculado al multiplicar los d\u00edas lectivos de cada mes y dividirlo en las 8 cuotas que se van a pasar de octubre a mayo.<\/figcaption><\/figure>\n\n\n\n<p class=\"has-vivid-cyan-blue-color has-text-color\"><strong>Primer ciclo de infantil, etapa 0-3 a\u00f1os:<\/strong><\/p>\n\n\n\n<p>Todas las cuotas de<mark style=\"background-color:rgba(0, 0, 0, 0)\" class=\"has-inline-color has-vivid-cyan-blue-color\"> octubre a junio<\/mark> ser\u00e1n del mismo importe<mark style=\"background-color:rgba(0, 0, 0, 0)\" class=\"has-inline-color has-vivid-cyan-blue-color\"> 116,72\u20ac<\/mark> y los alumnos que acudan a la escuela en el mes de julio, pagar\u00e1n una cuota extra en<mark style=\"background-color:rgba(0, 0, 0, 0)\" class=\"has-inline-color has-vivid-cyan-blue-color\"> julio<\/mark> de <mark style=\"background-color:rgba(0, 0, 0, 0)\" class=\"has-inline-color has-vivid-cyan-blue-color\">126,50\u20ac<\/mark>.<\/p>\n\n\n\n<p class=\"has-text-align-center has-vivid-red-color has-text-color\"><strong>CUOTAS DE COMEDOR CURSO 2025\/2026 PARA ALUMNOS BENEFICIAROS DE LA BECA DE COMEDOR.<\/strong><\/p>\n\n\n\n<p class=\"has-vivid-cyan-blue-color has-text-color\"><strong>Segundo ciclo de infantil y primaria:<\/strong><\/p>\n\n\n\n<figure class=\"wp-block-table is-style-stripes\"><table><tbody><tr><td class=\"has-text-align-center\" data-align=\"center\"><strong>MODALIDADES<\/strong><\/td><td class=\"has-text-align-center\" data-align=\"center\"><strong>IMPORTE BECADO<\/strong><\/td><td class=\"has-text-align-center\" data-align=\"center\"><strong>CUOTA OPCI\u00d3N: SEPT-JUN<\/strong><\/td><td class=\"has-text-align-center\" data-align=\"center\"><strong>CUOTA  OPCI\u00d3N: OCT- MAY<\/strong><\/td><td class=\"has-text-align-center\" data-align=\"center\"><strong>CUOTA OPCI\u00d3N: OCT-JUN<\/strong><\/td><td><\/td><\/tr><tr><td class=\"has-text-align-center\" data-align=\"center\">RMI\/IMV<\/td><td class=\"has-text-align-center\" data-align=\"center\">979 \u20ac<\/td><td class=\"has-text-align-center\" data-align=\"center\">5,50 \u20ac <br>(\u00fanico pago)<\/td><td class=\"has-text-align-center\" data-align=\"center\">&#8211;<\/td><td class=\"has-text-align-center\" data-align=\"center\">&#8211;<\/td><td><\/td><\/tr><tr><td class=\"has-text-align-center\" data-align=\"center\">IMV 3.000\u20ac-4.260\u20ac<\/td><td class=\"has-text-align-center\" data-align=\"center\">445 \u20ac<\/td><td class=\"has-text-align-center\" data-align=\"center\">67,44 \u20ac<\/td><td class=\"has-text-align-center\" data-align=\"center\">46,23 \u20ac<\/td><td class=\"has-text-align-center\" data-align=\"center\">56,44 \u20ac<\/td><td><\/td><\/tr><tr><td class=\"has-text-align-center\" data-align=\"center\">RENTA &lt; 4.260\u20ac<\/td><td class=\"has-text-align-center\" data-align=\"center\">445 \u20ac<\/td><td class=\"has-text-align-center\" data-align=\"center\">67,44 \u20ac<\/td><td class=\"has-text-align-center\" data-align=\"center\">46,23 \u20ac<\/td><td class=\"has-text-align-center\" data-align=\"center\">56,44 \u20ac<\/td><td><\/td><\/tr><tr><td class=\"has-text-align-center\" data-align=\"center\">FCSE (Fuerzas y Cuerpos de Seguridad del Estado)<\/td><td class=\"has-text-align-center\" data-align=\"center\">445 \u20ac<\/td><td class=\"has-text-align-center\" data-align=\"center\">67,44 \u20ac<\/td><td class=\"has-text-align-center\" data-align=\"center\">46,23 \u20ac<\/td><td class=\"has-text-align-center\" data-align=\"center\">56,44 \u20ac<\/td><td><\/td><\/tr><tr><td class=\"has-text-align-center\" data-align=\"center\">VG (Violencia de G\u00e9nero)<\/td><td class=\"has-text-align-center\" data-align=\"center\">445 \u20ac<\/td><td class=\"has-text-align-center\" data-align=\"center\">67,44 \u20ac<\/td><td class=\"has-text-align-center\" data-align=\"center\">46,23 \u20ac<\/td><td class=\"has-text-align-center\" data-align=\"center\">56,44 \u20ac<\/td><td><\/td><\/tr><tr><td class=\"has-text-align-center\" data-align=\"center\">VT (V\u00edctimas del terrorismo)<\/td><td class=\"has-text-align-center\" data-align=\"center\">445 \u20ac<\/td><td class=\"has-text-align-center\" data-align=\"center\">67,44 \u20ac<\/td><td class=\"has-text-align-center\" data-align=\"center\">46,23 \u20ac<\/td><td class=\"has-text-align-center\" data-align=\"center\">56,44 \u20ac<\/td><td><\/td><\/tr><tr><td class=\"has-text-align-center\" data-align=\"center\">AF (Acogimiento familiar)<\/td><td class=\"has-text-align-center\" data-align=\"center\">445 \u20ac<\/td><td class=\"has-text-align-center\" data-align=\"center\">67,44 \u20ac<\/td><td class=\"has-text-align-center\" data-align=\"center\">46,23 \u20ac<\/td><td class=\"has-text-align-center\" data-align=\"center\">56,44 \u20ac<\/td><td><\/td><\/tr><\/tbody><\/table><figcaption class=\"wp-element-caption\"><strong>los precios se han calculado al multiplicar los d\u00edas lectivos de cada mes y dividirlo en las 8 cuotas que se van a pasar de octubre a mayo.<\/strong><\/figcaption><\/figure>\n\n\n\n<p class=\"has-vivid-cyan-blue-color has-text-color\"><strong>Primer ciclo de infantil, etapa 0-3 a\u00f1os:<\/strong><\/p>\n\n\n\n<figure class=\"wp-block-table is-style-stripes\"><table><tbody><tr><td class=\"has-text-align-center\" data-align=\"center\"><strong>MODALIDADES<\/strong><\/td><td class=\"has-text-align-center\" data-align=\"center\"><strong>IMPORTE BECADO<\/strong><\/td><td class=\"has-text-align-center\" data-align=\"center\"><strong>CUOTA OPCI\u00d3N: SEPT-JUN<\/strong><\/td><td class=\"has-text-align-center\" data-align=\"center\"><strong>CUOTA OPCI\u00d3N: <\/strong><br><strong>JULIO<\/strong><\/td><\/tr><tr><td class=\"has-text-align-center\" data-align=\"center\">RMI\/IMV<\/td><td class=\"has-text-align-center\" data-align=\"center\">979 \u20ac<\/td><td class=\"has-text-align-center\" data-align=\"center\">7,89 \u20ac<\/td><td class=\"has-text-align-center\" data-align=\"center\">126,72 \u20ac<\/td><\/tr><tr><td class=\"has-text-align-center\" data-align=\"center\">IMV 3.000\u20ac-4.260\u20ac<\/td><td class=\"has-text-align-center\" data-align=\"center\">445 \u20ac<\/td><td class=\"has-text-align-center\" data-align=\"center\">67,28 \u20ac<\/td><td class=\"has-text-align-center\" data-align=\"center\">126,72 \u20ac<\/td><\/tr><tr><td class=\"has-text-align-center\" data-align=\"center\">RENTA &lt; 4.260\u20ac<\/td><td class=\"has-text-align-center\" data-align=\"center\">445 \u20ac<\/td><td class=\"has-text-align-center\" data-align=\"center\">67,28 \u20ac<\/td><td class=\"has-text-align-center\" data-align=\"center\">126,72 \u20ac<\/td><\/tr><tr><td class=\"has-text-align-center\" data-align=\"center\">FCSE (Fuerzas y Cuerpos de Seguridad del Estado)<\/td><td class=\"has-text-align-center\" data-align=\"center\">445 \u20ac<\/td><td class=\"has-text-align-center\" data-align=\"center\">67,28 \u20ac<\/td><td class=\"has-text-align-center\" data-align=\"center\">126,72 \u20ac<\/td><\/tr><tr><td class=\"has-text-align-center\" data-align=\"center\">VG (Violencia de G\u00e9nero)<\/td><td class=\"has-text-align-center\" data-align=\"center\">445 \u20ac<\/td><td class=\"has-text-align-center\" data-align=\"center\">67,28 \u20ac<\/td><td class=\"has-text-align-center\" data-align=\"center\">126,72 \u20ac<\/td><\/tr><tr><td class=\"has-text-align-center\" data-align=\"center\">VT (V\u00edctimas del terrorismo)<\/td><td class=\"has-text-align-center\" data-align=\"center\">445 \u20ac<\/td><td class=\"has-text-align-center\" data-align=\"center\">67,28 \u20ac<\/td><td class=\"has-text-align-center\" data-align=\"center\">126,72 \u20ac<\/td><\/tr><tr><td class=\"has-text-align-center\" data-align=\"center\">AF (Acogimiento familiar)<\/td><td class=\"has-text-align-center\" data-align=\"center\">445 \u20ac<\/td><td class=\"has-text-align-center\" data-align=\"center\">67,28 \u20ac<\/td><td class=\"has-text-align-center\" data-align=\"center\">126,72 \u20ac<\/td><\/tr><\/tbody><\/table><figcaption class=\"wp-element-caption\"><strong>los precios se han calculado al multiplicar los d\u00edas lectivos de cada mes y dividirlo en las 9 cuotas que se van a pasar de octubre a junio.<\/strong> <strong>Si se hace uso del servicio en el mes de julio la cuota ser\u00e1 de 126,72 \u20ac.<\/strong><\/figcaption><\/figure>\n\n\n\n<p>Se recuerda que conforme <em>al Acuerdo de 17 de mayo de 2023 <\/em>por el que se aprueban las normas reguladoras del procedimiento de concesi\u00f3n directa de becas para comedor escolar.<\/p>\n\n\n\n<p><strong>Art\u00edculo 15. Para poder beneficiarse de la ayuda, el beneficiario deber\u00e1 hacer uso efectivo del comedor escolar, al menos el 50 por ciento de los d\u00edas lectivos de cada uno de los meses del curso.<\/strong><\/p>\n\n\n\n<h2 class=\"wp-block-heading has-vivid-red-color has-text-color\"><strong>Precio de comedor<\/strong><\/h2>\n\n\n\n<p>El centro ofrece servicio de comedor para los escolares que lo requieran.<\/p>\n\n\n\n<p><a href=\"https:\/\/site.educa.madrid.org\/cp.alfonsodecimo.madrid\/\/wp-content\/uploads\/cp.alfonsodecimo.madrid\/2023\/06\/Orden-1977-2023.pdf\" target=\"_blank\" rel=\"noreferrer noopener\">De acuerdo a la Orden 1977\/2023, de 5 de junio, por la que se establece el precio del men\u00fa escolar en los centros docentes p\u00fablicos no universitarios de la Comunidad de Madrid.<\/a><\/p>\n\n\n\n<p>A partir del <strong>curso 2023-2024<\/strong>, los nuevos precios de comedor son los siguientes<\/p>\n\n\n\n<p>&nbsp; &nbsp; &nbsp;Precio diario general por d\u00eda para usuario regulares del servicio: <strong> 5,50 \u20ac<\/strong><br>&nbsp; &nbsp;&nbsp; Precio diario para usuarios ocasionales: <strong>6 \u20ac \/d\u00eda<\/strong><\/p>\n\n\n\n<h2 class=\"wp-block-heading has-vivid-red-color has-text-color\"><strong>Men\u00fa del comedor<\/strong><\/h2>\n\n\n\n<ul class=\"wp-block-list\">\n<li><a href=\"https:\/\/site.educa.madrid.org\/cp.alfonsodecimo.madrid\/\/wp-content\/uploads\/cp.alfonsodecimo.madrid\/2025\/08\/Menu-septiembre-Alfonso-X-El-Sabio.pdf\" target=\"_blank\" rel=\"noreferrer noopener\">Men\u00fa septiembre 2025.<\/a><\/li>\n\n\n\n<li><a href=\"https:\/\/site.educa.madrid.org\/cp.alfonsodecimo.madrid\/\/wp-content\/uploads\/cp.alfonsodecimo.madrid\/2025\/10\/Menu-octubre-Alfonso-X-BASAL.pdf\" target=\"_blank\" rel=\"noreferrer noopener\">Men\u00fa basal octubre  2025.<\/a><\/li>\n\n\n\n<li><a href=\"https:\/\/site.educa.madrid.org\/cp.alfonsodecimo.madrid\/\/wp-content\/uploads\/cp.alfonsodecimo.madrid\/2025\/10\/Menu-octubre-Alfonso-X-DERIVACIONES.pdf\" target=\"_blank\" rel=\"noreferrer noopener\">Men\u00fa derivaciones octubre 2025.<\/a><\/li>\n\n\n\n<li><a href=\"https:\/\/site.educa.madrid.org\/cp.alfonsodecimo.madrid\/\/wp-content\/uploads\/cp.alfonsodecimo.madrid\/2025\/10\/Menu-noviembre-Alfonso-X-BASAL.pdf\" target=\"_blank\" rel=\"noreferrer noopener\">Men\u00fa basal noviembre 2025.<\/a><\/li>\n\n\n\n<li><a href=\"https:\/\/site.educa.madrid.org\/cp.alfonsodecimo.madrid\/\/wp-content\/uploads\/cp.alfonsodecimo.madrid\/2025\/10\/Menu-noviembre-Alfonso-X-DERIVACIONES.pdf\" target=\"_blank\" rel=\"noreferrer noopener\">Men\u00fa derivaciones noviembre 2025.<\/a><\/li>\n\n\n\n<li><a href=\"https:\/\/site.educa.madrid.org\/cp.alfonsodecimo.madrid\/\/wp-content\/uploads\/cp.alfonsodecimo.madrid\/2025\/11\/Menu-diciembre-Alfonso-X-BASAL.pdf\" target=\"_blank\" rel=\"noreferrer noopener\">Men\u00fa basal diciembre 2025.<\/a><\/li>\n\n\n\n<li><a href=\"https:\/\/site.educa.madrid.org\/cp.alfonsodecimo.madrid\/\/wp-content\/uploads\/cp.alfonsodecimo.madrid\/2025\/11\/Menu-diciembre-Alfonso-X-DERIVACIONES.pdf\" target=\"_blank\" rel=\"noreferrer noopener\">Men\u00fa derivaciones diciembre 2025.<\/a><\/li>\n\n\n\n<li><a href=\"https:\/\/site.educa.madrid.org\/cp.alfonsodecimo.madrid\/\/wp-content\/uploads\/cp.alfonsodecimo.madrid\/2026\/01\/Menu-enero-Alfonso-X-BASAL.pdf\" target=\"_blank\" rel=\"noreferrer noopener\">Men\u00fa basal enero 2026.<\/a><\/li>\n\n\n\n<li><a href=\"https:\/\/site.educa.madrid.org\/cp.alfonsodecimo.madrid\/\/wp-content\/uploads\/cp.alfonsodecimo.madrid\/2026\/01\/Menu-enero-Alfonso-X-DERIVACIONES.pdf\" target=\"_blank\" rel=\"noreferrer noopener\">Men\u00fa derivaciones enero 2026.<\/a><\/li>\n\n\n\n<li><a href=\"https:\/\/site.educa.madrid.org\/cp.alfonsodecimo.madrid\/\/wp-content\/uploads\/cp.alfonsodecimo.madrid\/2026\/02\/Menu-febrero-Alfonso-X-BASAL.pdf\" target=\"_blank\" rel=\"noreferrer noopener\">Men\u00fa basal febrero 2026.<\/a><\/li>\n\n\n\n<li><a href=\"https:\/\/site.educa.madrid.org\/cp.alfonsodecimo.madrid\/\/wp-content\/uploads\/cp.alfonsodecimo.madrid\/2026\/02\/Menu-febrero-Alfonso-X-DERIVACIONES.pdf\" target=\"_blank\" rel=\"noreferrer noopener\">Men\u00fa derivaciones febrero 2026.<\/a><\/li>\n\n\n\n<li><a href=\"https:\/\/site.educa.madrid.org\/cp.alfonsodecimo.madrid\/\/wp-content\/uploads\/cp.alfonsodecimo.madrid\/2026\/03\/Menu-marzo-Alfonso-X-BASAL.pdf\" target=\"_blank\" rel=\"noreferrer noopener\">Men\u00fa basal marzo 2026<\/a><\/li>\n\n\n\n<li><a href=\"https:\/\/site.educa.madrid.org\/cp.alfonsodecimo.madrid\/\/wp-content\/uploads\/cp.alfonsodecimo.madrid\/2026\/03\/Menu-marzo-Alfonso-X-DERIVACIONES.pdf\" target=\"_blank\" rel=\"noreferrer noopener\">Men\u00fa derivaciones marzo 2026<\/a><\/li>\n\n\n\n<li><a href=\"https:\/\/site.educa.madrid.org\/cp.alfonsodecimo.madrid\/\/wp-content\/uploads\/cp.alfonsodecimo.madrid\/2026\/04\/Menu_Basal.pdf\" target=\"_blank\" rel=\"noreferrer noopener\">Men\u00fa basal abril 2026<\/a><\/li>\n\n\n\n<li><a href=\"https:\/\/site.educa.madrid.org\/cp.alfonsodecimo.madrid\/\/wp-content\/uploads\/cp.alfonsodecimo.madrid\/2026\/04\/Dietas_Unificado.pdf\" target=\"_blank\" rel=\"noreferrer noopener\">Men\u00fa derivaciones abril 2026<\/a><\/li>\n\n\n\n<li><a href=\"https:\/\/site.educa.madrid.org\/cp.alfonsodecimo.madrid\/\/wp-content\/uploads\/cp.alfonsodecimo.madrid\/2026\/05\/Menu_Basal.pdf\" target=\"_blank\" rel=\"noreferrer noopener\">Men\u00fa basal mayo 2026<\/a><\/li>\n\n\n\n<li><a href=\"https:\/\/site.educa.madrid.org\/cp.alfonsodecimo.madrid\/\/wp-content\/uploads\/cp.alfonsodecimo.madrid\/2026\/05\/Dietas_Unificado.pdf\" target=\"_blank\" rel=\"noreferrer noopener\">Men\u00fa derivaciones mayo 2026<\/a><\/li>\n<\/ul>\n","protected":false},"excerpt":{"rendered":"<p>PROYECTO EDUCATIVO EMPRESA COMEDOR 2025-2026 CUOTAS DE COMEDOR CURSO 2025\/2026 Segundo ciclo de infantil y primaria: OPCIONES D\u00cdAS PRECIO TOTAL CUOTA SEP-JUN 179 984,50 \u20ac 123,06 \u20ac SEP-MAY 164 902,00 \u20ac 112,75 \u20ac OCT-JUN 163 896,50 \u20ac 112,06 \u20ac OCT-MAY 148 814,00 \u20ac 101,75 \u20ac los precios se han calculado al multiplicar los d\u00edas lectivos &hellip; <\/p>\n<p class=\"link-more\"><a href=\"https:\/\/site.educa.madrid.org\/cp.alfonsodecimo.madrid\/index.php\/servicios-y-actividades\/comedor\/\" class=\"more-link\">Continuar leyendo<span class=\"screen-reader-text\"> \u00abComedor\u00bb<\/span><\/a><\/p>\n","protected":false},"author":3,"featured_media":0,"parent":300,"menu_order":3,"comment_status":"closed","ping_status":"closed","template":"page-with-siblings-submenu.php","meta":{"footnotes":""},"folder":[],"class_list":["post-1275","page","type-page","status-publish","hentry"],"rttpg_featured_image_url":null,"rttpg_author":{"display_name":"cp.alfonsodecimo.madrid","author_link":"https:\/\/site.educa.madrid.org\/cp.alfonsodecimo.madrid\/index.php\/author\/cuenta_cp-alfonsodecimo-madrid\/"},"rttpg_comment":0,"rttpg_category":false,"rttpg_excerpt":"PROYECTO EDUCATIVO EMPRESA COMEDOR 2025-2026 CUOTAS DE COMEDOR CURSO 2025\/2026 Segundo ciclo de infantil y primaria: OPCIONES D\u00cdAS PRECIO TOTAL CUOTA SEP-JUN 179 984,50 \u20ac 123,06 \u20ac SEP-MAY 164 902,00 \u20ac 112,75 \u20ac OCT-JUN 163 896,50 \u20ac 112,06 \u20ac OCT-MAY 148 814,00 \u20ac 101,75 \u20ac los precios se han calculado al multiplicar los d\u00edas lectivos&hellip;","post_mailing_queue_ids":[],"_links":{"self":[{"href":"https:\/\/site.educa.madrid.org\/cp.alfonsodecimo.madrid\/index.php\/wp-json\/wp\/v2\/pages\/1275","targetHints":{"allow":["GET"]}}],"collection":[{"href":"https:\/\/site.educa.madrid.org\/cp.alfonsodecimo.madrid\/index.php\/wp-json\/wp\/v2\/pages"}],"about":[{"href":"https:\/\/site.educa.madrid.org\/cp.alfonsodecimo.madrid\/index.php\/wp-json\/wp\/v2\/types\/page"}],"author":[{"embeddable":true,"href":"https:\/\/site.educa.madrid.org\/cp.alfonsodecimo.madrid\/index.php\/wp-json\/wp\/v2\/users\/3"}],"replies":[{"embeddable":true,"href":"https:\/\/site.educa.madrid.org\/cp.alfonsodecimo.madrid\/index.php\/wp-json\/wp\/v2\/comments?post=1275"}],"version-history":[{"count":50,"href":"https:\/\/site.educa.madrid.org\/cp.alfonsodecimo.madrid\/index.php\/wp-json\/wp\/v2\/pages\/1275\/revisions"}],"predecessor-version":[{"id":3173,"href":"https:\/\/site.educa.madrid.org\/cp.alfonsodecimo.madrid\/index.php\/wp-json\/wp\/v2\/pages\/1275\/revisions\/3173"}],"up":[{"embeddable":true,"href":"https:\/\/site.educa.madrid.org\/cp.alfonsodecimo.madrid\/index.php\/wp-json\/wp\/v2\/pages\/300"}],"wp:attachment":[{"href":"https:\/\/site.educa.madrid.org\/cp.alfonsodecimo.madrid\/index.php\/wp-json\/wp\/v2\/media?parent=1275"}],"wp:term":[{"taxonomy":"folder","embeddable":true,"href":"https:\/\/site.educa.madrid.org\/cp.alfonsodecimo.madrid\/index.php\/wp-json\/wp\/v2\/folder?post=1275"}],"curies":[{"name":"wp","href":"https:\/\/api.w.org\/{rel}","templated":true}]}}