{"id":188,"date":"2022-05-31T11:04:12","date_gmt":"2022-05-31T09:04:12","guid":{"rendered":"https:\/\/site.educa.madrid.org\/cp.alfonsodecimo.madrid\/?page_id=188"},"modified":"2023-01-10T14:15:38","modified_gmt":"2023-01-10T13:15:38","slug":"lectura","status":"publish","type":"page","link":"https:\/\/site.educa.madrid.org\/cp.alfonsodecimo.madrid\/index.php\/proyectos\/otros-programas\/lectura\/","title":{"rendered":"Lectura"},"content":{"rendered":"\n<p>La finalidad de este proyecto es el<strong> fomento del h\u00e1bito lector y de las habilidades de autoaprendizaje<\/strong> de los alumnos. El Plan Lector plasma los objetivos del proyecto y establece las v\u00edas principales para conseguirlos:<strong> animaci\u00f3n a la lectura y dinamizaci\u00f3n de la biblioteca del centro.<\/strong><\/p>\n\n\n\n<h2 class=\"has-vivid-red-color has-text-color wp-block-heading\">Objetivos del Plan Lector.<\/h2>\n\n\n\n<p>1. Fomentar el desarrollo de las competencias b\u00e1sicas que facilite al alumno el<strong> acceso a la lectura y disfrutar de ella <\/strong>consider\u00e1ndola como un <strong>h\u00e1bito saludable para el cerebro.<\/strong><\/p>\n\n\n\n<p>2. Potenciar el valor de la lectura como <strong>fuente de enriquecimiento cultural y personal,<\/strong> al igual como una<strong> fuente de informaci\u00f3n.<\/strong><\/p>\n\n\n\n<p>3. Estimular, a trav\u00e9s de la lectura, el <strong>comportamiento correcto y la construcci\u00f3n de valores sociales como la solidaridad, la tolerancia, la igualdad, el respeto de las diferencias y la no discriminaci\u00f3n.<\/strong><\/p>\n\n\n\n<p>4. Fomentar la <strong>participaci\u00f3n de toda la comunidad educativa<\/strong> (alumnos, profesores, familias) en el desarrollo de la competencia lectora.<\/p>\n\n\n\n<p>Se trata, por tanto, de despertar nuestros alumnos el gusto por la lectura y posibilitarles la <strong>adquisici\u00f3n de competencias, h\u00e1bitos y conocimientos necesarios para la educaci\u00f3n integral. <\/strong>As\u00ed mejorar\u00e1n su producci\u00f3n oral y escrita, ortograf\u00eda, vocabulario, memoria,&#8230;<\/p>\n","protected":false},"excerpt":{"rendered":"<p>La finalidad de este proyecto es el fomento del h\u00e1bito lector y de las habilidades de autoaprendizaje de los alumnos. El Plan Lector plasma los objetivos del proyecto y establece las v\u00edas principales para conseguirlos: animaci\u00f3n a la lectura y dinamizaci\u00f3n de la biblioteca del centro. Objetivos del Plan Lector. 1. Fomentar el desarrollo de &hellip; <\/p>\n<p class=\"link-more\"><a href=\"https:\/\/site.educa.madrid.org\/cp.alfonsodecimo.madrid\/index.php\/proyectos\/otros-programas\/lectura\/\" class=\"more-link\">Continuar leyendo<span class=\"screen-reader-text\"> \u00abLectura\u00bb<\/span><\/a><\/p>\n","protected":false},"author":6,"featured_media":0,"parent":840,"menu_order":1,"comment_status":"closed","ping_status":"closed","template":"page-with-siblings-submenu.php","meta":{"footnotes":""},"folder":[],"class_list":["post-188","page","type-page","status-publish","hentry"],"rttpg_featured_image_url":null,"rttpg_author":{"display_name":"Cuenta Admin-educamadrid","author_link":"https:\/\/site.educa.madrid.org\/cp.alfonsodecimo.madrid\/index.php\/author\/cuenta_admin-educamadrid\/"},"rttpg_comment":0,"rttpg_category":false,"rttpg_excerpt":"La finalidad de este proyecto es el fomento del h\u00e1bito lector y de las habilidades de autoaprendizaje de los alumnos. El Plan Lector plasma los objetivos del proyecto y establece las v\u00edas principales para conseguirlos: animaci\u00f3n a la lectura y dinamizaci\u00f3n de la biblioteca del centro. Objetivos del Plan Lector. 1. Fomentar el desarrollo de&hellip;","post_mailing_queue_ids":[],"_links":{"self":[{"href":"https:\/\/site.educa.madrid.org\/cp.alfonsodecimo.madrid\/index.php\/wp-json\/wp\/v2\/pages\/188","targetHints":{"allow":["GET"]}}],"collection":[{"href":"https:\/\/site.educa.madrid.org\/cp.alfonsodecimo.madrid\/index.php\/wp-json\/wp\/v2\/pages"}],"about":[{"href":"https:\/\/site.educa.madrid.org\/cp.alfonsodecimo.madrid\/index.php\/wp-json\/wp\/v2\/types\/page"}],"author":[{"embeddable":true,"href":"https:\/\/site.educa.madrid.org\/cp.alfonsodecimo.madrid\/index.php\/wp-json\/wp\/v2\/users\/6"}],"replies":[{"embeddable":true,"href":"https:\/\/site.educa.madrid.org\/cp.alfonsodecimo.madrid\/index.php\/wp-json\/wp\/v2\/comments?post=188"}],"version-history":[{"count":6,"href":"https:\/\/site.educa.madrid.org\/cp.alfonsodecimo.madrid\/index.php\/wp-json\/wp\/v2\/pages\/188\/revisions"}],"predecessor-version":[{"id":1291,"href":"https:\/\/site.educa.madrid.org\/cp.alfonsodecimo.madrid\/index.php\/wp-json\/wp\/v2\/pages\/188\/revisions\/1291"}],"up":[{"embeddable":true,"href":"https:\/\/site.educa.madrid.org\/cp.alfonsodecimo.madrid\/index.php\/wp-json\/wp\/v2\/pages\/840"}],"wp:attachment":[{"href":"https:\/\/site.educa.madrid.org\/cp.alfonsodecimo.madrid\/index.php\/wp-json\/wp\/v2\/media?parent=188"}],"wp:term":[{"taxonomy":"folder","embeddable":true,"href":"https:\/\/site.educa.madrid.org\/cp.alfonsodecimo.madrid\/index.php\/wp-json\/wp\/v2\/folder?post=188"}],"curies":[{"name":"wp","href":"https:\/\/api.w.org\/{rel}","templated":true}]}}