{"id":968,"date":"2022-10-30T12:36:33","date_gmt":"2022-10-30T11:36:33","guid":{"rendered":"https:\/\/site.educa.madrid.org\/cp.alfonsodecimo.madrid\/?page_id=968"},"modified":"2026-03-01T22:43:48","modified_gmt":"2026-03-01T21:43:48","slug":"sae","status":"publish","type":"page","link":"https:\/\/site.educa.madrid.org\/cp.alfonsodecimo.madrid\/index.php\/ensenanzas\/sae\/","title":{"rendered":"SAE"},"content":{"rendered":"\n<h2 class=\"wp-block-heading has-text-align-left has-vivid-red-color has-text-color\">Centros que pertenecen al SAE del primer ciclo de Educaci\u00f3n Infantil (con sede principal en el CEIP CARMEN LAFORET)<\/h2>\n\n\n\n<p>Los centros escolares que pertenecen al SAE del primer ciclo de Educaci\u00f3n Infantil son:<\/p>\n\n\n\n<div class=\"wp-block-columns is-layout-flex wp-container-core-columns-is-layout-9d6595d7 wp-block-columns-is-layout-flex\">\n<div class=\"wp-block-column is-layout-flow wp-block-column-is-layout-flow\">\n<figure class=\"wp-block-image size-full is-style-default\"><img loading=\"lazy\" decoding=\"async\" width=\"1600\" height=\"787\" src=\"https:\/\/site.educa.madrid.org\/cp.alfonsodecimo.madrid\/\/wp-content\/uploads\/cp.alfonsodecimo.madrid\/2023\/03\/entrada-cole2.jpg\" alt=\"\" class=\"wp-image-1507\" srcset=\"https:\/\/site.educa.madrid.org\/cp.alfonsodecimo.madrid\/\/wp-content\/uploads\/cp.alfonsodecimo.madrid\/2023\/03\/entrada-cole2.jpg 1600w, https:\/\/site.educa.madrid.org\/cp.alfonsodecimo.madrid\/\/wp-content\/uploads\/cp.alfonsodecimo.madrid\/2023\/03\/entrada-cole2-300x148.jpg 300w, https:\/\/site.educa.madrid.org\/cp.alfonsodecimo.madrid\/\/wp-content\/uploads\/cp.alfonsodecimo.madrid\/2023\/03\/entrada-cole2-1024x504.jpg 1024w, https:\/\/site.educa.madrid.org\/cp.alfonsodecimo.madrid\/\/wp-content\/uploads\/cp.alfonsodecimo.madrid\/2023\/03\/entrada-cole2-768x378.jpg 768w, https:\/\/site.educa.madrid.org\/cp.alfonsodecimo.madrid\/\/wp-content\/uploads\/cp.alfonsodecimo.madrid\/2023\/03\/entrada-cole2-1536x756.jpg 1536w\" sizes=\"auto, (max-width: 767px) 89vw, (max-width: 1000px) 54vw, (max-width: 1071px) 543px, 580px\" \/><\/figure>\n\n\n\n<p><strong>CEIP ALFONSO X EL SABIO<\/strong><\/p>\n\n\n\n<p>C\/ Fuente de San Pedro, 6<\/p>\n\n\n\n<p> <em>C\u00f3digo de Centro 28005003<\/em><\/p>\n<\/div>\n\n\n\n<div class=\"wp-block-column is-layout-flow wp-block-column-is-layout-flow\">\n<figure class=\"wp-block-image size-thumbnail is-style-default\"><img loading=\"lazy\" decoding=\"async\" width=\"150\" height=\"150\" src=\"https:\/\/site.educa.madrid.org\/cp.alfonsodecimo.madrid\/\/wp-content\/uploads\/cp.alfonsodecimo.madrid\/2025\/03\/CONDE-NINO-150x150.jpg\" alt=\"\" class=\"wp-image-2662\" srcset=\"https:\/\/site.educa.madrid.org\/cp.alfonsodecimo.madrid\/\/wp-content\/uploads\/cp.alfonsodecimo.madrid\/2025\/03\/CONDE-NINO-150x150.jpg 150w, https:\/\/site.educa.madrid.org\/cp.alfonsodecimo.madrid\/\/wp-content\/uploads\/cp.alfonsodecimo.madrid\/2025\/03\/CONDE-NINO-300x300.jpg 300w, https:\/\/site.educa.madrid.org\/cp.alfonsodecimo.madrid\/\/wp-content\/uploads\/cp.alfonsodecimo.madrid\/2025\/03\/CONDE-NINO-500x500.jpg 500w, https:\/\/site.educa.madrid.org\/cp.alfonsodecimo.madrid\/\/wp-content\/uploads\/cp.alfonsodecimo.madrid\/2025\/03\/CONDE-NINO-100x100.jpg 100w\" sizes=\"auto, (max-width: 150px) 100vw, 150px\" \/><\/figure>\n\n\n\n<p><strong>EEI E.I. CONDE NI\u00d1O<\/strong><\/p>\n\n\n\n<p>Distrito Vic\u00e1lvaro, El Ca\u00f1averal<\/p>\n\n\n\n<p><em>C\u00f3digo de centro&nbsp;28082137<\/em><\/p>\n<\/div>\n\n\n\n<div class=\"wp-block-column is-layout-flow wp-block-column-is-layout-flow\">\n<figure class=\"wp-block-image size-thumbnail is-style-default\"><img loading=\"lazy\" decoding=\"async\" width=\"150\" height=\"150\" src=\"https:\/\/site.educa.madrid.org\/cp.alfonsodecimo.madrid\/\/wp-content\/uploads\/cp.alfonsodecimo.madrid\/2022\/11\/COLEGIO-DIOCESANO-CRISTO-DE-LA-GUIA-150x150.jpg\" alt=\"\" class=\"wp-image-1036\" srcset=\"https:\/\/site.educa.madrid.org\/cp.alfonsodecimo.madrid\/\/wp-content\/uploads\/cp.alfonsodecimo.madrid\/2022\/11\/COLEGIO-DIOCESANO-CRISTO-DE-LA-GUIA-150x150.jpg 150w, https:\/\/site.educa.madrid.org\/cp.alfonsodecimo.madrid\/\/wp-content\/uploads\/cp.alfonsodecimo.madrid\/2022\/11\/COLEGIO-DIOCESANO-CRISTO-DE-LA-GUIA-300x300.jpg 300w, https:\/\/site.educa.madrid.org\/cp.alfonsodecimo.madrid\/\/wp-content\/uploads\/cp.alfonsodecimo.madrid\/2022\/11\/COLEGIO-DIOCESANO-CRISTO-DE-LA-GUIA-100x100.jpg 100w\" sizes=\"auto, (max-width: 150px) 100vw, 150px\" \/><\/figure>\n\n\n\n<p><strong>CPR Colegio DIOCESANO CRISTO DE LA GU\u00cdA<\/strong>&nbsp;<br>Centro Privado<\/p>\n\n\n\n<p>C\/ de Ezcaray, 3<\/p>\n\n\n\n<p><em>C\u00f3digo de centro&nbsp;28043223<\/em><\/p>\n<\/div>\n<\/div>\n\n\n\n<div class=\"wp-block-columns is-layout-flex wp-container-core-columns-is-layout-9d6595d7 wp-block-columns-is-layout-flex\">\n<div class=\"wp-block-column is-layout-flow wp-block-column-is-layout-flow\">\n<figure class=\"wp-block-image size-full is-resized is-style-default\"><img loading=\"lazy\" decoding=\"async\" width=\"500\" height=\"375\" src=\"https:\/\/site.educa.madrid.org\/cp.alfonsodecimo.madrid\/\/wp-content\/uploads\/cp.alfonsodecimo.madrid\/2023\/03\/LAFORET.jpg\" alt=\"\" class=\"wp-image-1505\" style=\"width:181px;height:136px\" srcset=\"https:\/\/site.educa.madrid.org\/cp.alfonsodecimo.madrid\/\/wp-content\/uploads\/cp.alfonsodecimo.madrid\/2023\/03\/LAFORET.jpg 500w, https:\/\/site.educa.madrid.org\/cp.alfonsodecimo.madrid\/\/wp-content\/uploads\/cp.alfonsodecimo.madrid\/2023\/03\/LAFORET-300x225.jpg 300w\" sizes=\"auto, (max-width: 500px) 100vw, 500px\" \/><\/figure>\n\n\n\n<p><strong>CEIP CARMEN LAFORET<\/strong><\/p>\n\n\n\n<p>(SEDE PRINCIPAL)<\/p>\n\n\n\n<p>AV. de la Gran V\u00eda del Este, s\/n.<\/p>\n\n\n\n<p> <em>C\u00f3digo de Centro &nbsp;28071826<\/em><\/p>\n<\/div>\n\n\n\n<div class=\"wp-block-column is-layout-flow wp-block-column-is-layout-flow\">\n<figure class=\"wp-block-image size-full is-style-default\"><img loading=\"lazy\" decoding=\"async\" width=\"441\" height=\"330\" src=\"https:\/\/site.educa.madrid.org\/cp.alfonsodecimo.madrid\/\/wp-content\/uploads\/cp.alfonsodecimo.madrid\/2023\/03\/571_ceip-los-almendros-madrid.jpg\" alt=\"\" class=\"wp-image-1506\" srcset=\"https:\/\/site.educa.madrid.org\/cp.alfonsodecimo.madrid\/\/wp-content\/uploads\/cp.alfonsodecimo.madrid\/2023\/03\/571_ceip-los-almendros-madrid.jpg 441w, https:\/\/site.educa.madrid.org\/cp.alfonsodecimo.madrid\/\/wp-content\/uploads\/cp.alfonsodecimo.madrid\/2023\/03\/571_ceip-los-almendros-madrid-300x224.jpg 300w\" sizes=\"auto, (max-width: 441px) 100vw, 441px\" \/><\/figure>\n\n\n\n<p><strong>CEIP LOS ALMENDROS<\/strong><\/p>\n\n\n\n<p> C\/ de Ladera de los Almendros, 45<\/p>\n\n\n\n<p><em>C\u00f3digo de centro&nbsp;28050355<\/em><\/p>\n<\/div>\n<\/div>\n\n\n\n<h2 class=\"wp-block-heading has-vivid-red-color has-text-color\">Otras sedes<\/h2>\n\n\n\n<div class=\"wp-block-columns is-layout-flex wp-container-core-columns-is-layout-9d6595d7 wp-block-columns-is-layout-flex\">\n<div class=\"wp-block-column is-layout-flow wp-block-column-is-layout-flow\"><div class=\"wp-block-image is-style-rounded\">\n<figure class=\"aligncenter size-thumbnail\"><img loading=\"lazy\" decoding=\"async\" width=\"150\" height=\"150\" src=\"https:\/\/site.educa.madrid.org\/cp.alfonsodecimo.madrid\/\/wp-content\/uploads\/cp.alfonsodecimo.madrid\/2022\/11\/Sede-del-Servicio-de-Inspeccion-Educativa-de-DAT-Capital-150x150.jpg\" alt=\"\" class=\"wp-image-1047\" srcset=\"https:\/\/site.educa.madrid.org\/cp.alfonsodecimo.madrid\/\/wp-content\/uploads\/cp.alfonsodecimo.madrid\/2022\/11\/Sede-del-Servicio-de-Inspeccion-Educativa-de-DAT-Capital-150x150.jpg 150w, https:\/\/site.educa.madrid.org\/cp.alfonsodecimo.madrid\/\/wp-content\/uploads\/cp.alfonsodecimo.madrid\/2022\/11\/Sede-del-Servicio-de-Inspeccion-Educativa-de-DAT-Capital-300x300.jpg 300w, https:\/\/site.educa.madrid.org\/cp.alfonsodecimo.madrid\/\/wp-content\/uploads\/cp.alfonsodecimo.madrid\/2022\/11\/Sede-del-Servicio-de-Inspeccion-Educativa-de-DAT-Capital-100x100.jpg 100w\" sizes=\"auto, (max-width: 150px) 100vw, 150px\" \/><\/figure>\n<\/div>\n\n\n<p><strong>Sede del Servicio de Inspecci\u00f3n&nbsp; Educativa de DAT Capital<\/strong><\/p>\n\n\n\n<p>C\/ Isaac Peral, 23&nbsp; &nbsp;28040 Madrid<\/p>\n<\/div>\n\n\n\n<div class=\"wp-block-column is-layout-flow wp-block-column-is-layout-flow\"><div class=\"wp-block-image is-style-rounded\">\n<figure class=\"aligncenter size-thumbnail\"><img loading=\"lazy\" decoding=\"async\" width=\"150\" height=\"150\" src=\"https:\/\/site.educa.madrid.org\/cp.alfonsodecimo.madrid\/\/wp-content\/uploads\/cp.alfonsodecimo.madrid\/2022\/11\/equipo-de-atencion-temprana-150x150.jpg\" alt=\"\" class=\"wp-image-1048\" srcset=\"https:\/\/site.educa.madrid.org\/cp.alfonsodecimo.madrid\/\/wp-content\/uploads\/cp.alfonsodecimo.madrid\/2022\/11\/equipo-de-atencion-temprana-150x150.jpg 150w, https:\/\/site.educa.madrid.org\/cp.alfonsodecimo.madrid\/\/wp-content\/uploads\/cp.alfonsodecimo.madrid\/2022\/11\/equipo-de-atencion-temprana-300x300.jpg 300w, https:\/\/site.educa.madrid.org\/cp.alfonsodecimo.madrid\/\/wp-content\/uploads\/cp.alfonsodecimo.madrid\/2022\/11\/equipo-de-atencion-temprana-100x100.jpg 100w\" sizes=\"auto, (max-width: 150px) 100vw, 150px\" \/><\/figure>\n<\/div>\n\n\n<p><strong>Sede del Equipo de Atenci\u00f3n Temprana<\/strong><\/p>\n\n\n\n<p> C\/ Pico de Artilleros 123&nbsp; &nbsp; 28030&nbsp; Madrid<\/p>\n<\/div>\n<\/div>\n\n\n\n<h2 class=\"wp-block-heading has-vivid-red-color has-text-color has-link-color wp-elements-0850204d4d4574f907b60debdcb579fe\">SAE CENTRALIZADO PARA SEGUNDO CILO INFANTIL Y PRIMARIA<\/h2>\n\n\n\n<p>El SAE Madrid-Capital (escolarizaci\u00f3n ordinaria y NEE) est\u00e1 ubicado en la calle Vitruvio, n\u00ba 2, 28006 Madrid, 3\u00aa planta.<\/p>\n\n\n\n<figure class=\"wp-block-image size-medium\"><img loading=\"lazy\" decoding=\"async\" width=\"300\" height=\"208\" src=\"https:\/\/site.educa.madrid.org\/cp.alfonsodecimo.madrid\/\/wp-content\/uploads\/cp.alfonsodecimo.madrid\/2025\/03\/DAT-CAPITAL-300x208.jpg\" alt=\"\" class=\"wp-image-2667\" srcset=\"https:\/\/site.educa.madrid.org\/cp.alfonsodecimo.madrid\/\/wp-content\/uploads\/cp.alfonsodecimo.madrid\/2025\/03\/DAT-CAPITAL-300x208.jpg 300w, https:\/\/site.educa.madrid.org\/cp.alfonsodecimo.madrid\/\/wp-content\/uploads\/cp.alfonsodecimo.madrid\/2025\/03\/DAT-CAPITAL-1024x711.jpg 1024w, https:\/\/site.educa.madrid.org\/cp.alfonsodecimo.madrid\/\/wp-content\/uploads\/cp.alfonsodecimo.madrid\/2025\/03\/DAT-CAPITAL-768x533.jpg 768w, https:\/\/site.educa.madrid.org\/cp.alfonsodecimo.madrid\/\/wp-content\/uploads\/cp.alfonsodecimo.madrid\/2025\/03\/DAT-CAPITAL.jpg 1366w\" sizes=\"auto, (max-width: 300px) 100vw, 300px\" \/><\/figure>\n\n\n\n<figure class=\"wp-block-image size-medium\"><img loading=\"lazy\" decoding=\"async\" width=\"225\" height=\"300\" src=\"https:\/\/site.educa.madrid.org\/cp.alfonsodecimo.madrid\/\/wp-content\/uploads\/cp.alfonsodecimo.madrid\/2025\/03\/DAT-CAPITAL-1-225x300.jpg\" alt=\"\" class=\"wp-image-2669\" srcset=\"https:\/\/site.educa.madrid.org\/cp.alfonsodecimo.madrid\/\/wp-content\/uploads\/cp.alfonsodecimo.madrid\/2025\/03\/DAT-CAPITAL-1-225x300.jpg 225w, https:\/\/site.educa.madrid.org\/cp.alfonsodecimo.madrid\/\/wp-content\/uploads\/cp.alfonsodecimo.madrid\/2025\/03\/DAT-CAPITAL-1-300x400.jpg 300w, https:\/\/site.educa.madrid.org\/cp.alfonsodecimo.madrid\/\/wp-content\/uploads\/cp.alfonsodecimo.madrid\/2025\/03\/DAT-CAPITAL-1.jpg 765w\" sizes=\"auto, (max-width: 225px) 100vw, 225px\" \/><\/figure>\n\n\n\n<div style=\"height:22px\" aria-hidden=\"true\" class=\"wp-block-spacer\"><\/div>\n\n\n\n<div class=\"wp-block-columns is-layout-flex wp-container-core-columns-is-layout-9d6595d7 wp-block-columns-is-layout-flex\">\n<div class=\"wp-block-column has-background is-layout-flow wp-block-column-is-layout-flow\" style=\"background-color:#d3e3ec\">\n<h2 class=\"wp-block-heading has-vivid-red-color has-text-color\">Importante<\/h2>\n\n\n\n<h3 class=\"wp-block-heading\"><strong>CUMPLIMENTACI\u00d3N Y PRESENTACI\u00d3N SOLICITUD<\/strong>:<\/h3>\n\n\n\n<p>Se tramitar\u00e1&nbsp;preferentemente&nbsp;a trav\u00e9s de la&nbsp;Secretar\u00eda virtual.&nbsp;<\/p>\n\n\n\n<p>Ser\u00e1 dirigida al&nbsp;primer centro incluido&nbsp;en la solicitud.<\/p>\n\n\n\n<p>En nuestro centro se cumplimentar\u00e1 utilizando la opci\u00f3n:&nbsp;Escuelas Infantiles.<\/p>\n\n\n\n<p>Los CEIPs est\u00e1n incluidos en SAES Primer Ciclo junto con Escuelas Infantiles p\u00fablicas y privadas sostenidas con fondos p\u00fablicos.&nbsp;Se puede presentar una solicitud por SAE y, en ella, se pueden solicitar hasta 12 centros.<\/p>\n\n\n\n<p>Es IMPORTANTE&nbsp;solicitar \u00fanicamente centros que interesen, puesto que la RENUNCIA a una plaza adjudicada, si se diera el caso, supone la renuncia al resto de los centros se\u00f1alados.<\/p>\n\n\n\n<p>En ning\u00fan caso se podr\u00e1n incluir&nbsp;Escuelas Infantiles de titularidad del Ayuntamiento de Madrid ni centros privados que no tengan convenio con la Comunidad de Madrid. El incumplimiento de este requisito podr\u00e1 dar lugar a la anulaci\u00f3n de la solicitud de admisi\u00f3n.<\/p>\n\n\n\n<p>Es imprescindible&nbsp;la firma de los dos progenitores, salvo excepciones (p\u00e9rdida patria potestad, situaciones concretas &#8230;)<\/p>\n\n\n\n<p>Aquellas solicitudes que hayan cumplimentado los apartados relativos a la posible presencia de&nbsp;necesidades educativas especiales&nbsp;se remitir\u00e1n para su valoraci\u00f3n, junto con la documentaci\u00f3n correspondiente, al SAE correspondiente.<\/p>\n\n\n\n<p><br>Si se desea&nbsp;solicitar horarios ampliados&nbsp;se har\u00e1 constar en la solicitud.<\/p>\n\n\n\n<h3 class=\"wp-block-heading\"><strong>NI\u00d1OS NO NACIDOS:<\/strong><\/h3>\n\n\n\n<p>La&nbsp;solicitud se presenta sin nombre, s\u00f3lo con apellidos, en el nombre se pone NN.<\/p>\n\n\n\n<p>Las listas para el grupo correspondiente al nivel 0-1 podr\u00e1n incluir ni\u00f1os\u00a0cuyo nacimiento est\u00e9 previsto para una fecha anterior al d\u00eda 1 de enero de 2027\u00a0se\u00f1alando su condici\u00f3n de no nacido. Para ello deber\u00e1n\u00a0aportar un certificado m\u00e9dico\u00a0con la fecha estimada de nacimiento, con indicaci\u00f3n de d\u00eda, mes y a\u00f1o, junto con la solicitud.<\/p>\n\n\n\n<p>Para formalizar la matr\u00edcula es necesario que el ni\u00f1o admitido haya nacido, aunque su incorporaci\u00f3n no se producir\u00e1 antes de que haya cumplido los tres meses de edad. Esta incorporaci\u00f3n, por decisi\u00f3n familiar y previa comunicaci\u00f3n a la direcci\u00f3n del centro, podr\u00e1 retrasarse hasta los cuatro meses de edad.&nbsp;<\/p>\n\n\n\n<p>Ser\u00e1 responsabilidad de las familias&nbsp;aportar al centro el justificante de nacimiento con el fin de poderles ofertar las plazas vacantes que se puedan producir. En ese momento, el centro informar\u00e1 del hecho a trav\u00e9s de la aplicaci\u00f3n Ra\u00edces.<\/p>\n\n\n\n<p>Si,\u00a0finalizado el plazo de matr\u00edcula,\u00a0alg\u00fan ni\u00f1o incluido en la lista definitiva de admitidos\u00a0no hubiera nacido,\u00a0pasar\u00e1 a la lista de\u00a0no admitidos,\u00a0ocupando el lugar que le corresponda seg\u00fan la puntuaci\u00f3n obtenida. En esta situaci\u00f3n podr\u00e1n permanecer como m\u00e1ximo\u00a0hasta el 31 de diciembre de 2026,\u00a0fecha en la que la solicitud ser\u00e1 desestimada.<\/p>\n<\/div>\n<\/div>\n","protected":false},"excerpt":{"rendered":"<p>Centros que pertenecen al SAE del primer ciclo de Educaci\u00f3n Infantil (con sede principal en el CEIP CARMEN LAFORET) Los centros escolares que pertenecen al SAE del primer ciclo de Educaci\u00f3n Infantil son: CEIP ALFONSO X EL SABIO C\/ Fuente de San Pedro, 6 C\u00f3digo de Centro 28005003 EEI E.I. CONDE NI\u00d1O Distrito Vic\u00e1lvaro, El &hellip; <\/p>\n<p class=\"link-more\"><a href=\"https:\/\/site.educa.madrid.org\/cp.alfonsodecimo.madrid\/index.php\/ensenanzas\/sae\/\" class=\"more-link\">Continuar leyendo<span class=\"screen-reader-text\"> \u00abSAE\u00bb<\/span><\/a><\/p>\n","protected":false},"author":3,"featured_media":0,"parent":117,"menu_order":2,"comment_status":"closed","ping_status":"closed","template":"page-with-siblings-submenu.php","meta":{"footnotes":""},"folder":[],"class_list":["post-968","page","type-page","status-publish","hentry"],"rttpg_featured_image_url":null,"rttpg_author":{"display_name":"cp.alfonsodecimo.madrid","author_link":"https:\/\/site.educa.madrid.org\/cp.alfonsodecimo.madrid\/index.php\/author\/cuenta_cp-alfonsodecimo-madrid\/"},"rttpg_comment":0,"rttpg_category":false,"rttpg_excerpt":"Centros que pertenecen al SAE del primer ciclo de Educaci\u00f3n Infantil (con sede principal en el CEIP CARMEN LAFORET) Los centros escolares que pertenecen al SAE del primer ciclo de Educaci\u00f3n Infantil son: CEIP ALFONSO X EL SABIO C\/ Fuente de San Pedro, 6 C\u00f3digo de Centro 28005003 EEI E.I. CONDE NI\u00d1O Distrito Vic\u00e1lvaro, El&hellip;","post_mailing_queue_ids":[],"_links":{"self":[{"href":"https:\/\/site.educa.madrid.org\/cp.alfonsodecimo.madrid\/index.php\/wp-json\/wp\/v2\/pages\/968","targetHints":{"allow":["GET"]}}],"collection":[{"href":"https:\/\/site.educa.madrid.org\/cp.alfonsodecimo.madrid\/index.php\/wp-json\/wp\/v2\/pages"}],"about":[{"href":"https:\/\/site.educa.madrid.org\/cp.alfonsodecimo.madrid\/index.php\/wp-json\/wp\/v2\/types\/page"}],"author":[{"embeddable":true,"href":"https:\/\/site.educa.madrid.org\/cp.alfonsodecimo.madrid\/index.php\/wp-json\/wp\/v2\/users\/3"}],"replies":[{"embeddable":true,"href":"https:\/\/site.educa.madrid.org\/cp.alfonsodecimo.madrid\/index.php\/wp-json\/wp\/v2\/comments?post=968"}],"version-history":[{"count":28,"href":"https:\/\/site.educa.madrid.org\/cp.alfonsodecimo.madrid\/index.php\/wp-json\/wp\/v2\/pages\/968\/revisions"}],"predecessor-version":[{"id":3132,"href":"https:\/\/site.educa.madrid.org\/cp.alfonsodecimo.madrid\/index.php\/wp-json\/wp\/v2\/pages\/968\/revisions\/3132"}],"up":[{"embeddable":true,"href":"https:\/\/site.educa.madrid.org\/cp.alfonsodecimo.madrid\/index.php\/wp-json\/wp\/v2\/pages\/117"}],"wp:attachment":[{"href":"https:\/\/site.educa.madrid.org\/cp.alfonsodecimo.madrid\/index.php\/wp-json\/wp\/v2\/media?parent=968"}],"wp:term":[{"taxonomy":"folder","embeddable":true,"href":"https:\/\/site.educa.madrid.org\/cp.alfonsodecimo.madrid\/index.php\/wp-json\/wp\/v2\/folder?post=968"}],"curies":[{"name":"wp","href":"https:\/\/api.w.org\/{rel}","templated":true}]}}