{"id":1649,"date":"2026-03-08T16:16:32","date_gmt":"2026-03-08T15:16:32","guid":{"rendered":"https:\/\/site.educa.madrid.org\/cp.antoniofontan.madrid\/?page_id=1649"},"modified":"2026-03-08T17:12:05","modified_gmt":"2026-03-08T16:12:05","slug":"educacion-infantil","status":"publish","type":"page","link":"https:\/\/site.educa.madrid.org\/cp.antoniofontan.madrid\/index.php\/educacion-infantil\/","title":{"rendered":"Educaci\u00f3n infantil"},"content":{"rendered":"\n<div style=\"margin-top: -90px;\">\n    \n<\/div>\n\n\n\n<div style=\"height:50px\" aria-hidden=\"true\" class=\"wp-block-spacer\"><\/div>\n\n\n\n<h2 class=\"wp-block-heading has-text-align-center has-text-color has-link-color wp-elements-cc3ef23d3dc2c07c5bc0e8c5be455680\" style=\"color:#385d9b\"><strong>Un Futuro Biling\u00fce e Integrador<\/strong><\/h2>\n\n\n\n<div style=\"height:50px\" aria-hidden=\"true\" class=\"wp-block-spacer\"><\/div>\n\n\n<div class=\"paragraph is-rich-chat-ui normal ng-star-inserted\" data-start-index=\"634\"><span class=\"ng-star-inserted\" data-start-index=\"634\">En el CEIP Antonio Font\u00e1n, el Segundo Ciclo de Educaci\u00f3n Infantil (3, 4 y 5 a\u00f1os) es el cimiento de nuestra comunidad educativa.<\/span><\/div>\n<div data-start-index=\"634\">\u00a0<\/div>\n<div class=\"paragraph is-rich-chat-ui normal ng-star-inserted\" data-start-index=\"634\"><span class=\"ng-star-inserted\" data-start-index=\"761\">Contamos con <\/span><b class=\"ng-star-inserted\" data-start-index=\"776\">12 unidades<\/b><span class=\"ng-star-inserted\" data-start-index=\"787\"> dedicadas a esta etapa, donde buscamos una educaci\u00f3n de calidad, democr\u00e1tica y participativa que fomente el desarrollo integral de nuestro alumnado.<\/span><\/div>\n<div data-start-index=\"634\">\u00a0<\/div>\n<div class=\"paragraph is-rich-chat-ui normal ng-star-inserted\" data-start-index=\"634\"><span class=\"ng-star-inserted\" data-start-index=\"935\">Nuestra l\u00ednea pedag\u00f3gica se define por ser <\/span><b class=\"ng-star-inserted\" data-start-index=\"980\">integradora<\/b><span class=\"ng-star-inserted\" data-start-index=\"991\">, siendo un centro referente en la escolarizaci\u00f3n de alumnos con Necesidades Educativas Especiales.<\/span><\/div>\n<div data-start-index=\"634\">\u00a0<\/div>\n<div class=\"paragraph is-rich-chat-ui normal ng-star-inserted\" data-start-index=\"634\"><b class=\"ng-star-inserted\" data-start-index=\"1090\">Nuestro Modelo Biling\u00fce<\/b><\/div>\n<div data-start-index=\"634\">\u00a0<\/div>\n<div class=\"paragraph is-rich-chat-ui normal ng-star-inserted\" data-start-index=\"1113\"><span class=\"ng-star-inserted\" data-start-index=\"1113\">Como <\/span><b class=\"ng-star-inserted\" data-start-index=\"1118\">colegio p\u00fablico biling\u00fce<\/b><span class=\"ng-star-inserted\" data-start-index=\"1142\"> de la Comunidad de Madrid, el aprendizaje del ingl\u00e9s comienza desde el primer d\u00eda<\/span><span class=\"ng-star-inserted\" data-start-index=\"1224\">.<\/span><\/div>\n<div data-start-index=\"1113\">\u00a0<\/div>\n<div class=\"paragraph is-rich-chat-ui normal ng-star-inserted\" data-start-index=\"1113\"><span class=\"ng-star-inserted\" data-start-index=\"1224\"> El objetivo de nuestro <\/span><b class=\"ng-star-inserted\" data-start-index=\"1249\">Equipo de Biling\u00fcismo<\/b><span class=\"ng-star-inserted\" data-start-index=\"1270\"> es que los ni\u00f1os y ni\u00f1as se familiaricen con el idioma de forma natural y l\u00fadica, integr\u00e1ndolo en sus rutinas diarias y proyectos de aula<\/span><span class=\"ng-star-inserted\" data-start-index=\"1408\">.<\/span><\/div>\n<ul class=\"ng-star-inserted\">\n<li class=\"paragraph list-item is-rich-chat-ui normal ng-star-inserted\" data-start-index=\"1409\"><b class=\"ng-star-inserted\" data-start-index=\"1409\">Enfoque:<\/b><span class=\"ng-star-inserted\" data-start-index=\"1417\"> Priorizamos la comunicaci\u00f3n oral y la inmersi\u00f3n ling\u00fc\u00edstica a trav\u00e9s de canciones, juegos y cuentos.<\/span><\/li>\n<li class=\"paragraph list-item is-rich-chat-ui normal ng-star-inserted\" data-start-index=\"1518\"><b class=\"ng-star-inserted\" data-start-index=\"1518\">Recursos:<\/b><span class=\"ng-star-inserted\" data-start-index=\"1527\"> Contamos con la participaci\u00f3n activa de asistentes de conversaci\u00f3n para enriquecer la experiencia ling\u00fc\u00edstica.<\/span><\/li>\n<\/ul>\n<div class=\"paragraph is-rich-chat-ui heading4 ng-star-inserted\" role=\"heading\" data-start-index=\"1638\" aria-level=\"4\"><b class=\"ng-star-inserted\" data-start-index=\"1638\">Espacios Dise\u00f1ados para Aprender y Jugar<\/b><\/div>\n<div role=\"heading\" data-start-index=\"1638\" aria-level=\"4\">\u00a0<\/div>\n<div class=\"paragraph is-rich-chat-ui normal ng-star-inserted\" data-start-index=\"1678\"><span class=\"ng-star-inserted\" data-start-index=\"1678\">La etapa de Infantil cuenta con una infraestructura espec\u00edfica que garantiza la seguridad y el bienestar de los m\u00e1s peque\u00f1os:<\/span><\/div>\n<ul class=\"ng-star-inserted\">\n<li class=\"paragraph list-item is-rich-chat-ui normal ng-star-inserted\" data-start-index=\"1803\"><b class=\"ng-star-inserted\" data-start-index=\"1803\">Aulas Adaptadas:<\/b><span class=\"ng-star-inserted\" data-start-index=\"1819\"> Disponemos de aulas con ba\u00f1os compartidos para facilitar la autonom\u00eda en la higiene personal<\/span><span class=\"ng-star-inserted\" data-start-index=\"1912\">.<\/span><\/li>\n<li class=\"paragraph list-item is-rich-chat-ui normal ng-star-inserted\" data-start-index=\"1913\"><b class=\"ng-star-inserted\" data-start-index=\"1913\">Patio Exclusivo:<\/b><span class=\"ng-star-inserted\" data-start-index=\"1929\"> Un \u00e1rea de recreo propia que incluye un <\/span><b class=\"ng-star-inserted\" data-start-index=\"1970\">arenero<\/b><span class=\"ng-star-inserted\" data-start-index=\"1977\">, estructuras de juego y una zona pavimentada para el uso de <\/span><b class=\"ng-star-inserted\" data-start-index=\"2038\">triciclos<\/b><span class=\"ng-star-inserted\" data-start-index=\"2047\">.<\/span><\/li>\n<li class=\"paragraph list-item is-rich-chat-ui normal ng-star-inserted\" data-start-index=\"2048\"><b class=\"ng-star-inserted\" data-start-index=\"2048\">Aula Sensorial:<\/b><span class=\"ng-star-inserted\" data-start-index=\"2063\"> Un espacio innovador dise\u00f1ado para el dise\u00f1o de actividades multisensoriales que benefician a todo el alumnado<\/span><span class=\"ng-star-inserted\" data-start-index=\"2174\">.<\/span><\/li>\n<\/ul>\n<div class=\"paragraph is-rich-chat-ui heading4 ng-star-inserted\" role=\"heading\" data-start-index=\"2175\" aria-level=\"4\"><b class=\"ng-star-inserted\" data-start-index=\"2175\">Innovaci\u00f3n desde los 3 a\u00f1os<\/b><\/div>\n<div role=\"heading\" data-start-index=\"2175\" aria-level=\"4\">\u00a0<\/div>\n<div class=\"paragraph is-rich-chat-ui normal ng-star-inserted\" data-start-index=\"2202\"><span class=\"ng-star-inserted\" data-start-index=\"2202\">Desde las etapas iniciales, integramos el <\/span><b class=\"ng-star-inserted\" data-start-index=\"2244\">Plan Digital de Centro<\/b><span class=\"ng-star-inserted\" data-start-index=\"2266\">, introduciendo el uso de tabletas Samsung y materiales de rob\u00f3tica como el <\/span><b class=\"ng-star-inserted\" data-start-index=\"2342\">Lego Steam Park<\/b><span class=\"ng-star-inserted\" data-start-index=\"2357\"> y el programa <\/span><b class=\"ng-star-inserted\" data-start-index=\"2372\">C\u00f3digo Escuela 4.0<\/b><span class=\"ng-star-inserted\" data-start-index=\"2390\"> para fomentar el pensamiento computacional de forma adaptada a su edad<\/span><span class=\"ng-star-inserted\" data-start-index=\"2461\">.<\/span><\/div>\n\n\n<div style=\"height:50px\" aria-hidden=\"true\" class=\"wp-block-spacer\"><\/div>\n\n\n<div class=\"wp-block-image\">\n<figure class=\"aligncenter size-full\"><img loading=\"lazy\" decoding=\"async\" width=\"1536\" height=\"2752\" src=\"https:\/\/site.educa.madrid.org\/cp.antoniofontan.madrid\/\/wp-content\/uploads\/cp.antoniofontan.madrid\/2026\/03\/Educacion-infantil.png\" alt=\"\" class=\"wp-image-1657\" srcset=\"https:\/\/site.educa.madrid.org\/cp.antoniofontan.madrid\/\/wp-content\/uploads\/cp.antoniofontan.madrid\/2026\/03\/Educacion-infantil.png 1536w, https:\/\/site.educa.madrid.org\/cp.antoniofontan.madrid\/\/wp-content\/uploads\/cp.antoniofontan.madrid\/2026\/03\/Educacion-infantil-167x300.png 167w, https:\/\/site.educa.madrid.org\/cp.antoniofontan.madrid\/\/wp-content\/uploads\/cp.antoniofontan.madrid\/2026\/03\/Educacion-infantil-572x1024.png 572w, https:\/\/site.educa.madrid.org\/cp.antoniofontan.madrid\/\/wp-content\/uploads\/cp.antoniofontan.madrid\/2026\/03\/Educacion-infantil-768x1376.png 768w, https:\/\/site.educa.madrid.org\/cp.antoniofontan.madrid\/\/wp-content\/uploads\/cp.antoniofontan.madrid\/2026\/03\/Educacion-infantil-857x1536.png 857w, https:\/\/site.educa.madrid.org\/cp.antoniofontan.madrid\/\/wp-content\/uploads\/cp.antoniofontan.madrid\/2026\/03\/Educacion-infantil-1143x2048.png 1143w\" sizes=\"auto, (max-width: 1536px) 100vw, 1536px\" \/><\/figure>\n<\/div>\n\n\n<p><\/p>\n","protected":false},"excerpt":{"rendered":"<p>Un Futuro Biling\u00fce e Integrador En el CEIP Antonio Font\u00e1n, el Segundo Ciclo de Educaci\u00f3n Infantil (3, 4 y 5 a\u00f1os) es el cimiento de nuestra comunidad educativa. \u00a0 Contamos &#8230;<\/p>\n","protected":false},"author":14,"featured_media":894,"parent":0,"menu_order":0,"comment_status":"closed","ping_status":"closed","template":"template-fullwidth.php","meta":{"footnotes":""},"folder":[],"class_list":["post-1649","page","type-page","status-publish","has-post-thumbnail","hentry"],"rttpg_featured_image_url":{"full":["https:\/\/site.educa.madrid.org\/cp.antoniofontan.madrid\/\/wp-content\/uploads\/cp.antoniofontan.madrid\/2026\/02\/image.jpg",2300,320,false],"landscape":["https:\/\/site.educa.madrid.org\/cp.antoniofontan.madrid\/\/wp-content\/uploads\/cp.antoniofontan.madrid\/2026\/02\/image.jpg",2300,320,false],"portraits":["https:\/\/site.educa.madrid.org\/cp.antoniofontan.madrid\/\/wp-content\/uploads\/cp.antoniofontan.madrid\/2026\/02\/image.jpg",2300,320,false],"thumbnail":["https:\/\/site.educa.madrid.org\/cp.antoniofontan.madrid\/\/wp-content\/uploads\/cp.antoniofontan.madrid\/2026\/02\/image-150x150.jpg",150,150,true],"medium":["https:\/\/site.educa.madrid.org\/cp.antoniofontan.madrid\/\/wp-content\/uploads\/cp.antoniofontan.madrid\/2026\/02\/image-300x42.jpg",300,42,true],"large":["https:\/\/site.educa.madrid.org\/cp.antoniofontan.madrid\/\/wp-content\/uploads\/cp.antoniofontan.madrid\/2026\/02\/image-1024x142.jpg",800,111,true],"thumblist":["https:\/\/site.educa.madrid.org\/cp.antoniofontan.madrid\/\/wp-content\/uploads\/cp.antoniofontan.madrid\/2026\/02\/image-300x300.jpg",300,300,true],"thumbrelated":["https:\/\/site.educa.madrid.org\/cp.antoniofontan.madrid\/\/wp-content\/uploads\/cp.antoniofontan.madrid\/2026\/02\/image-500x320.jpg",500,320,true],"meccarouselthumb":["https:\/\/site.educa.madrid.org\/cp.antoniofontan.madrid\/\/wp-content\/uploads\/cp.antoniofontan.madrid\/2026\/02\/image-474x320.jpg",474,320,true],"gridsquare":["https:\/\/site.educa.madrid.org\/cp.antoniofontan.madrid\/\/wp-content\/uploads\/cp.antoniofontan.madrid\/2026\/02\/image-391x260.jpg",391,260,true],"tileview":["https:\/\/site.educa.madrid.org\/cp.antoniofontan.madrid\/\/wp-content\/uploads\/cp.antoniofontan.madrid\/2026\/02\/image-300x320.jpg",300,320,true],"1536x1536":["https:\/\/site.educa.madrid.org\/cp.antoniofontan.madrid\/\/wp-content\/uploads\/cp.antoniofontan.madrid\/2026\/02\/image-1536x214.jpg",1536,214,true],"2048x2048":["https:\/\/site.educa.madrid.org\/cp.antoniofontan.madrid\/\/wp-content\/uploads\/cp.antoniofontan.madrid\/2026\/02\/image-2048x285.jpg",2048,285,true],"onepress-blog-small":["https:\/\/site.educa.madrid.org\/cp.antoniofontan.madrid\/\/wp-content\/uploads\/cp.antoniofontan.madrid\/2026\/02\/image-300x150.jpg",300,150,true],"onepress-small":["https:\/\/site.educa.madrid.org\/cp.antoniofontan.madrid\/\/wp-content\/uploads\/cp.antoniofontan.madrid\/2026\/02\/image-480x300.jpg",480,300,true],"onepress-medium":["https:\/\/site.educa.madrid.org\/cp.antoniofontan.madrid\/\/wp-content\/uploads\/cp.antoniofontan.madrid\/2026\/02\/image-640x320.jpg",640,320,true],"sow-carousel-default":["https:\/\/site.educa.madrid.org\/cp.antoniofontan.madrid\/\/wp-content\/uploads\/cp.antoniofontan.madrid\/2026\/02\/image-272x182.jpg",272,182,true],"sow-post-carousel-overlay-theme":["https:\/\/site.educa.madrid.org\/cp.antoniofontan.madrid\/\/wp-content\/uploads\/cp.antoniofontan.madrid\/2026\/02\/image-360x320.jpg",360,320,true],"sow-post-carousel-cards-theme":["https:\/\/site.educa.madrid.org\/cp.antoniofontan.madrid\/\/wp-content\/uploads\/cp.antoniofontan.madrid\/2026\/02\/image-360x240.jpg",360,240,true],"rt_custom":["https:\/\/site.educa.madrid.org\/cp.antoniofontan.madrid\/\/wp-content\/uploads\/cp.antoniofontan.madrid\/2026\/02\/image.jpg",2300,320,false]},"rttpg_author":{"display_name":"Cuenta Compdigedu cp antoniofontan madrid","author_link":"https:\/\/site.educa.madrid.org\/cp.antoniofontan.madrid\/index.php\/author\/cuenta_compdigedu-cp-antoniofontan-madrid\/"},"rttpg_comment":0,"rttpg_category":false,"rttpg_excerpt":"Un Futuro Biling\u00fce e Integrador En el CEIP Antonio Font\u00e1n, el Segundo Ciclo de Educaci\u00f3n Infantil (3, 4 y 5 a\u00f1os) es el cimiento de nuestra comunidad educativa. \u00a0 Contamos ...","post_mailing_queue_ids":[],"_links":{"self":[{"href":"https:\/\/site.educa.madrid.org\/cp.antoniofontan.madrid\/index.php\/wp-json\/wp\/v2\/pages\/1649","targetHints":{"allow":["GET"]}}],"collection":[{"href":"https:\/\/site.educa.madrid.org\/cp.antoniofontan.madrid\/index.php\/wp-json\/wp\/v2\/pages"}],"about":[{"href":"https:\/\/site.educa.madrid.org\/cp.antoniofontan.madrid\/index.php\/wp-json\/wp\/v2\/types\/page"}],"author":[{"embeddable":true,"href":"https:\/\/site.educa.madrid.org\/cp.antoniofontan.madrid\/index.php\/wp-json\/wp\/v2\/users\/14"}],"replies":[{"embeddable":true,"href":"https:\/\/site.educa.madrid.org\/cp.antoniofontan.madrid\/index.php\/wp-json\/wp\/v2\/comments?post=1649"}],"version-history":[{"count":8,"href":"https:\/\/site.educa.madrid.org\/cp.antoniofontan.madrid\/index.php\/wp-json\/wp\/v2\/pages\/1649\/revisions"}],"predecessor-version":[{"id":1699,"href":"https:\/\/site.educa.madrid.org\/cp.antoniofontan.madrid\/index.php\/wp-json\/wp\/v2\/pages\/1649\/revisions\/1699"}],"wp:featuredmedia":[{"embeddable":true,"href":"https:\/\/site.educa.madrid.org\/cp.antoniofontan.madrid\/index.php\/wp-json\/wp\/v2\/media\/894"}],"wp:attachment":[{"href":"https:\/\/site.educa.madrid.org\/cp.antoniofontan.madrid\/index.php\/wp-json\/wp\/v2\/media?parent=1649"}],"wp:term":[{"taxonomy":"folder","embeddable":true,"href":"https:\/\/site.educa.madrid.org\/cp.antoniofontan.madrid\/index.php\/wp-json\/wp\/v2\/folder?post=1649"}],"curies":[{"name":"wp","href":"https:\/\/api.w.org\/{rel}","templated":true}]}}