{"id":1709,"date":"2026-03-08T17:27:23","date_gmt":"2026-03-08T16:27:23","guid":{"rendered":"https:\/\/site.educa.madrid.org\/cp.antoniofontan.madrid\/?page_id=1709"},"modified":"2026-03-08T17:27:25","modified_gmt":"2026-03-08T16:27:25","slug":"proyecto-bilingua-ep","status":"publish","type":"page","link":"https:\/\/site.educa.madrid.org\/cp.antoniofontan.madrid\/index.php\/proyecto-bilingua-ep\/","title":{"rendered":"Proyecto bilingue EP"},"content":{"rendered":"\n<div style=\"margin-top: -90px;\">\n    \n<\/div>\n\n\n\n<div style=\"height:50px\" aria-hidden=\"true\" class=\"wp-block-spacer\"><\/div>\n\n\n\n<h2 class=\"wp-block-heading has-text-align-center has-text-color has-link-color wp-elements-352942440effaef2908e19c1587b2f0b\" style=\"color:#385d9b\"><strong><strong><strong><strong><strong><strong>Proyecto Biling\u00fce y Lenguas Extranjeras: Abriendo Ventanas al Mundo<\/strong><\/strong><\/strong><\/strong><\/strong><\/strong><\/h2>\n\n\n\n<div style=\"height:50px\" aria-hidden=\"true\" class=\"wp-block-spacer\"><\/div>\n\n\n<div class=\"paragraph is-rich-chat-ui normal ng-star-inserted\" data-start-index=\"343\">\n<div class=\"paragraph is-rich-chat-ui normal ng-star-inserted\" data-start-index=\"1380\">\n<div class=\"paragraph is-rich-chat-ui normal ng-star-inserted\" data-start-index=\"2379\">\n<div class=\"paragraph is-rich-chat-ui normal ng-star-inserted\" data-start-index=\"3316\">\n<div class=\"paragraph is-rich-chat-ui normal ng-star-inserted\" data-start-index=\"4257\">\n<div class=\"paragraph is-rich-chat-ui heading3 ng-star-inserted\" role=\"heading\" data-start-index=\"186\" aria-level=\"3\">\n<div class=\"paragraph is-rich-chat-ui normal ng-star-inserted\" data-start-index=\"269\"><span class=\"ng-star-inserted\" data-start-index=\"269\">En el CEIP Antonio Font\u00e1n, el biling\u00fcismo es un eje transversal que busca que nuestro alumnado sea competente comunicativamente en lengua inglesa, fomentando a su vez el respeto por otras culturas y una mentalidad internacional<\/span><span class=\"ng-star-inserted\" data-start-index=\"496\">.<\/span><\/div>\n<div data-start-index=\"269\">\u00a0<\/div>\n<div class=\"paragraph is-rich-chat-ui heading4 ng-star-inserted\" role=\"heading\" data-start-index=\"497\" aria-level=\"4\"><b class=\"ng-star-inserted\" data-start-index=\"497\">Nuestro Modelo de Inmersi\u00f3n Ling\u00fc\u00edstica<\/b><\/div>\n<div role=\"heading\" data-start-index=\"497\" aria-level=\"4\">\u00a0<\/div>\n<div class=\"paragraph is-rich-chat-ui normal ng-star-inserted\" data-start-index=\"536\"><span class=\"ng-star-inserted\" data-start-index=\"536\">Como centro perteneciente al Programa Biling\u00fce de la Comunidad de Madrid, la exposici\u00f3n al ingl\u00e9s es constante y significativa. No solo aprendemos ingl\u00e9s, sino que <\/span><b class=\"ng-star-inserted\" data-start-index=\"700\">aprendemos en ingl\u00e9s<\/b><span class=\"ng-star-inserted\" data-start-index=\"720\"> a trav\u00e9s de las siguientes \u00e1reas curriculares<\/span><span class=\"ng-star-inserted\" data-start-index=\"766\">:<\/span><\/div>\n<ul class=\"ng-star-inserted\">\n<li class=\"paragraph list-item is-rich-chat-ui normal ng-star-inserted\" data-start-index=\"767\"><b class=\"ng-star-inserted\" data-start-index=\"767\">Ciencias Naturales:<\/b><span class=\"ng-star-inserted\" data-start-index=\"786\"> Impartida \u00edntegramente en ingl\u00e9s en todos los niveles<\/span><span class=\"ng-star-inserted\" data-start-index=\"840\">.<\/span><\/li>\n<li class=\"paragraph list-item is-rich-chat-ui normal ng-star-inserted\" data-start-index=\"841\"><b class=\"ng-star-inserted\" data-start-index=\"841\">Ciencias Sociales:<\/b><span class=\"ng-star-inserted\" data-start-index=\"859\"> Los contenidos se imparten en ingl\u00e9s, a excepci\u00f3n del bloque de <\/span><b class=\"ng-star-inserted\" data-start-index=\"924\">Geograf\u00eda e Historia<\/b><span class=\"ng-star-inserted\" data-start-index=\"944\">, que se aborda en castellano para asegurar la correcta adquisici\u00f3n de conceptos espec\u00edficos<\/span><span class=\"ng-star-inserted\" data-start-index=\"1036\">.<\/span><\/li>\n<li class=\"paragraph list-item is-rich-chat-ui normal ng-star-inserted\" data-start-index=\"1037\"><b class=\"ng-star-inserted\" data-start-index=\"1037\">Educaci\u00f3n F\u00edsica (P.E.):<\/b><span class=\"ng-star-inserted\" data-start-index=\"1061\"> Fomentamos la psicomotricidad y los h\u00e1bitos saludables utilizando el ingl\u00e9s como lengua vehicular en la pista deportiva<\/span><span class=\"ng-star-inserted\" data-start-index=\"1181\">.<\/span><\/li>\n<li class=\"paragraph list-item is-rich-chat-ui normal ng-star-inserted\" data-start-index=\"1182\"><b class=\"ng-star-inserted\" data-start-index=\"1182\">Arts (Educaci\u00f3n Art\u00edstica):<\/b><span class=\"ng-star-inserted\" data-start-index=\"1209\"> Se imparte en ingl\u00e9s espec\u00edficamente en el tercer ciclo (<\/span><b class=\"ng-star-inserted\" data-start-index=\"1267\">5\u00ba y 6\u00ba de Primaria<\/b><span class=\"ng-star-inserted\" data-start-index=\"1286\">), potenciando la expresi\u00f3n creativa biling\u00fce<\/span><span class=\"ng-star-inserted\" data-start-index=\"1331\">.<\/span><\/li>\n<\/ul>\n<div class=\"paragraph is-rich-chat-ui heading4 ng-star-inserted\" role=\"heading\" data-start-index=\"1332\" aria-level=\"4\"><b class=\"ng-star-inserted\" data-start-index=\"1332\">Recursos de Excelencia: Auxiliares de Conversaci\u00f3n<\/b><\/div>\n<div role=\"heading\" data-start-index=\"1332\" aria-level=\"4\">\u00a0<\/div>\n<div class=\"paragraph is-rich-chat-ui normal ng-star-inserted\" data-start-index=\"1382\"><span class=\"ng-star-inserted\" data-start-index=\"1382\">Contamos con un equipo de <\/span><b class=\"ng-star-inserted\" data-start-index=\"1408\">4 auxiliares de conversaci\u00f3n nativos<\/b><span class=\"ng-star-inserted\" data-start-index=\"1444\"> dedicados exclusivamente a la etapa de Primaria (5 en total en el centro)<\/span><span class=\"ng-star-inserted\" data-start-index=\"1518\">. Su labor es fundamental para:<\/span><\/div>\n<ul class=\"ng-star-inserted\">\n<li class=\"paragraph list-item is-rich-chat-ui normal ng-star-inserted\" data-start-index=\"1549\"><span class=\"ng-star-inserted\" data-start-index=\"1549\">Reforzar la <\/span><b class=\"ng-star-inserted\" data-start-index=\"1561\">competencia oral<\/b><span class=\"ng-star-inserted\" data-start-index=\"1577\"> de los alumnos a trav\u00e9s de sesiones de <\/span><i class=\"ng-star-inserted\" data-start-index=\"1617\">Storytelling<\/i><span class=\"ng-star-inserted\" data-start-index=\"1629\"> y din\u00e1micas grupales<\/span><span class=\"ng-star-inserted\" data-start-index=\"1650\">.<\/span><\/li>\n<li class=\"paragraph list-item is-rich-chat-ui normal ng-star-inserted\" data-start-index=\"1651\"><span class=\"ng-star-inserted\" data-start-index=\"1651\">Proporcionar un modelo ling\u00fc\u00edstico natural y aut\u00e9ntico en el aula.<\/span><\/li>\n<li class=\"paragraph list-item is-rich-chat-ui normal ng-star-inserted\" data-start-index=\"1717\"><span class=\"ng-star-inserted\" data-start-index=\"1717\">Coordinarse quincenalmente con los docentes para preparar materiales y actividades motivadoras<\/span><span class=\"ng-star-inserted\" data-start-index=\"1811\">.<\/span><\/li>\n<\/ul>\n<div class=\"paragraph is-rich-chat-ui heading4 ng-star-inserted\" role=\"heading\" data-start-index=\"1812\" aria-level=\"4\"><b class=\"ng-star-inserted\" data-start-index=\"1812\">Certificaci\u00f3n y Pruebas Externas<\/b><\/div>\n<div role=\"heading\" data-start-index=\"1812\" aria-level=\"4\">\u00a0<\/div>\n<div class=\"paragraph is-rich-chat-ui normal ng-star-inserted\" data-start-index=\"1844\"><span class=\"ng-star-inserted\" data-start-index=\"1844\">Preparamos a nuestros alumnos de 6\u00ba de Primaria para las <\/span><b class=\"ng-star-inserted\" data-start-index=\"1901\">pruebas externas de la Universidad de Cambridge<\/b><span class=\"ng-star-inserted\" data-start-index=\"1948\">.<\/span><\/div>\n<ul class=\"ng-star-inserted\">\n<li class=\"paragraph list-item is-rich-chat-ui normal ng-star-inserted\" data-start-index=\"1949\"><span class=\"ng-star-inserted\" data-start-index=\"1949\">En noviembre se realiza un <\/span><b class=\"ng-star-inserted\" data-start-index=\"1976\">simulacro<\/b><span class=\"ng-star-inserted\" data-start-index=\"1985\"> para evaluar el nivel (A2 o B1) de cada estudiante<\/span><span class=\"ng-star-inserted\" data-start-index=\"2036\">.<\/span><\/li>\n<li class=\"paragraph list-item is-rich-chat-ui normal ng-star-inserted\" data-start-index=\"2037\"><span class=\"ng-star-inserted\" data-start-index=\"2037\">A partir de marzo, reorganizamos los horarios para ofrecer un <\/span><b class=\"ng-star-inserted\" data-start-index=\"2099\">apoyo intensivo<\/b><span class=\"ng-star-inserted\" data-start-index=\"2114\"> a los alumnos de 6\u00ba en la preparaci\u00f3n de estos ex\u00e1menes<\/span><span class=\"ng-star-inserted\" data-start-index=\"2170\">.<\/span><\/li>\n<\/ul>\n<div class=\"paragraph is-rich-chat-ui heading4 ng-star-inserted\" role=\"heading\" data-start-index=\"2171\" aria-level=\"4\"><b class=\"ng-star-inserted\" data-start-index=\"2171\">Tercera Lengua: Franc\u00e9s<\/b><\/div>\n<div role=\"heading\" data-start-index=\"2171\" aria-level=\"4\">\u00a0<\/div>\n<div class=\"paragraph is-rich-chat-ui normal ng-star-inserted\" data-start-index=\"2194\"><span class=\"ng-star-inserted\" data-start-index=\"2194\">En nuestra apuesta por el pluriling\u00fcismo, introducimos el <\/span><b class=\"ng-star-inserted\" data-start-index=\"2252\">franc\u00e9s como tercer idioma<\/b><span class=\"ng-star-inserted\" data-start-index=\"2278\"> a partir de <\/span><b class=\"ng-star-inserted\" data-start-index=\"2291\">5\u00ba de Primaria<\/b><span class=\"ng-star-inserted\" data-start-index=\"2305\">. El alumnado tiene una sesi\u00f3n semanal de iniciaci\u00f3n a la lengua y cultura francesa, prepar\u00e1ndoles para una mayor diversidad ling\u00fc\u00edstica en su futuro paso a Secundaria<\/span><span class=\"ng-star-inserted\" data-start-index=\"2472\">.<\/span><\/div>\n<div data-start-index=\"2194\">\u00a0<\/div>\n<div class=\"paragraph is-rich-chat-ui heading4 ng-star-inserted\" role=\"heading\" data-start-index=\"2473\" aria-level=\"4\"><b class=\"ng-star-inserted\" data-start-index=\"2473\">Apertura Internacional: Programa Erasmus+<\/b><\/div>\n<div role=\"heading\" data-start-index=\"2473\" aria-level=\"4\">\u00a0<\/div>\n<div class=\"paragraph is-rich-chat-ui normal ng-star-inserted\" data-start-index=\"2514\"><span class=\"ng-star-inserted\" data-start-index=\"2514\">Somos uno de los pocos centros <\/span><b class=\"ng-star-inserted\" data-start-index=\"2545\">acreditados como centro Erasmus+<\/b><span class=\"ng-star-inserted\" data-start-index=\"2577\"> en la Comunidad de Madrid<\/span><span class=\"ng-star-inserted\" data-start-index=\"2603\">. Esta proyecci\u00f3n internacional se traduce en:<\/span><\/div>\n<ul class=\"ng-star-inserted\">\n<li class=\"paragraph list-item is-rich-chat-ui normal ng-star-inserted\" data-start-index=\"2649\"><b class=\"ng-star-inserted\" data-start-index=\"2649\">Proyectos Europeos:<\/b><span class=\"ng-star-inserted\" data-start-index=\"2668\"> Participaci\u00f3n en un consorcio estable con colegios de <\/span><b class=\"ng-star-inserted\" data-start-index=\"2723\">Alemania, Italia y Eslovenia<\/b><span class=\"ng-star-inserted\" data-start-index=\"2751\">.<\/span><\/li>\n<li class=\"paragraph list-item is-rich-chat-ui normal ng-star-inserted\" data-start-index=\"2752\"><b class=\"ng-star-inserted\" data-start-index=\"2752\">Movilidad de Alumnos:<\/b><span class=\"ng-star-inserted\" data-start-index=\"2773\"> En octubre, alumnos de 6\u00ba de Primaria realizan viajes de intercambio (como el realizado a Italia) para vivir la lengua y la cultura en primera persona<\/span><span class=\"ng-star-inserted\" data-start-index=\"2924\">.<\/span><\/li>\n<li class=\"paragraph list-item is-rich-chat-ui normal ng-star-inserted\" data-start-index=\"2925\"><b class=\"ng-star-inserted\" data-start-index=\"2925\">Retos Mensuales:<\/b><span class=\"ng-star-inserted\" data-start-index=\"2941\"> Actividades conjuntas con nuestros socios europeos y proyectos a trav\u00e9s de la plataforma <\/span><b class=\"ng-star-inserted\" data-start-index=\"3031\">eTwinning<\/b><span class=\"ng-star-inserted\" data-start-index=\"3040\">.<\/span><\/li>\n<\/ul>\n<div class=\"paragraph is-rich-chat-ui heading4 ng-star-inserted\" role=\"heading\" data-start-index=\"3041\" aria-level=\"4\"><b class=\"ng-star-inserted\" data-start-index=\"3041\">Cultura y Animaci\u00f3n a la Lectura<\/b><\/div>\n<div role=\"heading\" data-start-index=\"3041\" aria-level=\"4\">\u00a0<\/div>\n<div class=\"paragraph is-rich-chat-ui normal ng-star-inserted\" data-start-index=\"3073\"><span class=\"ng-star-inserted\" data-start-index=\"3073\">El ingl\u00e9s sale de los libros de texto a trav\u00e9s de actividades l\u00fadicas:<\/span><\/div>\n<ul class=\"ng-star-inserted\">\n<li class=\"paragraph list-item is-rich-chat-ui normal ng-star-inserted\" data-start-index=\"3143\"><b class=\"ng-star-inserted\" data-start-index=\"3143\">Festividades Anglosajonas:<\/b><span class=\"ng-star-inserted\" data-start-index=\"3169\"> Celebramos tradiciones como <\/span><i class=\"ng-star-inserted\" data-start-index=\"3198\">Thanksgiving<\/i><span class=\"ng-star-inserted\" data-start-index=\"3210\">, <\/span><i class=\"ng-star-inserted\" data-start-index=\"3212\">Groundhog Day<\/i><span class=\"ng-star-inserted\" data-start-index=\"3225\"> o festivales de villancicos biling\u00fces para conocer la cultura de los pa\u00edses de habla inglesa<\/span><span class=\"ng-star-inserted\" data-start-index=\"3318\">.<\/span><\/li>\n<li class=\"paragraph list-item is-rich-chat-ui normal ng-star-inserted\" data-start-index=\"3319\"><b class=\"ng-star-inserted\" data-start-index=\"3319\">Plan Lector Biling\u00fce:<\/b><span class=\"ng-star-inserted\" data-start-index=\"3340\"> Implementamos el sistema de <\/span><b class=\"ng-star-inserted\" data-start-index=\"3369\">\u00abTravelling Bag\u00bb<\/b><span class=\"ng-star-inserted\" data-start-index=\"3385\"> en 3\u00ba, pr\u00e9stamo de aula en 4\u00ba y uso intensivo de la biblioteca escolar para pr\u00e9stamos en ingl\u00e9s en el tercer ciclo<\/span><span class=\"ng-star-inserted\" data-start-index=\"3500\">.<\/span><\/li>\n<li class=\"paragraph list-item is-rich-chat-ui normal ng-star-inserted\" data-start-index=\"3501\"><b class=\"ng-star-inserted\" data-start-index=\"3501\">Mago Ingl\u00e9s:<\/b><span class=\"ng-star-inserted\" data-start-index=\"3513\"> Realizamos espect\u00e1culos de magia en ingl\u00e9s durante el mes de mayo para motivar el uso del idioma de forma divertida<\/span><span class=\"ng-star-inserted\" data-start-index=\"3629\">.<\/span><\/li>\n<\/ul>\n<b class=\"ng-star-inserted\" data-start-index=\"186\"><\/b><\/div>\n<\/div>\n<\/div>\n<\/div>\n<\/div>\n<\/div>\n\n\n<div style=\"height:50px\" aria-hidden=\"true\" class=\"wp-block-spacer\"><\/div>\n\n\n\n<p><\/p>\n","protected":false},"excerpt":{"rendered":"<p>Proyecto Biling\u00fce y Lenguas Extranjeras: Abriendo Ventanas al Mundo En el CEIP Antonio Font\u00e1n, el biling\u00fcismo es un eje transversal que busca que nuestro alumnado sea competente comunicativamente en lengua &#8230;<\/p>\n","protected":false},"author":14,"featured_media":894,"parent":0,"menu_order":0,"comment_status":"closed","ping_status":"closed","template":"template-fullwidth.php","meta":{"footnotes":""},"folder":[],"class_list":["post-1709","page","type-page","status-publish","has-post-thumbnail","hentry"],"rttpg_featured_image_url":{"full":["https:\/\/site.educa.madrid.org\/cp.antoniofontan.madrid\/\/wp-content\/uploads\/cp.antoniofontan.madrid\/2026\/02\/image.jpg",2300,320,false],"landscape":["https:\/\/site.educa.madrid.org\/cp.antoniofontan.madrid\/\/wp-content\/uploads\/cp.antoniofontan.madrid\/2026\/02\/image.jpg",2300,320,false],"portraits":["https:\/\/site.educa.madrid.org\/cp.antoniofontan.madrid\/\/wp-content\/uploads\/cp.antoniofontan.madrid\/2026\/02\/image.jpg",2300,320,false],"thumbnail":["https:\/\/site.educa.madrid.org\/cp.antoniofontan.madrid\/\/wp-content\/uploads\/cp.antoniofontan.madrid\/2026\/02\/image-150x150.jpg",150,150,true],"medium":["https:\/\/site.educa.madrid.org\/cp.antoniofontan.madrid\/\/wp-content\/uploads\/cp.antoniofontan.madrid\/2026\/02\/image-300x42.jpg",300,42,true],"large":["https:\/\/site.educa.madrid.org\/cp.antoniofontan.madrid\/\/wp-content\/uploads\/cp.antoniofontan.madrid\/2026\/02\/image-1024x142.jpg",800,111,true],"thumblist":["https:\/\/site.educa.madrid.org\/cp.antoniofontan.madrid\/\/wp-content\/uploads\/cp.antoniofontan.madrid\/2026\/02\/image-300x300.jpg",300,300,true],"thumbrelated":["https:\/\/site.educa.madrid.org\/cp.antoniofontan.madrid\/\/wp-content\/uploads\/cp.antoniofontan.madrid\/2026\/02\/image-500x320.jpg",500,320,true],"meccarouselthumb":["https:\/\/site.educa.madrid.org\/cp.antoniofontan.madrid\/\/wp-content\/uploads\/cp.antoniofontan.madrid\/2026\/02\/image-474x320.jpg",474,320,true],"gridsquare":["https:\/\/site.educa.madrid.org\/cp.antoniofontan.madrid\/\/wp-content\/uploads\/cp.antoniofontan.madrid\/2026\/02\/image-391x260.jpg",391,260,true],"tileview":["https:\/\/site.educa.madrid.org\/cp.antoniofontan.madrid\/\/wp-content\/uploads\/cp.antoniofontan.madrid\/2026\/02\/image-300x320.jpg",300,320,true],"1536x1536":["https:\/\/site.educa.madrid.org\/cp.antoniofontan.madrid\/\/wp-content\/uploads\/cp.antoniofontan.madrid\/2026\/02\/image-1536x214.jpg",1536,214,true],"2048x2048":["https:\/\/site.educa.madrid.org\/cp.antoniofontan.madrid\/\/wp-content\/uploads\/cp.antoniofontan.madrid\/2026\/02\/image-2048x285.jpg",2048,285,true],"onepress-blog-small":["https:\/\/site.educa.madrid.org\/cp.antoniofontan.madrid\/\/wp-content\/uploads\/cp.antoniofontan.madrid\/2026\/02\/image-300x150.jpg",300,150,true],"onepress-small":["https:\/\/site.educa.madrid.org\/cp.antoniofontan.madrid\/\/wp-content\/uploads\/cp.antoniofontan.madrid\/2026\/02\/image-480x300.jpg",480,300,true],"onepress-medium":["https:\/\/site.educa.madrid.org\/cp.antoniofontan.madrid\/\/wp-content\/uploads\/cp.antoniofontan.madrid\/2026\/02\/image-640x320.jpg",640,320,true],"sow-carousel-default":["https:\/\/site.educa.madrid.org\/cp.antoniofontan.madrid\/\/wp-content\/uploads\/cp.antoniofontan.madrid\/2026\/02\/image-272x182.jpg",272,182,true],"sow-post-carousel-overlay-theme":["https:\/\/site.educa.madrid.org\/cp.antoniofontan.madrid\/\/wp-content\/uploads\/cp.antoniofontan.madrid\/2026\/02\/image-360x320.jpg",360,320,true],"sow-post-carousel-cards-theme":["https:\/\/site.educa.madrid.org\/cp.antoniofontan.madrid\/\/wp-content\/uploads\/cp.antoniofontan.madrid\/2026\/02\/image-360x240.jpg",360,240,true],"rt_custom":["https:\/\/site.educa.madrid.org\/cp.antoniofontan.madrid\/\/wp-content\/uploads\/cp.antoniofontan.madrid\/2026\/02\/image.jpg",2300,320,false]},"rttpg_author":{"display_name":"Cuenta Compdigedu cp antoniofontan madrid","author_link":"https:\/\/site.educa.madrid.org\/cp.antoniofontan.madrid\/index.php\/author\/cuenta_compdigedu-cp-antoniofontan-madrid\/"},"rttpg_comment":0,"rttpg_category":false,"rttpg_excerpt":"Proyecto Biling\u00fce y Lenguas Extranjeras: Abriendo Ventanas al Mundo En el CEIP Antonio Font\u00e1n, el biling\u00fcismo es un eje transversal que busca que nuestro alumnado sea competente comunicativamente en lengua ...","post_mailing_queue_ids":[],"_links":{"self":[{"href":"https:\/\/site.educa.madrid.org\/cp.antoniofontan.madrid\/index.php\/wp-json\/wp\/v2\/pages\/1709","targetHints":{"allow":["GET"]}}],"collection":[{"href":"https:\/\/site.educa.madrid.org\/cp.antoniofontan.madrid\/index.php\/wp-json\/wp\/v2\/pages"}],"about":[{"href":"https:\/\/site.educa.madrid.org\/cp.antoniofontan.madrid\/index.php\/wp-json\/wp\/v2\/types\/page"}],"author":[{"embeddable":true,"href":"https:\/\/site.educa.madrid.org\/cp.antoniofontan.madrid\/index.php\/wp-json\/wp\/v2\/users\/14"}],"replies":[{"embeddable":true,"href":"https:\/\/site.educa.madrid.org\/cp.antoniofontan.madrid\/index.php\/wp-json\/wp\/v2\/comments?post=1709"}],"version-history":[{"count":1,"href":"https:\/\/site.educa.madrid.org\/cp.antoniofontan.madrid\/index.php\/wp-json\/wp\/v2\/pages\/1709\/revisions"}],"predecessor-version":[{"id":1713,"href":"https:\/\/site.educa.madrid.org\/cp.antoniofontan.madrid\/index.php\/wp-json\/wp\/v2\/pages\/1709\/revisions\/1713"}],"wp:featuredmedia":[{"embeddable":true,"href":"https:\/\/site.educa.madrid.org\/cp.antoniofontan.madrid\/index.php\/wp-json\/wp\/v2\/media\/894"}],"wp:attachment":[{"href":"https:\/\/site.educa.madrid.org\/cp.antoniofontan.madrid\/index.php\/wp-json\/wp\/v2\/media?parent=1709"}],"wp:term":[{"taxonomy":"folder","embeddable":true,"href":"https:\/\/site.educa.madrid.org\/cp.antoniofontan.madrid\/index.php\/wp-json\/wp\/v2\/folder?post=1709"}],"curies":[{"name":"wp","href":"https:\/\/api.w.org\/{rel}","templated":true}]}}