{"id":127,"date":"2020-09-07T16:03:13","date_gmt":"2020-09-07T16:03:13","guid":{"rendered":"https:\/\/site.educa.madrid.org\/cp.beethoven.torrejondeardoz\/?page_id=127"},"modified":"2022-09-16T15:43:34","modified_gmt":"2022-09-16T13:43:34","slug":"instalaciones","status":"publish","type":"page","link":"https:\/\/site.educa.madrid.org\/cp.beethoven.torrejondeardoz\/index.php\/instalaciones\/","title":{"rendered":"Instalaciones"},"content":{"rendered":"\n<h2 class=\"has-text-align-left has-vivid-cyan-blue-color has-text-color wp-block-heading\">COMPOSICI\u00d3N DEL CENTRO<\/h2>\n\n\n\n<figure class=\"wp-block-table\"><table><tbody><tr><td><strong>CURSO<\/strong><\/td><td><strong>3 a\u00f1os<\/strong><\/td><td><strong>4<\/strong> <strong>a\u00f1os<\/strong><\/td><td><strong>5<\/strong> <strong>a\u00f1os<\/strong><\/td><td><strong>1\u00ba Pri<\/strong><\/td><td><strong>2\u00ba<\/strong> <strong>Pri<\/strong><\/td><td><strong>3\u00ba Pri<\/strong><\/td><td><strong>4\u00ba Pri<\/strong><\/td><td><strong>5\u00ba<\/strong> <strong>Pri<\/strong><\/td><td><strong>6\u00ba<\/strong> <strong>Pri<\/strong><\/td><\/tr><tr><td><strong>GRUPOS<\/strong><\/td><td><strong>5<\/strong><\/td><td><strong>5<\/strong><\/td><td><strong>5<\/strong><\/td><td><strong>5<\/strong><\/td><td><strong>5<\/strong><\/td><td><strong>5<\/strong><\/td><td><strong>5<\/strong><\/td><td><strong>4<\/strong><\/td><td><strong>4<\/strong><\/td><\/tr><\/tbody><\/table><\/figure>\n\n\n\n<p><\/p>\n\n\n\n<p><\/p>\n\n\n\n<h2 class=\"has-vivid-cyan-blue-color has-text-color wp-block-heading\">INSTALACIONES &#8211; AULARIOS<\/h2>\n\n\n\n<p><strong>EDIFICIO PRINCIPAL<\/strong><\/p>\n\n\n\n<figure class=\"wp-block-table\"><table class=\"has-fixed-layout\"><tbody><tr><td>PLANTA BAJA<\/td><\/tr><tr><td>PASILLO A<\/td><td>PASILLO B<\/td><td>PASILLO C<\/td><\/tr><tr><td>Aulas de 4 a\u00f1os \u00a0<br>Aula Multisensorial<br>Conserjer\u00eda <br>Despachos Equipo Directivo <\/td><td>Aulas de 3 a\u00f1os <br>Biblioteca<br>Almac\u00e9n infantil \u00a0<br><\/td><td>Comedor<br>Aula de Psicomotricidad<\/td><\/tr><\/tbody><\/table><\/figure>\n\n\n\n<figure class=\"wp-block-table\"><table class=\"has-fixed-layout\"><tbody><tr><td>PRIMERA PLANTA<\/td><\/tr><tr><td>PASILLO A<\/td><td>PASILLO B<\/td><td>PASILLO C<\/td><\/tr><tr><td>EOEP <br>Aula de A.L <br>Aula TEA <br>Aulas 1\u00ba Pri <br>Aulas 2\u00ba Pri <br>Tutor\u00eda de Ingl\u00e9s<br>Almac\u00e9n<\/td><td>Aula de 4\u00baE<br>Aulas 5 a\u00f1os <br>Aulas P.T <br><\/td><td>Aulas de 3\u00ba Pri <br>Aulas de 1\u00ba Pri <br>Aula de compensatoria <br>Aula P.T<br>Almac\u00e9n<\/td><\/tr><\/tbody><\/table><\/figure>\n\n\n\n<p><strong>EDIFICIO NUEVO<\/strong><\/p>\n\n\n\n<figure class=\"wp-block-table\"><table class=\"has-fixed-layout\"><tbody><tr><td>1\u00ba PLANTA<\/td><td>2\u00ba PLANTA<\/td><td>3\u00ba PLANTA<\/td><\/tr><tr><td>Aulas de 4\u00ba Pri <br>Enfermer\u00eda<br>EOEP<br>Conserjer\u00eda<\/td><td>Aulas de 4\u00ba Pri <br>Aulas de 5\u00ba Pri &nbsp;<\/td><td>Aulas de\u00a0 6\u00ba Pri \u00a0 <br><\/td><\/tr><\/tbody><\/table><\/figure>\n\n\n\n<p><strong>PABELL\u00d3N DE EDUCACI\u00d3N F\u00cdSICA<\/strong>&nbsp;&nbsp;&nbsp;&nbsp;&nbsp;&nbsp;&nbsp;&nbsp;&nbsp;&nbsp;&nbsp;&nbsp;&nbsp;&nbsp;&nbsp;&nbsp;<\/p>\n\n\n\n<figure class=\"wp-block-table\"><table><tbody><tr><td>Tutor\u00eda de Educaci\u00f3n F\u00edsica<\/td><td>Almacenes de Material<\/td><\/tr><\/tbody><\/table><\/figure>\n\n\n\n<p>\u00a0\u00a0\u00a0\u00a0\u00a0\u00a0 \u00a0\u00a0\u00a0\u00a0\u00a0\u00a0\u00a0\u00a0\u00a0\u00a0\u00a0\u00a0\u00a0\u00a0\u00a0\u00a0\u00a0 \u00a0\u00a0\u00a0<\/p>\n","protected":false},"excerpt":{"rendered":"<p>COMPOSICI\u00d3N DEL CENTRO CURSO 3 a\u00f1os 4 a\u00f1os 5 a\u00f1os 1\u00ba Pri 2\u00ba Pri 3\u00ba Pri 4\u00ba Pri 5\u00ba Pri 6\u00ba Pri [&hellip;]<\/p>\n","protected":false},"author":2,"featured_media":0,"parent":0,"menu_order":0,"comment_status":"closed","ping_status":"closed","template":"","meta":{"footnotes":""},"folder":[],"class_list":["post-127","page","type-page","status-publish","hentry"],"rttpg_featured_image_url":null,"rttpg_author":{"display_name":"tic.cp.beethoven.torrejondeardoz","author_link":"https:\/\/site.educa.madrid.org\/cp.beethoven.torrejondeardoz\/index.php\/author\/cuenta_tic-cp-beethoven-torrejondeardoz\/"},"rttpg_comment":0,"rttpg_category":false,"rttpg_excerpt":"COMPOSICI\u00d3N DEL CENTRO CURSO 3 a\u00f1os 4 a\u00f1os 5 a\u00f1os 1\u00ba Pri 2\u00ba Pri 3\u00ba Pri 4\u00ba Pri 5\u00ba Pri 6\u00ba Pri [&hellip;]","post_mailing_queue_ids":[],"_links":{"self":[{"href":"https:\/\/site.educa.madrid.org\/cp.beethoven.torrejondeardoz\/index.php\/wp-json\/wp\/v2\/pages\/127","targetHints":{"allow":["GET"]}}],"collection":[{"href":"https:\/\/site.educa.madrid.org\/cp.beethoven.torrejondeardoz\/index.php\/wp-json\/wp\/v2\/pages"}],"about":[{"href":"https:\/\/site.educa.madrid.org\/cp.beethoven.torrejondeardoz\/index.php\/wp-json\/wp\/v2\/types\/page"}],"author":[{"embeddable":true,"href":"https:\/\/site.educa.madrid.org\/cp.beethoven.torrejondeardoz\/index.php\/wp-json\/wp\/v2\/users\/2"}],"replies":[{"embeddable":true,"href":"https:\/\/site.educa.madrid.org\/cp.beethoven.torrejondeardoz\/index.php\/wp-json\/wp\/v2\/comments?post=127"}],"version-history":[{"count":8,"href":"https:\/\/site.educa.madrid.org\/cp.beethoven.torrejondeardoz\/index.php\/wp-json\/wp\/v2\/pages\/127\/revisions"}],"predecessor-version":[{"id":1431,"href":"https:\/\/site.educa.madrid.org\/cp.beethoven.torrejondeardoz\/index.php\/wp-json\/wp\/v2\/pages\/127\/revisions\/1431"}],"wp:attachment":[{"href":"https:\/\/site.educa.madrid.org\/cp.beethoven.torrejondeardoz\/index.php\/wp-json\/wp\/v2\/media?parent=127"}],"wp:term":[{"taxonomy":"folder","embeddable":true,"href":"https:\/\/site.educa.madrid.org\/cp.beethoven.torrejondeardoz\/index.php\/wp-json\/wp\/v2\/folder?post=127"}],"curies":[{"name":"wp","href":"https:\/\/api.w.org\/{rel}","templated":true}]}}