{"id":146,"date":"2020-09-07T16:23:08","date_gmt":"2020-09-07T16:23:08","guid":{"rendered":"https:\/\/site.educa.madrid.org\/cp.beethoven.torrejondeardoz\/?page_id=146"},"modified":"2026-04-10T10:32:50","modified_gmt":"2026-04-10T08:32:50","slug":"admision-y-matriculacion","status":"publish","type":"page","link":"https:\/\/site.educa.madrid.org\/cp.beethoven.torrejondeardoz\/index.php\/admision-y-matriculacion\/","title":{"rendered":"Admisi\u00f3n y Matriculaci\u00f3n 2026\/2027"},"content":{"rendered":"<div class=\"wp-block-image\">\n<figure class=\"aligncenter size-full\"><img loading=\"lazy\" decoding=\"async\" width=\"241\" height=\"313\" src=\"https:\/\/site.educa.madrid.org\/cp.beethoven.torrejondeardoz\/\/wp-content\/uploads\/cp.beethoven.torrejondeardoz\/2021\/03\/ESCUDO.jpg\" alt=\"\" class=\"wp-image-836\" srcset=\"https:\/\/site.educa.madrid.org\/cp.beethoven.torrejondeardoz\/\/wp-content\/uploads\/cp.beethoven.torrejondeardoz\/2021\/03\/ESCUDO.jpg 241w, https:\/\/site.educa.madrid.org\/cp.beethoven.torrejondeardoz\/\/wp-content\/uploads\/cp.beethoven.torrejondeardoz\/2021\/03\/ESCUDO-231x300.jpg 231w, https:\/\/site.educa.madrid.org\/cp.beethoven.torrejondeardoz\/\/wp-content\/uploads\/cp.beethoven.torrejondeardoz\/2021\/03\/ESCUDO-230x299.jpg 230w\" sizes=\"auto, (max-width: 241px) 100vw, 241px\" \/><\/figure>\n<\/div>\n\n\n<p class=\"has-white-color has-vivid-cyan-blue-background-color has-text-color has-background has-medium-font-size\"><a href=\"https:\/\/site.educa.madrid.org\/cp.beethoven.torrejondeardoz\/\/wp-content\/uploads\/cp.beethoven.torrejondeardoz\/2025\/02\/TRIPTICO-BEETHOVEN.pdf\"><strong>Tr\u00edptico informativo<\/strong> <\/a><\/p>\n\n\n\n<h1 class=\"wp-block-heading has-vivid-cyan-blue-color has-text-color\">Matriculaci\u00f3n Educaci\u00f3n Infantil y Primaria<\/h1>\n\n\n\n<figure class=\"wp-block-image size-large\"><img loading=\"lazy\" decoding=\"async\" width=\"604\" height=\"151\" src=\"https:\/\/site.educa.madrid.org\/cp.beethoven.torrejondeardoz\/\/wp-content\/uploads\/cp.beethoven.torrejondeardoz\/2021\/03\/conocenos.gif\" alt=\"\" class=\"wp-image-839\"\/><\/figure>\n\n\n\n<p><\/p>\n\n\n\n<p style=\"font-size:27px\"><strong>JORNADA DE PUERTAS ABIERTAS&nbsp;<\/strong> <\/p>\n\n\n\n<ul class=\"wp-block-list has-vivid-red-color has-text-color has-medium-font-size\">\n<li class=\"has-large-font-size\"><strong> 5 MARZO &#8212; 17:15H.<\/strong> y <strong>18:15H.<\/strong><\/li>\n<\/ul>\n\n\n\n<p><em>ES IMPRESCINDIBLE CONFIRMAR ASISTENCIA EN SECRETAR\u00cdA<\/em> <\/p>\n\n\n\n<p class=\"has-vivid-cyan-blue-color has-text-color\">&#8212; secretaria.cp.beethoven.torrejondeardoz@educa.madrid.org &#8212;<\/p>\n\n\n\n<div class=\"wp-block-file\"><a id=\"wp-block-file--media-0c471f94-6038-43d3-8e14-d7e23f56eb8e\" href=\"https:\/\/site.educa.madrid.org\/cp.beethoven.torrejondeardoz\/\/wp-content\/uploads\/cp.beethoven.torrejondeardoz\/2025\/01\/jornada-puertas-abiertas-registro-de-asistencia-1.pdf\" target=\"_blank\" rel=\"noreferrer noopener\">FICHA DE DATOS<\/a><\/div>\n\n\n\n<p class=\"has-background\" style=\"background-color:#83c3e9\"><strong>CALENDARIO DE MATRICULACI\u00d3N Y ADMISI\u00d3N&nbsp;<\/strong><\/p>\n\n\n\n<figure class=\"wp-block-table is-style-regular\"><table><tbody><tr><td><strong>Entrega de Solicitudes e Inscripci\u00f3n de Matr\u00edcula <br><\/strong><mark style=\"background-color:rgba(0, 0, 0, 0)\" class=\"has-inline-color has-vivid-green-cyan-color\"><em><mark>Del 11 al 25 de marzo de 2026<\/mark><strong> <\/strong><\/em><\/mark><br><br><strong>SOLICITUDES DE ADMISI\u00d3N DE FORMA TELEM\u00c1TICA<\/strong><br><a href=\"https:\/\/www.comunidad.madrid\/servicios\/educacion\/gestion-telematica-solicitud-admision-alumnos-secretaria-virtual\"><strong>Acceso a Secretar\u00eda Virtual<\/strong><\/a><br><a href=\"https:\/\/www.educa2.madrid.org\/web\/educamadrid\/principal\/files\/73382de6-9ab6-47db-96ba-a30659a0c290\/Guia%20Secretaria%20Virtual.pdf?t=1589977001445\"><strong>Gu\u00eda <\/strong>detallada de gesti\u00f3n telem\u00e1tica<\/a><br><a href=\"https:\/\/www.educa2.madrid.org\/web\/educamadrid\/principal\/files\/73382de6-9ab6-47db-96ba-a30659a0c290\/guia_rapida_secretaria_virtual.pdf?t=1589198993039\"><strong>Gu\u00eda <\/strong>r\u00e1pida de gesti\u00f3n telem\u00e1tica<\/a>&nbsp;<br><a href=\"https:\/\/www.comunidad.madrid\/servicios\/educacion\/raices%C2%A0\">Material de ayuda<\/a>&nbsp;<br><a href=\"https:\/\/mediateca.educa.madrid.org\/video\/j1l1hah2cmicwanx\">V\u00eddeo explicativo<\/a><br><a href=\"https:\/\/mediateca.educa.madrid.org\/video\/tfzbk7atfzc9nlyz\">\u00bfC\u00f3mo rellenar la solicitud? (Incluido como firmar por los dos tutores)<\/a><br><em><em>En el caso de imposibilidad t\u00e9cnica, podr\u00e1 cumplimentar la SOLICITUD de ADMISI\u00d3N accediendo, mediante el enlace, al impreso de solicitud. Una vez cumplimentado, deber\u00e1 imprimirlo (3 copias) y entregarlo en el Centro Educativo que solicita en primer lugar.<\/em><\/em><br>Enlace &#8212;&nbsp;<strong><a href=\"https:\/\/site.educa.madrid.org\/cp.beethoven.torrejondeardoz\/\/wp-content\/uploads\/cp.beethoven.torrejondeardoz\/2026\/03\/solicitud_autocumplimentable_admision_regimen_general_26_27.pdf\" target=\"_blank\" rel=\"noreferrer noopener\">Solicitud<\/a><\/strong><\/td><\/tr><tr><td><strong>Listas de ALUMNOS que han solicitado el C.E.I.P. Beethoven en primera opci\u00f3n&nbsp;<\/strong><br><em><mark style=\"background-color:rgba(0, 0, 0, 0)\" class=\"has-inline-color has-vivid-green-cyan-color\"><em><mark>14 de abril de 2026<\/mark><\/em><br><\/mark><\/em><\/td><\/tr><tr><td><strong>Listas PROVISIONALES de Adjudicaci\u00f3n de Reserva de Plaza <\/strong><br><em><mark style=\"background-color:rgba(0, 0, 0, 0)\" class=\"has-inline-color has-vivid-green-cyan-color\"><em><mark>23 de abril de 2026<\/mark><\/em><br><\/mark><\/em><strong><br><\/strong><em><em>*\u00a0Desempate en caso de igualdad de puntos:<\/em><br><mark style=\"background-color:rgba(0, 0, 0, 0);color:#f4b182\" class=\"has-inline-color\"><a href=\"https:\/\/site.educa.madrid.org\/cp.beethoven.torrejondeardoz\/\/wp-content\/uploads\/cp.beethoven.torrejondeardoz\/2026\/04\/RESULTADOSORTEOPUBLICOPOSIBLESEMPATES.pdf\" target=\"_blank\" rel=\"noreferrer noopener\">SORTEO P\u00daBLICO<\/a>\u00a0\u2014\u00a0<\/mark>8 de abril de 202<\/em>6<\/td><td><\/td><\/tr><tr><td><strong>RECLAMACI\u00d3N de Lista Provisional de Adjudicaci\u00f3n de Reserva de Plaza <\/strong><br><em><mark style=\"background-color:rgba(0, 0, 0, 0)\" class=\"has-inline-color has-vivid-green-cyan-color\"><em><mark>24, 27 y 28 de abril de 2026<\/mark><\/em><br><\/mark><\/em><\/td><\/tr><tr><td><strong>Listas DEFINITIVAS de solicitudes baremadas <\/strong><br><em><mark style=\"background-color:rgba(0, 0, 0, 0)\" class=\"has-inline-color has-vivid-green-cyan-color\"><em><mark>7 de mayo de 2026<\/mark><\/em><br><\/mark><\/em><\/td><\/tr><tr><td><strong>Listas de ADMITIDOS &nbsp;<\/strong><br><em><mark style=\"background-color:rgba(0, 0, 0, 0)\" class=\"has-inline-color has-vivid-green-cyan-color\"><em><mark>27 de mayo de 2026<\/mark><\/em><br><\/mark><\/em><\/td><\/tr><tr><td><strong>PLAZO DE MATRICULACI\u00d3N <br><\/strong><mark style=\"background-color:rgba(0, 0, 0, 0)\" class=\"has-inline-color has-vivid-green-cyan-color\"><em><em><mark>Del 11 al 25 de junio de 2026<\/mark><\/em><\/em><br><\/mark><\/td><\/tr><\/tbody><\/table><\/figure>\n\n\n\n<div class=\"wp-block-group\"><div class=\"wp-block-group__inner-container is-layout-constrained wp-block-group-is-layout-constrained\">\n<p class=\"has-medium-font-size\"><strong><mark style=\"background-color:rgba(0, 0, 0, 0)\" class=\"has-inline-color has-vivid-red-color\">ALUMNADO CON NEE <\/mark><\/strong><\/p>\n<\/div><\/div>\n\n\n\n<figure class=\"wp-block-table\"><table class=\"has-fixed-layout\"><tbody><tr><td class=\"has-text-align-center\" data-align=\"center\"><strong>CALENDARIO ADMISI\u00d3N<\/strong><\/td><td class=\"has-text-align-center\" data-align=\"center\"><\/td><td class=\"has-text-align-center\" data-align=\"center\"><\/td><\/tr><tr><td class=\"has-text-align-center\" data-align=\"center\">5 de mayo<\/td><td class=\"has-text-align-center\" data-align=\"center\">Propuesta provisional de escolarizaci\u00f3n de alumnos NEE<\/td><td class=\"has-text-align-center\" data-align=\"center\"><em>DEBEN CONSULTAR AL SAE<\/em><\/td><\/tr><tr><td class=\"has-text-align-center\" data-align=\"center\">6,7 y 8 de mayo<\/td><td class=\"has-text-align-center\" data-align=\"center\">Alegaciones a la propuesta de escolarizaci\u00f3n de alumnos NEE<br>Solicitud complementaria para alumnos NEE<\/td><td class=\"has-text-align-center\" data-align=\"center\"><em>DEBEN CONSULTAR AL SAE<\/em><\/td><\/tr><tr><td class=\"has-text-align-center\" data-align=\"center\">13 de mayo<\/td><td class=\"has-text-align-center\" data-align=\"center\">SAE informa sobre la adjudicaci\u00f3n definitiva a los alumnos con NEE<\/td><td class=\"has-text-align-center\" data-align=\"center\"><em>DEBEN CONSULTAR AL SAE<\/em><\/td><\/tr><\/tbody><\/table><\/figure>\n\n\n\n<figure class=\"wp-block-image size-full\"><img loading=\"lazy\" decoding=\"async\" width=\"287\" height=\"176\" src=\"https:\/\/site.educa.madrid.org\/cp.beethoven.torrejondeardoz\/\/wp-content\/uploads\/cp.beethoven.torrejondeardoz\/2025\/03\/image-1.png\" alt=\"\" class=\"wp-image-2157\" srcset=\"https:\/\/site.educa.madrid.org\/cp.beethoven.torrejondeardoz\/\/wp-content\/uploads\/cp.beethoven.torrejondeardoz\/2025\/03\/image-1.png 287w, https:\/\/site.educa.madrid.org\/cp.beethoven.torrejondeardoz\/\/wp-content\/uploads\/cp.beethoven.torrejondeardoz\/2025\/03\/image-1-230x141.png 230w\" sizes=\"auto, (max-width: 287px) 100vw, 287px\" \/><\/figure>\n\n\n\n<p class=\"has-small-font-size\">Para realizar la <strong>matr\u00edcula<\/strong>:<\/p>\n\n\n\n<p class=\"has-small-font-size\">Se descargar\u00e1n los documentos de la p\u00e1gina web del centro y se <strong>entregar\u00e1n <\/strong>de manera <strong>presencial <\/strong>en la <strong>Secretar\u00eda <\/strong>del centro los d\u00edas ________  <strong>de junio<\/strong> en horario de <strong>9:30h. a 12:00h<\/strong>.<\/p>\n\n\n\n<p class=\"has-small-font-size\">La entrega de documentos se realizar\u00e1 con el siguiente orden alfab\u00e9tico: <\/p>\n\n\n\n<ul class=\"wp-block-list\">\n<li>DE JUNIO&nbsp;&nbsp;&nbsp;&nbsp; A-D<\/li>\n\n\n\n<li> DE JUNIO&nbsp;&nbsp;&nbsp;&nbsp; E-M<\/li>\n\n\n\n<li> DE JUNIO&nbsp;&nbsp;&nbsp;&nbsp; N-R<\/li>\n\n\n\n<li> DE JUNIO&nbsp;&nbsp;&nbsp;&nbsp; S-Z<\/li>\n<\/ul>\n\n\n\n<p class=\"has-pale-cyan-blue-background-color has-background\"><strong>No entregar la solicitud en plazo supone perder el derecho a participar<\/strong><\/p>\n\n\n\n<h4 class=\"wp-block-heading has-vivid-cyan-blue-color has-text-color\">Documentaci\u00f3n<\/h4>\n\n\n\n<figure class=\"wp-block-table\"><table><tbody><tr><td class=\"has-text-align-left\" data-align=\"left\"><a href=\"https:\/\/site.educa.madrid.org\/cp.beethoven.torrejondeardoz\/\/wp-content\/uploads\/cp.beethoven.torrejondeardoz\/2025\/04\/CARTA-BIENVENIDA.pdf\" target=\"_blank\" rel=\"noreferrer noopener\">CARTA BIENVENIDA<\/a><\/td><\/tr><tr><td class=\"has-text-align-left\" data-align=\"left\"><a href=\"https:\/\/site.educa.madrid.org\/cp.beethoven.torrejondeardoz\/\/wp-content\/uploads\/cp.beethoven.torrejondeardoz\/2025\/04\/DOCUMENTACION-A-PRESENTAR.pdf\" target=\"_blank\" rel=\"noreferrer noopener\">DOCUMENTACI\u00d3N A PRESENTAR<\/a><\/td><\/tr><tr><td class=\"has-text-align-left\" data-align=\"left\"><a href=\"https:\/\/site.educa.madrid.org\/cp.beethoven.torrejondeardoz\/\/wp-content\/uploads\/cp.beethoven.torrejondeardoz\/2024\/05\/1.-Ficha-de-Recogida-de-Datos-2024.pdf\" target=\"_blank\" rel=\"noreferrer noopener\">FICHA DE RECOGIDA DE DATOS<\/a><\/td><\/tr><tr><td class=\"has-text-align-left\" data-align=\"left\"><a href=\"https:\/\/site.educa.madrid.org\/cp.beethoven.torrejondeardoz\/\/wp-content\/uploads\/cp.beethoven.torrejondeardoz\/2022\/05\/Pautas-para-el-alumnado-de-3-anos.pdf\" target=\"_blank\" rel=\"noreferrer noopener\">PAUTAS PARA EL INICIO DEL ALUMNADO<\/a><\/td><\/tr><tr><td class=\"has-text-align-left\" data-align=\"left\"><a href=\"https:\/\/site.educa.madrid.org\/cp.beethoven.torrejondeardoz\/\/wp-content\/uploads\/cp.beethoven.torrejondeardoz\/2021\/03\/2.-Ficha-Alergias-Intolerancias.pdf\" target=\"_blank\" rel=\"noreferrer noopener\">FICHA ALERGIAS-INTOLERANCIAS<\/a><\/td><\/tr><tr><td class=\"has-text-align-left\" data-align=\"left\"><a href=\"https:\/\/site.educa.madrid.org\/cp.beethoven.torrejondeardoz\/\/wp-content\/uploads\/cp.beethoven.torrejondeardoz\/2021\/03\/3.-Declaraci\u00f3n-Relativa-a-opci\u00f3n-de-Religi\u00f3n.pdf\" target=\"_blank\" rel=\"noreferrer noopener\">DECLARACI\u00d3N RELATIVA A OPCI\u00d3N DE RELIGI\u00d3N<\/a><\/td><\/tr><tr><td class=\"has-text-align-left\" data-align=\"left\"><a href=\"https:\/\/site.educa.madrid.org\/cp.beethoven.torrejondeardoz\/\/wp-content\/uploads\/cp.beethoven.torrejondeardoz\/2024\/05\/4.-Autorizacion-Fotos-y-Salidas-2024.pdf\" target=\"_blank\" rel=\"noreferrer noopener\">AUTORIZACI\u00d3N FOTOGRAF\u00cdAS Y ACTIVIDADES COMPLEMENTARIAS<\/a><\/td><\/tr><tr><td class=\"has-text-align-left\" data-align=\"left\"><a href=\"https:\/\/site.educa.madrid.org\/cp.beethoven.torrejondeardoz\/\/wp-content\/uploads\/cp.beethoven.torrejondeardoz\/2022\/05\/5.1.-Documento-inscripcion-comedor.pdf\" target=\"_blank\" rel=\"noreferrer noopener\">FICHA DEL SERVICIO DEL COMEDOR<\/a><\/td><\/tr><tr><td class=\"has-text-align-left\" data-align=\"left\"><a href=\"https:\/\/site.educa.madrid.org\/cp.beethoven.torrejondeardoz\/\/wp-content\/uploads\/cp.beethoven.torrejondeardoz\/2024\/05\/6.-Ficha-personas-autorizadas-a-recoger-a-los-alumnos-2024.pdf\" target=\"_blank\" rel=\"noreferrer noopener\">FICHA PERSONAS AUTORIZADAS A REGOGER A LOS ALUMNOS<\/a> <\/td><\/tr><tr><td class=\"has-text-align-left\" data-align=\"left\"><a href=\"https:\/\/site.educa.madrid.org\/cp.beethoven.torrejondeardoz\/\/wp-content\/uploads\/cp.beethoven.torrejondeardoz\/2022\/05\/normas-convivencia-22-23-RELLENABLE.pdf\" target=\"_blank\" rel=\"noreferrer noopener\">NORMAS DE CONVIVENCIA<\/a><\/td><\/tr><tr><td class=\"has-text-align-left\" data-align=\"left\"><a href=\"https:\/\/site.educa.madrid.org\/cp.beethoven.torrejondeardoz\/\/wp-content\/uploads\/cp.beethoven.torrejondeardoz\/2025\/06\/INFORMACION-AMPA-actualizado.pdf\" target=\"_blank\" rel=\"noreferrer noopener\">INFORMACI\u00d3N AMPA<\/a><\/td><\/tr><\/tbody><\/table><\/figure>\n\n\n\n<p><\/p>\n\n\n\n<p><\/p>\n\n\n\n<figure class=\"wp-block-image size-medium\"><img loading=\"lazy\" decoding=\"async\" width=\"300\" height=\"106\" src=\"https:\/\/site.educa.madrid.org\/cp.beethoven.torrejondeardoz\/\/wp-content\/uploads\/cp.beethoven.torrejondeardoz\/2021\/06\/Afiche_informacion_util_WP-e1548248685173-1-300x106.jpg\" alt=\"\" class=\"wp-image-991\" srcset=\"https:\/\/site.educa.madrid.org\/cp.beethoven.torrejondeardoz\/\/wp-content\/uploads\/cp.beethoven.torrejondeardoz\/2021\/06\/Afiche_informacion_util_WP-e1548248685173-1-300x106.jpg 300w, https:\/\/site.educa.madrid.org\/cp.beethoven.torrejondeardoz\/\/wp-content\/uploads\/cp.beethoven.torrejondeardoz\/2021\/06\/Afiche_informacion_util_WP-e1548248685173-1-1024x361.jpg 1024w, https:\/\/site.educa.madrid.org\/cp.beethoven.torrejondeardoz\/\/wp-content\/uploads\/cp.beethoven.torrejondeardoz\/2021\/06\/Afiche_informacion_util_WP-e1548248685173-1-768x271.jpg 768w, https:\/\/site.educa.madrid.org\/cp.beethoven.torrejondeardoz\/\/wp-content\/uploads\/cp.beethoven.torrejondeardoz\/2021\/06\/Afiche_informacion_util_WP-e1548248685173-1-1536x542.jpg 1536w, https:\/\/site.educa.madrid.org\/cp.beethoven.torrejondeardoz\/\/wp-content\/uploads\/cp.beethoven.torrejondeardoz\/2021\/06\/Afiche_informacion_util_WP-e1548248685173-1-2048x723.jpg 2048w, https:\/\/site.educa.madrid.org\/cp.beethoven.torrejondeardoz\/\/wp-content\/uploads\/cp.beethoven.torrejondeardoz\/2021\/06\/Afiche_informacion_util_WP-e1548248685173-1-830x293.jpg 830w, https:\/\/site.educa.madrid.org\/cp.beethoven.torrejondeardoz\/\/wp-content\/uploads\/cp.beethoven.torrejondeardoz\/2021\/06\/Afiche_informacion_util_WP-e1548248685173-1-230x81.jpg 230w, https:\/\/site.educa.madrid.org\/cp.beethoven.torrejondeardoz\/\/wp-content\/uploads\/cp.beethoven.torrejondeardoz\/2021\/06\/Afiche_informacion_util_WP-e1548248685173-1-350x124.jpg 350w, https:\/\/site.educa.madrid.org\/cp.beethoven.torrejondeardoz\/\/wp-content\/uploads\/cp.beethoven.torrejondeardoz\/2021\/06\/Afiche_informacion_util_WP-e1548248685173-1-480x169.jpg 480w\" sizes=\"auto, (max-width: 300px) 100vw, 300px\" \/><\/figure>\n\n\n\n<p><strong>EMPEZAMOS EL COLE  \/ 3 A\u00d1OS<\/strong> &#8212;&#8211; <em><a rel=\"noreferrer noopener\" href=\"https:\/\/site.educa.madrid.org\/cp.beethoven.torrejondeardoz\/\/wp-content\/uploads\/cp.beethoven.torrejondeardoz\/2021\/06\/TRIPTICO-3-A\u00d1OS.pdf\" target=\"_blank\">Tr\u00edptico informativo<\/a><\/em><\/p>\n\n\n\n<h1 class=\"wp-block-heading has-vivid-cyan-blue-color has-text-color\">Matriculaci\u00f3n Educaci\u00f3n Secundaria <\/h1>\n\n\n\n<figure class=\"wp-block-table\"><table class=\"has-background\" style=\"background-color:#e7f5fe\"><tbody><tr><td>El C.E.I.P. Beethoven est\u00e1 adscrito al I.E.S. \u201cJUAN BAUTISTA MONEGRO\u201d, por lo que la RESERVA DE PLAZA para todos los alumnos\/as de 6\u00ba de Primaria en dicho instituto se produce de manera AUTOM\u00c1TICA.Si su intenci\u00f3n es llevar a su hijo\/a a otro instituto, deber\u00e1 participar en el Proceso Ordinario de Admisi\u00f3n, en el plazo establecido por la normativa.&nbsp;<\/td><\/tr><\/tbody><\/table><\/figure>\n\n\n\n<p><\/p>\n\n\n\n<p style=\"font-size:25px\"><strong>JORNADA DE PUERTAS ABIERTAS<\/strong><\/p>\n\n\n\n<ul class=\"wp-block-list\">\n<li class=\"has-vivid-red-color has-text-color has-link-color has-medium-font-size wp-elements-153ab51207b57efdce303c5483541dc1\"><strong>  &#8212; H<\/strong><\/li>\n<\/ul>\n\n\n\n<p>* Se entregar\u00e1 a los alumnos de 6\u00ba curso de Educaci\u00f3n Primaria una&nbsp;CIRCULAR&nbsp;con car\u00e1cter INFORMATIVO &nbsp;sobre el PROCESO DE ADMISI\u00d3N&nbsp;para el primer curso de Educaci\u00f3n Secundaria Obligatoria en Institutos.<\/p>\n\n\n\n<figure class=\"wp-block-table\"><table><tbody><tr><td><strong>Listas PROVISIONALES <\/strong><br><mark style=\"background-color:rgba(0, 0, 0, 0)\" class=\"has-inline-color has-vivid-green-cyan-color\"><em><em><mark>23 de abril de 2026<\/mark><\/em><\/em><br><\/mark><\/td><\/tr><tr><td><strong>RECLAMACI\u00d3N de Lista Provisional <\/strong><br><mark style=\"background-color:rgba(0, 0, 0, 0)\" class=\"has-inline-color has-vivid-green-cyan-color\"><em><em><mark>24, 27 y 28 de abril de 2026<\/mark><\/em><\/em><br><\/mark><\/td><\/tr><tr><td><strong>Listas DEFINITIVAS <\/strong><br><mark style=\"background-color:rgba(0, 0, 0, 0)\" class=\"has-inline-color has-vivid-green-cyan-color\"><em><em><mark>7 de mayo de 2026<\/mark><\/em><\/em><br><\/mark><\/td><\/tr><tr><td><strong>PLAZO DE MATRICULACI\u00d3N en los Centros de Educaci\u00f3n Secundaria&nbsp;<\/strong><br><em><mark style=\"background-color:rgba(0, 0, 0, 0)\" class=\"has-inline-color has-vivid-green-cyan-color\"><em><mark>Del 11 de junio al 3 de julio de 2026<\/mark><\/em><br><\/mark><\/em><\/td><\/tr><\/tbody><\/table><\/figure>\n\n\n\n<p><\/p>\n\n\n\n<figure class=\"wp-block-image size-medium\"><img loading=\"lazy\" decoding=\"async\" width=\"300\" height=\"106\" src=\"https:\/\/site.educa.madrid.org\/cp.beethoven.torrejondeardoz\/\/wp-content\/uploads\/cp.beethoven.torrejondeardoz\/2021\/06\/Afiche_informacion_util_WP-e1548248685173-300x106.jpg\" alt=\"\" class=\"wp-image-995\" srcset=\"https:\/\/site.educa.madrid.org\/cp.beethoven.torrejondeardoz\/\/wp-content\/uploads\/cp.beethoven.torrejondeardoz\/2021\/06\/Afiche_informacion_util_WP-e1548248685173-300x106.jpg 300w, https:\/\/site.educa.madrid.org\/cp.beethoven.torrejondeardoz\/\/wp-content\/uploads\/cp.beethoven.torrejondeardoz\/2021\/06\/Afiche_informacion_util_WP-e1548248685173-1024x361.jpg 1024w, https:\/\/site.educa.madrid.org\/cp.beethoven.torrejondeardoz\/\/wp-content\/uploads\/cp.beethoven.torrejondeardoz\/2021\/06\/Afiche_informacion_util_WP-e1548248685173-768x271.jpg 768w, https:\/\/site.educa.madrid.org\/cp.beethoven.torrejondeardoz\/\/wp-content\/uploads\/cp.beethoven.torrejondeardoz\/2021\/06\/Afiche_informacion_util_WP-e1548248685173-1536x542.jpg 1536w, https:\/\/site.educa.madrid.org\/cp.beethoven.torrejondeardoz\/\/wp-content\/uploads\/cp.beethoven.torrejondeardoz\/2021\/06\/Afiche_informacion_util_WP-e1548248685173-2048x723.jpg 2048w, https:\/\/site.educa.madrid.org\/cp.beethoven.torrejondeardoz\/\/wp-content\/uploads\/cp.beethoven.torrejondeardoz\/2021\/06\/Afiche_informacion_util_WP-e1548248685173-830x293.jpg 830w, https:\/\/site.educa.madrid.org\/cp.beethoven.torrejondeardoz\/\/wp-content\/uploads\/cp.beethoven.torrejondeardoz\/2021\/06\/Afiche_informacion_util_WP-e1548248685173-230x81.jpg 230w, https:\/\/site.educa.madrid.org\/cp.beethoven.torrejondeardoz\/\/wp-content\/uploads\/cp.beethoven.torrejondeardoz\/2021\/06\/Afiche_informacion_util_WP-e1548248685173-350x124.jpg 350w, https:\/\/site.educa.madrid.org\/cp.beethoven.torrejondeardoz\/\/wp-content\/uploads\/cp.beethoven.torrejondeardoz\/2021\/06\/Afiche_informacion_util_WP-e1548248685173-480x169.jpg 480w\" sizes=\"auto, (max-width: 300px) 100vw, 300px\" \/><\/figure>\n\n\n\n<p><strong>EMPEZAMOS EL INSTITUTO \/ 6\u00ba PRIMARIA<\/strong> &#8212;&#8211; <em><a rel=\"noreferrer noopener\" href=\"https:\/\/site.educa.madrid.org\/cp.beethoven.torrejondeardoz\/\/wp-content\/uploads\/cp.beethoven.torrejondeardoz\/2021\/06\/TRIPTICO-ADOLESCENCIA.pdf\" target=\"_blank\">Tr\u00edptico Informativo<\/a><\/em><\/p>\n","protected":false},"excerpt":{"rendered":"<p>Tr\u00edptico informativo Matriculaci\u00f3n Educaci\u00f3n Infantil y Primaria JORNADA DE PUERTAS ABIERTAS&nbsp; ES IMPRESCINDIBLE CONFIRMAR ASISTENCIA EN SECRETAR\u00cdA &#8212; secretaria.cp.beethoven.torrejondeardoz@educa.madrid.org &#8212; CALENDARIO DE [&hellip;]<\/p>\n","protected":false},"author":2,"featured_media":0,"parent":0,"menu_order":0,"comment_status":"closed","ping_status":"closed","template":"","meta":{"footnotes":""},"folder":[],"class_list":["post-146","page","type-page","status-publish","hentry"],"rttpg_featured_image_url":null,"rttpg_author":{"display_name":"tic.cp.beethoven.torrejondeardoz","author_link":"https:\/\/site.educa.madrid.org\/cp.beethoven.torrejondeardoz\/index.php\/author\/cuenta_tic-cp-beethoven-torrejondeardoz\/"},"rttpg_comment":0,"rttpg_category":false,"rttpg_excerpt":"Tr\u00edptico informativo Matriculaci\u00f3n Educaci\u00f3n Infantil y Primaria JORNADA DE PUERTAS ABIERTAS&nbsp; ES IMPRESCINDIBLE CONFIRMAR ASISTENCIA EN SECRETAR\u00cdA &#8212; secretaria.cp.beethoven.torrejondeardoz@educa.madrid.org &#8212; CALENDARIO DE [&hellip;]","post_mailing_queue_ids":[],"_links":{"self":[{"href":"https:\/\/site.educa.madrid.org\/cp.beethoven.torrejondeardoz\/index.php\/wp-json\/wp\/v2\/pages\/146","targetHints":{"allow":["GET"]}}],"collection":[{"href":"https:\/\/site.educa.madrid.org\/cp.beethoven.torrejondeardoz\/index.php\/wp-json\/wp\/v2\/pages"}],"about":[{"href":"https:\/\/site.educa.madrid.org\/cp.beethoven.torrejondeardoz\/index.php\/wp-json\/wp\/v2\/types\/page"}],"author":[{"embeddable":true,"href":"https:\/\/site.educa.madrid.org\/cp.beethoven.torrejondeardoz\/index.php\/wp-json\/wp\/v2\/users\/2"}],"replies":[{"embeddable":true,"href":"https:\/\/site.educa.madrid.org\/cp.beethoven.torrejondeardoz\/index.php\/wp-json\/wp\/v2\/comments?post=146"}],"version-history":[{"count":50,"href":"https:\/\/site.educa.madrid.org\/cp.beethoven.torrejondeardoz\/index.php\/wp-json\/wp\/v2\/pages\/146\/revisions"}],"predecessor-version":[{"id":2511,"href":"https:\/\/site.educa.madrid.org\/cp.beethoven.torrejondeardoz\/index.php\/wp-json\/wp\/v2\/pages\/146\/revisions\/2511"}],"wp:attachment":[{"href":"https:\/\/site.educa.madrid.org\/cp.beethoven.torrejondeardoz\/index.php\/wp-json\/wp\/v2\/media?parent=146"}],"wp:term":[{"taxonomy":"folder","embeddable":true,"href":"https:\/\/site.educa.madrid.org\/cp.beethoven.torrejondeardoz\/index.php\/wp-json\/wp\/v2\/folder?post=146"}],"curies":[{"name":"wp","href":"https:\/\/api.w.org\/{rel}","templated":true}]}}