{"id":341,"date":"2021-12-06T16:33:10","date_gmt":"2021-12-06T15:33:10","guid":{"rendered":"https:\/\/site.educa.madrid.org\/cp.blasdelezo.parla\/?page_id=341"},"modified":"2025-09-07T19:45:20","modified_gmt":"2025-09-07T17:45:20","slug":"nuestro-cole","status":"publish","type":"page","link":"https:\/\/site.educa.madrid.org\/cp.blasdelezo.parla\/index.php\/nuestro-cole\/","title":{"rendered":"NUESTRO COLE"},"content":{"rendered":"\n\t\t\t<!-- Flexy Breadcrumb -->\n\t\t\t<div class=\"fbc fbc-page\">\n\n\t\t\t\t<!-- Breadcrumb wrapper -->\n\t\t\t\t<div class=\"fbc-wrap\">\n\n\t\t\t\t\t<!-- Ordered list-->\n\t\t\t\t\t<ol class=\"fbc-items\" itemscope itemtype=\"https:\/\/schema.org\/BreadcrumbList\">\n\t\t\t\t\t\t            <li itemprop=\"itemListElement\" itemscope itemtype=\"https:\/\/schema.org\/ListItem\">\n                <span itemprop=\"name\">\n                    <!-- Home Link -->\n                    <a itemprop=\"item\" href=\"https:\/\/site.educa.madrid.org\/cp.blasdelezo.parla\">\n                    \n                                                    <i class=\"fa fa fa-home\" aria-hidden=\"true\"><\/i>                    <\/a>\n                <\/span>\n                <meta itemprop=\"position\" content=\"1\" \/><!-- Meta Position-->\n             <\/li><li><span class=\"fbc-separator\">\/<\/span><\/li><li class=\"active\" itemprop=\"itemListElement\" itemscope itemtype=\"https:\/\/schema.org\/ListItem\"><span itemprop=\"name\" title=\"NUESTRO COLE\">NUESTRO COLE<\/span><meta itemprop=\"position\" content=\"2\" \/><\/li>\t\t\t\t\t<\/ol>\n\t\t\t\t\t<div class=\"clearfix\"><\/div>\n\t\t\t\t<\/div>\n\t\t\t<\/div>\n\t\t\t\n\n\n\n<h1 class=\"wp-block-heading has-text-align-center\">NUESTRO COLE<\/h1>\n\n\n\n<div style=\"height:16px\" aria-hidden=\"true\" class=\"wp-block-spacer\"><\/div>\n\n\n\n<h1 class=\"wp-block-heading\">\u00cdNDICE<\/h1>\n\n\n\n<ul class=\"wp-block-list\">\n<li><a href=\"#horario-calendario\" data-type=\"internal\" data-id=\"#horario-calendario\" target=\"_blank\" rel=\"noreferrer noopener\">HORARIO Y CALENDARIO ESCOLAR<\/a><\/li>\n\n\n\n<li><a href=\"#material-escolar\">MATERIAL ESCOLAR INCIO DE CURSO<\/a><\/li>\n\n\n\n<li><a href=\"#documentos-institucionales\">DOCUMENTOS INSTITUCIONALES<\/a><\/li>\n\n\n\n<li><a href=\"#aula-aorco\u00edris\">AULA ARCO\u00cdRIS<\/a><\/li>\n\n\n\n<li><a href=\"#consejo-escolar\">CONSEJO ESCOLAR<\/a><\/li>\n\n\n\n<li><a href=\"#proyectos-propios\">PROYECTOS PROPIOS<\/a><\/li>\n\n\n\n<li><a href=\"#instalaciones\">INSTALACIONES<\/a><\/li>\n<\/ul>\n\n\n\n<div style=\"height:100px\" aria-hidden=\"true\" id=\"horario-calendario\" class=\"wp-block-spacer\"><\/div>\n\n\n\n<h2 class=\"wp-block-heading has-text-align-left\">HORARIO Y CALENDARIO ESCOLAR<\/h2>\n\n\n\n<h4 class=\"wp-block-heading has-text-align-left\">HORARIO LECTIVO<\/h4>\n\n\n\n<ul class=\"wp-block-list\">\n<li>Septiembre y junio: <strong>9:00 a 13:00<\/strong><\/li>\n\n\n\n<li>De octubre a mayo: <strong>9:00 a 14:00<\/strong><\/li>\n\n\n\n<li><strong>19 de diciembre de 2025<\/strong>: de 9:00 a 13:00 (previa aprobaci\u00f3n por el Consejo Escolar)<\/li>\n<\/ul>\n\n\n\n<h4 class=\"wp-block-heading\">HORARIO COMEDOR<\/h4>\n\n\n\n<ul class=\"wp-block-list\">\n<li>Septiembre y junio: <strong>13:00 a 15:00<\/strong><\/li>\n\n\n\n<li>De octubre a mayo: <strong>14:00 a 16:00<\/strong><\/li>\n<\/ul>\n\n\n\n<h4 class=\"wp-block-heading\">HORARIO AMPLIADO DEL CENTRO<\/h4>\n\n\n\n<ul class=\"wp-block-list\">\n<li>Desayunos: <strong>de 6:30 a 9:00 (en franjas)<\/strong><\/li>\n\n\n\n<li>Ludoteca: <strong>16:00 a 17:00 (15:00 a 17:00 en septiembre y junio)<\/strong><\/li>\n<\/ul>\n\n\n\n<p>Toda la informaci\u00f3n al respecto la pod\u00e9is encontrar en: <a href=\"https:\/\/site.educa.madrid.org\/cp.blasdelezo.parla\/index.php\/servicios\/comedor\/\" target=\"_blank\" rel=\"noreferrer noopener\">Servicio de Comedor<\/a> y <a href=\"https:\/\/site.educa.madrid.org\/cp.blasdelezo.parla\/index.php\/servicios\/horarios\/\" target=\"_blank\" rel=\"noreferrer noopener\">Horarios ampliados<\/a>.<\/p>\n\n\n\n<h3 class=\"wp-block-heading\">CALENDARIO ESCOLAR<\/h3>\n\n\n\n<h4 class=\"wp-block-heading\">CURSO 2025-2026<\/h4>\n\n\n\n<p><a href=\"https:\/\/site.educa.madrid.org\/cp.blasdelezo.parla\/\/wp-content\/uploads\/cp.blasdelezo.parla\/2025\/09\/ORDEN-1476-2025-de-4-de-mayo-Calendario-Escolar-2025-2026-BOCM-20250513-17.pdf\" data-type=\"link\" data-id=\"https:\/\/site.educa.madrid.org\/cp.blasdelezo.parla\/\/wp-content\/uploads\/cp.blasdelezo.parla\/2025\/09\/ORDEN-1476-2025-de-4-de-mayo-Calendario-Escolar-2025-2026-BOCM-20250513-17.pdf\">ORDEN 1476\/2025, de 4 de mayo, del Consejero de Educaci\u00f3n, Ciencia y Universidades, por la que se establece el calendario escolar para el curso 2025\/2026 en los centros educativos no universitarios sostenidos con fondos p\u00fablicos de la Comunidad de Madrid (DESCARGAR)<\/a><\/p>\n\n\n\n<p class=\"has-text-align-center\"><a href=\"https:\/\/site.educa.madrid.org\/cp.blasdelezo.parla\/\/wp-content\/uploads\/cp.blasdelezo.parla\/2025\/09\/Calendario_escolar_2025-2026.pdf\">CALENDARIO ESCOLAR 2025\/2026 GR\u00c1FICO (DESCARGAR)<\/a><\/p>\n\n\n\n<div class=\"wp-block-group is-content-justification-center is-nowrap is-layout-flex wp-container-core-group-is-layout-94bc23d7 wp-block-group-is-layout-flex\">\n<figure class=\"wp-block-gallery has-nested-images columns-default is-cropped wp-block-gallery-1 is-layout-flex wp-block-gallery-is-layout-flex\">\n<figure class=\"wp-block-image size-large\"><img loading=\"lazy\" decoding=\"async\" width=\"724\" height=\"1024\" data-id=\"4213\" src=\"https:\/\/site.educa.madrid.org\/cp.blasdelezo.parla\/\/wp-content\/uploads\/cp.blasdelezo.parla\/2025\/09\/Calendario_escolar_2025-2026_page-0001-724x1024.jpg\" alt=\"\" class=\"wp-image-4213\" srcset=\"https:\/\/site.educa.madrid.org\/cp.blasdelezo.parla\/\/wp-content\/uploads\/cp.blasdelezo.parla\/2025\/09\/Calendario_escolar_2025-2026_page-0001-724x1024.jpg 724w, https:\/\/site.educa.madrid.org\/cp.blasdelezo.parla\/\/wp-content\/uploads\/cp.blasdelezo.parla\/2025\/09\/Calendario_escolar_2025-2026_page-0001-212x300.jpg 212w, https:\/\/site.educa.madrid.org\/cp.blasdelezo.parla\/\/wp-content\/uploads\/cp.blasdelezo.parla\/2025\/09\/Calendario_escolar_2025-2026_page-0001-768x1086.jpg 768w, https:\/\/site.educa.madrid.org\/cp.blasdelezo.parla\/\/wp-content\/uploads\/cp.blasdelezo.parla\/2025\/09\/Calendario_escolar_2025-2026_page-0001-1086x1536.jpg 1086w, https:\/\/site.educa.madrid.org\/cp.blasdelezo.parla\/\/wp-content\/uploads\/cp.blasdelezo.parla\/2025\/09\/Calendario_escolar_2025-2026_page-0001.jpg 1241w\" sizes=\"auto, (max-width: 724px) 100vw, 724px\" \/><\/figure>\n\n\n\n<figure class=\"wp-block-image size-large\"><img loading=\"lazy\" decoding=\"async\" width=\"724\" height=\"1024\" data-id=\"4214\" src=\"https:\/\/site.educa.madrid.org\/cp.blasdelezo.parla\/\/wp-content\/uploads\/cp.blasdelezo.parla\/2025\/09\/Calendario_escolar_2025-2026_page-0002-724x1024.jpg\" alt=\"\" class=\"wp-image-4214\" srcset=\"https:\/\/site.educa.madrid.org\/cp.blasdelezo.parla\/\/wp-content\/uploads\/cp.blasdelezo.parla\/2025\/09\/Calendario_escolar_2025-2026_page-0002-724x1024.jpg 724w, https:\/\/site.educa.madrid.org\/cp.blasdelezo.parla\/\/wp-content\/uploads\/cp.blasdelezo.parla\/2025\/09\/Calendario_escolar_2025-2026_page-0002-212x300.jpg 212w, https:\/\/site.educa.madrid.org\/cp.blasdelezo.parla\/\/wp-content\/uploads\/cp.blasdelezo.parla\/2025\/09\/Calendario_escolar_2025-2026_page-0002-768x1086.jpg 768w, https:\/\/site.educa.madrid.org\/cp.blasdelezo.parla\/\/wp-content\/uploads\/cp.blasdelezo.parla\/2025\/09\/Calendario_escolar_2025-2026_page-0002-1086x1536.jpg 1086w, https:\/\/site.educa.madrid.org\/cp.blasdelezo.parla\/\/wp-content\/uploads\/cp.blasdelezo.parla\/2025\/09\/Calendario_escolar_2025-2026_page-0002.jpg 1241w\" sizes=\"auto, (max-width: 724px) 100vw, 724px\" \/><\/figure>\n<\/figure>\n<\/div>\n\n\n\n<h4 class=\"wp-block-heading\">FECHAS IMPORTANTES<\/h4>\n\n\n\n<ul class=\"wp-block-list\">\n<li>PERIODO LECTIVO: del 8 de septiembre al 19 de junio, ambos inclusive.<\/li>\n\n\n\n<li>8 de septiembre: inicio de las actividades lectivas.<\/li>\n\n\n\n<li>19 de diembre: \u00faltimo d\u00eda lectivo del 1er trimestre.<\/li>\n\n\n\n<li>8 de enero: inicio del 2do trimestre.<\/li>\n\n\n\n<li>26 de marzo: \u00faltimo d\u00eda lectivo del 2do trimestre.<\/li>\n\n\n\n<li>7 de abril: inicio del 3er trimestre.<\/li>\n\n\n\n<li>19 de junio: \u00faltimo d\u00eda lectivo del curso. <\/li>\n<\/ul>\n\n\n\n<h4 class=\"wp-block-heading\">D\u00cdAS NO LECTIVOS<\/h4>\n\n\n\n<ul class=\"wp-block-list\">\n<li>15 de septiembre (festividad de Parla)<\/li>\n\n\n\n<li>13 de octubre<\/li>\n\n\n\n<li>3 de noviembre<\/li>\n\n\n\n<li>8 de diciembre<\/li>\n\n\n\n<li>1 de mayo (pendiente de aprobaci\u00f3n en calendario oficial)<\/li>\n<\/ul>\n\n\n\n<h4 class=\"wp-block-heading\">VACACIONES<\/h4>\n\n\n\n<ul class=\"wp-block-list\">\n<li>NAVIDAD: del 20 de diciembre al 7 de enero.<\/li>\n\n\n\n<li>SEMANA SANTA: del 27 de marzo al 6 de abril.<\/li>\n\n\n\n<li>VERANO: del 20 de junio hasta septiembre.<\/li>\n<\/ul>\n\n\n\n<div style=\"height:100px\" aria-hidden=\"true\" id=\"material-escolar\" class=\"wp-block-spacer\"><\/div>\n\n\n\n<h2 class=\"wp-block-heading\">MATERIAL ESCOLAR INCIO DE CURSO<\/h2>\n\n\n\n<ul class=\"wp-block-list\">\n<li><a href=\"https:\/\/site.educa.madrid.org\/cp.blasdelezo.parla\/\/wp-content\/uploads\/cp.blasdelezo.parla\/2025\/09\/LISTADO-DE-MATERIALES-3o-PRIMARIA-25-26.pdf\">Listado de materiales 3\u00ba de Primaria 25-26<\/a><\/li>\n\n\n\n<li><a href=\"https:\/\/site.educa.madrid.org\/cp.blasdelezo.parla\/\/wp-content\/uploads\/cp.blasdelezo.parla\/2025\/09\/LISTADO-DE-MATERIALES-4o-PRIMARIA-25-26.pdf\">Listado de materiales 4\u00ba de Primaria 25-26<\/a><\/li>\n\n\n\n<li><a href=\"https:\/\/site.educa.madrid.org\/cp.blasdelezo.parla\/\/wp-content\/uploads\/cp.blasdelezo.parla\/2025\/09\/LISTADO-DE-MATERIALES-5o-PRIMARIA-25-26.pdf\">Listado de materiales 5\u00ba de Primaria 25-26<\/a><\/li>\n\n\n\n<li><a href=\"https:\/\/site.educa.madrid.org\/cp.blasdelezo.parla\/\/wp-content\/uploads\/cp.blasdelezo.parla\/2025\/09\/LISTADO-DE-MATERIALES-6o-PRIMARIA-25-26.pdf\">Listado de materiales 6\u00ba de Primaria 25-26<\/a><\/li>\n<\/ul>\n\n\n\n<h4 class=\"wp-block-heading\"><a href=\"https:\/\/site.educa.madrid.org\/cp.blasdelezo.parla\/index.php\/secretaria\/librosdetexto\/\" target=\"_blank\" rel=\"noreferrer noopener\">LIBROS DE TEXTO CURSO 25-26<\/a><\/h4>\n\n\n\n<div style=\"height:100px\" aria-hidden=\"true\" id=\"documentos-institucionales\" class=\"wp-block-spacer\"><\/div>\n\n\n\n<h2 class=\"wp-block-heading\"><a href=\"https:\/\/site.educa.madrid.org\/cp.blasdelezo.parla\/index.php\/nuestro-cole\/documentos\/\" target=\"_blank\" rel=\"noreferrer noopener\">DOCUMENTOS INSTITUCIONALES<\/a> (acceso)<\/h2>\n\n\n\n<ul class=\"wp-block-list\">\n<li>PROYECTO EDUCATIVO DEL CENTRO<\/li>\n\n\n\n<li>PROGRAMACI\u00d3N GENERAL ANUAL<\/li>\n\n\n\n<li>MEMORIA ANUAL<\/li>\n\n\n\n<li>PLAN DE CONVIVENCIA<\/li>\n\n\n\n<li>PLAN DE ACCI\u00d3N TUTORIAL<\/li>\n\n\n\n<li>NORMAS DE CONVIVENCIA DEL CENTRO<\/li>\n\n\n\n<li>PLAN INCLUYO<\/li>\n\n\n\n<li>NORMAS DE ORGANIZACI\u00d3N Y FUNCIONAMIENTO<\/li>\n\n\n\n<li>PROTOCOLOS DE ACOSO<\/li>\n\n\n\n<li>PLAN DE EVACUACI\u00d3N<\/li>\n\n\n\n<li>PROYECTO DE AULA TEA<\/li>\n\n\n\n<li>PRESUPUESTOS<\/li>\n\n\n\n<li>DOSSIER INFORMATIVO A LAS FAMILIAS<\/li>\n\n\n\n<li>PLAN DIGITAL<\/li>\n<\/ul>\n\n\n\n<div style=\"height:100px\" aria-hidden=\"true\" id=\"aula-aorco\u00edris\" class=\"wp-block-spacer\"><\/div>\n\n\n\n<h2 class=\"wp-block-heading\"><a href=\"https:\/\/site.educa.madrid.org\/cp.blasdelezo.parla\/index.php\/nuestro-cole\/aula-arcoiris\/\" target=\"_blank\" rel=\"noreferrer noopener\">AULA ARCO\u00cdRIS<\/a><\/h2>\n\n\n\n<ul class=\"wp-block-list\">\n<li>DESCRIPCI\u00d3N DE LAS AULAS<\/li>\n\n\n\n<li>PROYECTO AULA TEA <\/li>\n<\/ul>\n\n\n\n<div style=\"height:100px\" aria-hidden=\"true\" id=\"consejo-escolar\" class=\"wp-block-spacer\"><\/div>\n\n\n\n<h2 class=\"wp-block-heading\">CONSEJO ESCOLAR<\/h2>\n\n\n\n<h4 class=\"wp-block-heading\">ELECCIONES AL CONSEJO ESCOLAR<\/h4>\n\n\n\n<p>Durante el primer trimestre del curso 2025\/2026, se proceder\u00e1 a realizar la renovaci\u00f3n de la 1\u00aa mitad del Consejo Escolar:<\/p>\n\n\n\n<ul class=\"wp-block-list\">\n<li>3 representantes sector profesores<\/li>\n\n\n\n<li>2 representantes sector familias<\/li>\n\n\n\n<li>Representante del AMPA<\/li>\n\n\n\n<li>Representante del Ayuntamiento<\/li>\n<\/ul>\n\n\n\n<div style=\"height:100px\" aria-hidden=\"true\" id=\"proyectos-propios\" class=\"wp-block-spacer\"><\/div>\n\n\n\n<h2 class=\"wp-block-heading\"><a href=\"https:\/\/site.educa.madrid.org\/cp.blasdelezo.parla\/index.php\/nuestro-cole\/proyectos\/\" target=\"_blank\" rel=\"noreferrer noopener\">PROYECTOS DEL CENTRO<\/a><\/h2>\n\n\n\n<h4 class=\"wp-block-heading\">PROYECTOS EN COLABORACI\u00d3N<\/h4>\n\n\n\n<ul class=\"wp-block-list\">\n<li>CENTRO PREFERENTE TEA<\/li>\n\n\n\n<li>PROGRAMA ESCOLAR DE CONSUMO DE FRUTA, HORTALIZAS Y LECHE DE LA UNI\u00d3N EUROPEA<\/li>\n\n\n\n<li>PLAN DIRECTOR PARA LA CONVIVENCIA Y MEJORA DE LA SEGURIDAD EN LOS CENTROS EDUCATIVOS Y SUS ENTORNOS, PARA EL CURSO ESCOLAR EN LA COMUNIDAD DE MADRID<\/li>\n\n\n\n<li>ERASMUS +<\/li>\n\n\n\n<li>PRACTICUM XXI<\/li>\n\n\n\n<li>4\u00ba DE LA ESO + EMPRESAS<\/li>\n\n\n\n<li>CANTANIA<\/li>\n<\/ul>\n\n\n\n<h4 class=\"wp-block-heading\">PROYECTOS PROPIOS<\/h4>\n\n\n\n<ul class=\"wp-block-list\">\n<li>PROYECTO BILING\u00dcE<\/li>\n\n\n\n<li>PROYECTO TEA<\/li>\n\n\n\n<li>PROYECTO DIGITAL<\/li>\n\n\n\n<li>DESAYUNOS SALUDABLES<\/li>\n\n\n\n<li>ALUMNOS MEDIADORES (5\u00ba Y 6\u00ba)<\/li>\n\n\n\n<li>CONSEJO DE ALUMNOS (DE 4\u00ba 6\u00ba)<\/li>\n\n\n\n<li>PATIOS INCLUSIVOS<\/li>\n\n\n\n<li>PATIOS LIMPIOS<\/li>\n\n\n\n<li>CORO ESCOLAR<\/li>\n<\/ul>\n\n\n\n<div style=\"height:50px\" aria-hidden=\"true\" class=\"wp-block-spacer\"><\/div>\n\n\n\n<div style=\"height:100px\" aria-hidden=\"true\" id=\"instalaciones\" class=\"wp-block-spacer\"><\/div>\n\n\n\n<h2 class=\"wp-block-heading has-text-align-left\"><a href=\"https:\/\/site.educa.madrid.org\/cp.blasdelezo.parla\/index.php\/nuestro-cole\/instalaciones\/\" target=\"_blank\" rel=\"noreferrer noopener\">INSTALACIONES<\/a><\/h2>\n\n\n\n<p class=\"has-text-align-left\">Te invitamos a conocernos mejor dando un vuelta por nuestro cole.<\/p>\n\n\n\n<figure class=\"wp-block-gallery has-nested-images columns-2 is-cropped wp-block-gallery-2 is-layout-flex wp-block-gallery-is-layout-flex\">\n<figure class=\"wp-block-image size-large\"><img loading=\"lazy\" decoding=\"async\" width=\"1024\" height=\"768\" data-id=\"918\" src=\"https:\/\/site.educa.madrid.org\/cp.blasdelezo.parla\/\/wp-content\/uploads\/cp.blasdelezo.parla\/2021\/12\/0017_Entrada-pabellon-infantil-Blas-de-Lezo-Parla.jpg\" alt=\"\" class=\"wp-image-918\" srcset=\"https:\/\/site.educa.madrid.org\/cp.blasdelezo.parla\/\/wp-content\/uploads\/cp.blasdelezo.parla\/2021\/12\/0017_Entrada-pabellon-infantil-Blas-de-Lezo-Parla.jpg 1024w, https:\/\/site.educa.madrid.org\/cp.blasdelezo.parla\/\/wp-content\/uploads\/cp.blasdelezo.parla\/2021\/12\/0017_Entrada-pabellon-infantil-Blas-de-Lezo-Parla-300x225.jpg 300w, https:\/\/site.educa.madrid.org\/cp.blasdelezo.parla\/\/wp-content\/uploads\/cp.blasdelezo.parla\/2021\/12\/0017_Entrada-pabellon-infantil-Blas-de-Lezo-Parla-768x576.jpg 768w, https:\/\/site.educa.madrid.org\/cp.blasdelezo.parla\/\/wp-content\/uploads\/cp.blasdelezo.parla\/2021\/12\/0017_Entrada-pabellon-infantil-Blas-de-Lezo-Parla-700x525.jpg 700w, https:\/\/site.educa.madrid.org\/cp.blasdelezo.parla\/\/wp-content\/uploads\/cp.blasdelezo.parla\/2021\/12\/0017_Entrada-pabellon-infantil-Blas-de-Lezo-Parla-520x390.jpg 520w, https:\/\/site.educa.madrid.org\/cp.blasdelezo.parla\/\/wp-content\/uploads\/cp.blasdelezo.parla\/2021\/12\/0017_Entrada-pabellon-infantil-Blas-de-Lezo-Parla-360x270.jpg 360w, https:\/\/site.educa.madrid.org\/cp.blasdelezo.parla\/\/wp-content\/uploads\/cp.blasdelezo.parla\/2021\/12\/0017_Entrada-pabellon-infantil-Blas-de-Lezo-Parla-250x188.jpg 250w, https:\/\/site.educa.madrid.org\/cp.blasdelezo.parla\/\/wp-content\/uploads\/cp.blasdelezo.parla\/2021\/12\/0017_Entrada-pabellon-infantil-Blas-de-Lezo-Parla-100x75.jpg 100w\" sizes=\"auto, (max-width: 1024px) 100vw, 1024px\" \/><\/figure>\n\n\n\n<figure class=\"wp-block-image size-large\"><img loading=\"lazy\" decoding=\"async\" width=\"1024\" height=\"768\" data-id=\"924\" src=\"https:\/\/site.educa.madrid.org\/cp.blasdelezo.parla\/\/wp-content\/uploads\/cp.blasdelezo.parla\/2021\/12\/0023_pabellon-primaria-Blas-de-Lezo-Parla.jpg\" alt=\"\" class=\"wp-image-924\" srcset=\"https:\/\/site.educa.madrid.org\/cp.blasdelezo.parla\/\/wp-content\/uploads\/cp.blasdelezo.parla\/2021\/12\/0023_pabellon-primaria-Blas-de-Lezo-Parla.jpg 1024w, https:\/\/site.educa.madrid.org\/cp.blasdelezo.parla\/\/wp-content\/uploads\/cp.blasdelezo.parla\/2021\/12\/0023_pabellon-primaria-Blas-de-Lezo-Parla-300x225.jpg 300w, https:\/\/site.educa.madrid.org\/cp.blasdelezo.parla\/\/wp-content\/uploads\/cp.blasdelezo.parla\/2021\/12\/0023_pabellon-primaria-Blas-de-Lezo-Parla-768x576.jpg 768w, https:\/\/site.educa.madrid.org\/cp.blasdelezo.parla\/\/wp-content\/uploads\/cp.blasdelezo.parla\/2021\/12\/0023_pabellon-primaria-Blas-de-Lezo-Parla-700x525.jpg 700w, https:\/\/site.educa.madrid.org\/cp.blasdelezo.parla\/\/wp-content\/uploads\/cp.blasdelezo.parla\/2021\/12\/0023_pabellon-primaria-Blas-de-Lezo-Parla-520x390.jpg 520w, https:\/\/site.educa.madrid.org\/cp.blasdelezo.parla\/\/wp-content\/uploads\/cp.blasdelezo.parla\/2021\/12\/0023_pabellon-primaria-Blas-de-Lezo-Parla-360x270.jpg 360w, https:\/\/site.educa.madrid.org\/cp.blasdelezo.parla\/\/wp-content\/uploads\/cp.blasdelezo.parla\/2021\/12\/0023_pabellon-primaria-Blas-de-Lezo-Parla-250x188.jpg 250w, https:\/\/site.educa.madrid.org\/cp.blasdelezo.parla\/\/wp-content\/uploads\/cp.blasdelezo.parla\/2021\/12\/0023_pabellon-primaria-Blas-de-Lezo-Parla-100x75.jpg 100w\" sizes=\"auto, (max-width: 1024px) 100vw, 1024px\" \/><\/figure>\n\n\n\n<figure class=\"wp-block-image size-large\"><img loading=\"lazy\" decoding=\"async\" width=\"1024\" height=\"768\" data-id=\"906\" src=\"https:\/\/site.educa.madrid.org\/cp.blasdelezo.parla\/\/wp-content\/uploads\/cp.blasdelezo.parla\/2021\/12\/0005_Interior-pabellon-deportivo-Blas-de-Lezo-Parla.jpg\" alt=\"\" class=\"wp-image-906\" srcset=\"https:\/\/site.educa.madrid.org\/cp.blasdelezo.parla\/\/wp-content\/uploads\/cp.blasdelezo.parla\/2021\/12\/0005_Interior-pabellon-deportivo-Blas-de-Lezo-Parla.jpg 1024w, https:\/\/site.educa.madrid.org\/cp.blasdelezo.parla\/\/wp-content\/uploads\/cp.blasdelezo.parla\/2021\/12\/0005_Interior-pabellon-deportivo-Blas-de-Lezo-Parla-300x225.jpg 300w, https:\/\/site.educa.madrid.org\/cp.blasdelezo.parla\/\/wp-content\/uploads\/cp.blasdelezo.parla\/2021\/12\/0005_Interior-pabellon-deportivo-Blas-de-Lezo-Parla-768x576.jpg 768w, https:\/\/site.educa.madrid.org\/cp.blasdelezo.parla\/\/wp-content\/uploads\/cp.blasdelezo.parla\/2021\/12\/0005_Interior-pabellon-deportivo-Blas-de-Lezo-Parla-700x525.jpg 700w, https:\/\/site.educa.madrid.org\/cp.blasdelezo.parla\/\/wp-content\/uploads\/cp.blasdelezo.parla\/2021\/12\/0005_Interior-pabellon-deportivo-Blas-de-Lezo-Parla-520x390.jpg 520w, https:\/\/site.educa.madrid.org\/cp.blasdelezo.parla\/\/wp-content\/uploads\/cp.blasdelezo.parla\/2021\/12\/0005_Interior-pabellon-deportivo-Blas-de-Lezo-Parla-360x270.jpg 360w, https:\/\/site.educa.madrid.org\/cp.blasdelezo.parla\/\/wp-content\/uploads\/cp.blasdelezo.parla\/2021\/12\/0005_Interior-pabellon-deportivo-Blas-de-Lezo-Parla-250x188.jpg 250w, https:\/\/site.educa.madrid.org\/cp.blasdelezo.parla\/\/wp-content\/uploads\/cp.blasdelezo.parla\/2021\/12\/0005_Interior-pabellon-deportivo-Blas-de-Lezo-Parla-100x75.jpg 100w\" sizes=\"auto, (max-width: 1024px) 100vw, 1024px\" \/><\/figure>\n\n\n\n<figure class=\"wp-block-image size-large\"><img loading=\"lazy\" decoding=\"async\" width=\"1024\" height=\"768\" data-id=\"911\" src=\"https:\/\/site.educa.madrid.org\/cp.blasdelezo.parla\/\/wp-content\/uploads\/cp.blasdelezo.parla\/2021\/12\/0010_Sala-Psicomotricidad-Blas-de-Lezo-Parla.jpg\" alt=\"\" class=\"wp-image-911\" srcset=\"https:\/\/site.educa.madrid.org\/cp.blasdelezo.parla\/\/wp-content\/uploads\/cp.blasdelezo.parla\/2021\/12\/0010_Sala-Psicomotricidad-Blas-de-Lezo-Parla.jpg 1024w, https:\/\/site.educa.madrid.org\/cp.blasdelezo.parla\/\/wp-content\/uploads\/cp.blasdelezo.parla\/2021\/12\/0010_Sala-Psicomotricidad-Blas-de-Lezo-Parla-300x225.jpg 300w, https:\/\/site.educa.madrid.org\/cp.blasdelezo.parla\/\/wp-content\/uploads\/cp.blasdelezo.parla\/2021\/12\/0010_Sala-Psicomotricidad-Blas-de-Lezo-Parla-768x576.jpg 768w, https:\/\/site.educa.madrid.org\/cp.blasdelezo.parla\/\/wp-content\/uploads\/cp.blasdelezo.parla\/2021\/12\/0010_Sala-Psicomotricidad-Blas-de-Lezo-Parla-700x525.jpg 700w, https:\/\/site.educa.madrid.org\/cp.blasdelezo.parla\/\/wp-content\/uploads\/cp.blasdelezo.parla\/2021\/12\/0010_Sala-Psicomotricidad-Blas-de-Lezo-Parla-520x390.jpg 520w, https:\/\/site.educa.madrid.org\/cp.blasdelezo.parla\/\/wp-content\/uploads\/cp.blasdelezo.parla\/2021\/12\/0010_Sala-Psicomotricidad-Blas-de-Lezo-Parla-360x270.jpg 360w, https:\/\/site.educa.madrid.org\/cp.blasdelezo.parla\/\/wp-content\/uploads\/cp.blasdelezo.parla\/2021\/12\/0010_Sala-Psicomotricidad-Blas-de-Lezo-Parla-250x188.jpg 250w, https:\/\/site.educa.madrid.org\/cp.blasdelezo.parla\/\/wp-content\/uploads\/cp.blasdelezo.parla\/2021\/12\/0010_Sala-Psicomotricidad-Blas-de-Lezo-Parla-100x75.jpg 100w\" sizes=\"auto, (max-width: 1024px) 100vw, 1024px\" \/><\/figure>\n\n\n\n<figure class=\"wp-block-image size-large\"><img loading=\"lazy\" decoding=\"async\" width=\"1024\" height=\"768\" data-id=\"926\" src=\"https:\/\/site.educa.madrid.org\/cp.blasdelezo.parla\/\/wp-content\/uploads\/cp.blasdelezo.parla\/2021\/12\/0000_Interior-Comedor-Blas-de-Lezo-Parla.jpg\" alt=\"\" class=\"wp-image-926\" srcset=\"https:\/\/site.educa.madrid.org\/cp.blasdelezo.parla\/\/wp-content\/uploads\/cp.blasdelezo.parla\/2021\/12\/0000_Interior-Comedor-Blas-de-Lezo-Parla.jpg 1024w, https:\/\/site.educa.madrid.org\/cp.blasdelezo.parla\/\/wp-content\/uploads\/cp.blasdelezo.parla\/2021\/12\/0000_Interior-Comedor-Blas-de-Lezo-Parla-300x225.jpg 300w, https:\/\/site.educa.madrid.org\/cp.blasdelezo.parla\/\/wp-content\/uploads\/cp.blasdelezo.parla\/2021\/12\/0000_Interior-Comedor-Blas-de-Lezo-Parla-768x576.jpg 768w, https:\/\/site.educa.madrid.org\/cp.blasdelezo.parla\/\/wp-content\/uploads\/cp.blasdelezo.parla\/2021\/12\/0000_Interior-Comedor-Blas-de-Lezo-Parla-700x525.jpg 700w, https:\/\/site.educa.madrid.org\/cp.blasdelezo.parla\/\/wp-content\/uploads\/cp.blasdelezo.parla\/2021\/12\/0000_Interior-Comedor-Blas-de-Lezo-Parla-520x390.jpg 520w, https:\/\/site.educa.madrid.org\/cp.blasdelezo.parla\/\/wp-content\/uploads\/cp.blasdelezo.parla\/2021\/12\/0000_Interior-Comedor-Blas-de-Lezo-Parla-360x270.jpg 360w, https:\/\/site.educa.madrid.org\/cp.blasdelezo.parla\/\/wp-content\/uploads\/cp.blasdelezo.parla\/2021\/12\/0000_Interior-Comedor-Blas-de-Lezo-Parla-250x188.jpg 250w, https:\/\/site.educa.madrid.org\/cp.blasdelezo.parla\/\/wp-content\/uploads\/cp.blasdelezo.parla\/2021\/12\/0000_Interior-Comedor-Blas-de-Lezo-Parla-100x75.jpg 100w\" sizes=\"auto, (max-width: 1024px) 100vw, 1024px\" \/><\/figure>\n\n\n\n<figure class=\"wp-block-image size-large\"><img loading=\"lazy\" decoding=\"async\" width=\"1024\" height=\"768\" data-id=\"921\" src=\"https:\/\/site.educa.madrid.org\/cp.blasdelezo.parla\/\/wp-content\/uploads\/cp.blasdelezo.parla\/2021\/12\/0020_Pistas-deportivas-Blas-de-Lezo-Parla.jpg\" alt=\"\" class=\"wp-image-921\" srcset=\"https:\/\/site.educa.madrid.org\/cp.blasdelezo.parla\/\/wp-content\/uploads\/cp.blasdelezo.parla\/2021\/12\/0020_Pistas-deportivas-Blas-de-Lezo-Parla.jpg 1024w, https:\/\/site.educa.madrid.org\/cp.blasdelezo.parla\/\/wp-content\/uploads\/cp.blasdelezo.parla\/2021\/12\/0020_Pistas-deportivas-Blas-de-Lezo-Parla-300x225.jpg 300w, https:\/\/site.educa.madrid.org\/cp.blasdelezo.parla\/\/wp-content\/uploads\/cp.blasdelezo.parla\/2021\/12\/0020_Pistas-deportivas-Blas-de-Lezo-Parla-768x576.jpg 768w, https:\/\/site.educa.madrid.org\/cp.blasdelezo.parla\/\/wp-content\/uploads\/cp.blasdelezo.parla\/2021\/12\/0020_Pistas-deportivas-Blas-de-Lezo-Parla-700x525.jpg 700w, https:\/\/site.educa.madrid.org\/cp.blasdelezo.parla\/\/wp-content\/uploads\/cp.blasdelezo.parla\/2021\/12\/0020_Pistas-deportivas-Blas-de-Lezo-Parla-520x390.jpg 520w, https:\/\/site.educa.madrid.org\/cp.blasdelezo.parla\/\/wp-content\/uploads\/cp.blasdelezo.parla\/2021\/12\/0020_Pistas-deportivas-Blas-de-Lezo-Parla-360x270.jpg 360w, https:\/\/site.educa.madrid.org\/cp.blasdelezo.parla\/\/wp-content\/uploads\/cp.blasdelezo.parla\/2021\/12\/0020_Pistas-deportivas-Blas-de-Lezo-Parla-250x188.jpg 250w, https:\/\/site.educa.madrid.org\/cp.blasdelezo.parla\/\/wp-content\/uploads\/cp.blasdelezo.parla\/2021\/12\/0020_Pistas-deportivas-Blas-de-Lezo-Parla-100x75.jpg 100w\" sizes=\"auto, (max-width: 1024px) 100vw, 1024px\" \/><\/figure>\n<\/figure>\n\n\n\n<div style=\"height:16px\" aria-hidden=\"true\" class=\"wp-block-spacer\"><\/div>\n\n\n\n<p class=\"has-text-align-left\"><a href=\"https:\/\/site.educa.madrid.org\/cp.blasdelezo.parla\/index.php\/nuestro-cole\/instalaciones\/\">Descubre todas las instalaciones<\/a><\/p>\n","protected":false},"excerpt":{"rendered":"<p>&nbsp; NUESTRO COLE \u00cdNDICE HORARIO Y CALENDARIO ESCOLAR HORARIO LECTIVO HORARIO COMEDOR HORARIO AMPLIADO DEL CENTRO Toda la informaci\u00f3n al respecto la pod\u00e9is encontrar en: Servicio de Comedor y Horarios &#8230;<\/p>\n","protected":false},"author":2,"featured_media":0,"parent":0,"menu_order":0,"comment_status":"closed","ping_status":"closed","template":"","meta":{"footnotes":""},"folder":[],"class_list":["post-341","page","type-page","status-publish","hentry"],"rttpg_featured_image_url":null,"rttpg_author":{"display_name":"Blas de Lezo","author_link":"https:\/\/site.educa.madrid.org\/cp.blasdelezo.parla\/index.php\/author\/cuenta_tic-cp-blasdelezo-parla\/"},"rttpg_comment":0,"rttpg_category":false,"rttpg_excerpt":"&nbsp; NUESTRO COLE \u00cdNDICE HORARIO Y CALENDARIO ESCOLAR HORARIO LECTIVO HORARIO COMEDOR HORARIO AMPLIADO DEL CENTRO Toda la informaci\u00f3n al respecto la pod\u00e9is encontrar en: Servicio de Comedor y Horarios ...","post_mailing_queue_ids":[],"_links":{"self":[{"href":"https:\/\/site.educa.madrid.org\/cp.blasdelezo.parla\/index.php\/wp-json\/wp\/v2\/pages\/341","targetHints":{"allow":["GET"]}}],"collection":[{"href":"https:\/\/site.educa.madrid.org\/cp.blasdelezo.parla\/index.php\/wp-json\/wp\/v2\/pages"}],"about":[{"href":"https:\/\/site.educa.madrid.org\/cp.blasdelezo.parla\/index.php\/wp-json\/wp\/v2\/types\/page"}],"author":[{"embeddable":true,"href":"https:\/\/site.educa.madrid.org\/cp.blasdelezo.parla\/index.php\/wp-json\/wp\/v2\/users\/2"}],"replies":[{"embeddable":true,"href":"https:\/\/site.educa.madrid.org\/cp.blasdelezo.parla\/index.php\/wp-json\/wp\/v2\/comments?post=341"}],"version-history":[{"count":50,"href":"https:\/\/site.educa.madrid.org\/cp.blasdelezo.parla\/index.php\/wp-json\/wp\/v2\/pages\/341\/revisions"}],"predecessor-version":[{"id":4249,"href":"https:\/\/site.educa.madrid.org\/cp.blasdelezo.parla\/index.php\/wp-json\/wp\/v2\/pages\/341\/revisions\/4249"}],"wp:attachment":[{"href":"https:\/\/site.educa.madrid.org\/cp.blasdelezo.parla\/index.php\/wp-json\/wp\/v2\/media?parent=341"}],"wp:term":[{"taxonomy":"folder","embeddable":true,"href":"https:\/\/site.educa.madrid.org\/cp.blasdelezo.parla\/index.php\/wp-json\/wp\/v2\/folder?post=341"}],"curies":[{"name":"wp","href":"https:\/\/api.w.org\/{rel}","templated":true}]}}