{"id":821,"date":"2021-12-07T23:13:54","date_gmt":"2021-12-07T22:13:54","guid":{"rendered":"https:\/\/site.educa.madrid.org\/cp.blasdelezo.parla\/?page_id=821"},"modified":"2025-09-03T11:45:53","modified_gmt":"2025-09-03T09:45:53","slug":"horarios","status":"publish","type":"page","link":"https:\/\/site.educa.madrid.org\/cp.blasdelezo.parla\/index.php\/servicios\/horarios\/","title":{"rendered":"Horarios ampliados"},"content":{"rendered":"\n<h1 class=\"wp-block-heading has-text-align-center\">HORARIOS AMPLIADOS<\/h1>\n\n\n\n<div style=\"height:16px\" aria-hidden=\"true\" class=\"wp-block-spacer\"><\/div>\n\n\n\n<p>La empresa que gestiona nuestro servicio de comedor, <strong>Artesan\u00eda Gastron\u00f3mica Alcarre\u00f1a<\/strong>, ofrece tambi\u00e9n el servicio de horario ampliado de acogida de alumnos tanto por la ma\u00f1ana como por la tarde.<\/p>\n\n\n\n<h4 class=\"wp-block-heading\">LUDOTECA EN JUNIO Y SEPTIEMBRE<\/h4>\n\n\n\n<p>Impreso de solicitud, horarios y precios del servicio de<strong> ludoteca<\/strong> para los meses de jornada continua (<strong>septiembre y junio<\/strong>). <a href=\"https:\/\/site.educa.madrid.org\/cp.blasdelezo.parla\/\/wp-content\/uploads\/cp.blasdelezo.parla\/2025\/05\/IMPRESO-PAPAS-LUDOTECA-JUNIO-Y-SEPTIEMBRE-2025.pdf\" target=\"_blank\" rel=\"noreferrer noopener\">DESCARGAR<\/a><\/p>\n\n\n\n<h4 class=\"wp-block-heading\">HORARIO<\/h4>\n\n\n\n<ul class=\"wp-block-list\">\n<li>Horario de ma\u00f1ana o&nbsp;<strong>desayunos<\/strong>: franjas de 6.30 a 9.00 horas<\/li>\n\n\n\n<li>Horario de tarde o&nbsp;<strong>ludoteca<\/strong>: 16.00 a 17.00 horas de octubre a mayo o de&nbsp;15.00 a 17.00 horas en septiembre y junio.<\/li>\n<\/ul>\n\n\n\n<h4 class=\"wp-block-heading\">INSCRIPCI\u00d3N: DESAYUNOS Y LUDOTECA<\/h4>\n\n\n\n<p>Deben rellenar y firmar correctamente el modelo pertinente y entregarlo directamente el primer d\u00eda que necesiten el servicio a la monitora que les reciba.<\/p>\n\n\n\n<p>Toda la informaci\u00f3n relativa a precios y horarios concretos se encuentra en las fichas de inscripci\u00f3n que tienen a continuaci\u00f3n.<\/p>\n\n\n\n<p><a href=\"https:\/\/site.educa.madrid.org\/cp.blasdelezo.parla\/\/wp-content\/uploads\/cp.blasdelezo.parla\/2025\/05\/INSCRIPCION-DESAYUNOS-25-26.pdf\" target=\"_blank\" rel=\"noreferrer noopener\">INSCRIPCI\u00d3N DESAYUNOS<\/a><\/p>\n\n\n\n<p><a href=\"https:\/\/site.educa.madrid.org\/cp.blasdelezo.parla\/\/wp-content\/uploads\/cp.blasdelezo.parla\/2025\/05\/INSCRIPCION-LUDOTECA-TARDES-25-26.pdf\" target=\"_blank\" rel=\"noreferrer noopener\">INSCRIPCI\u00d3N LUDOTECA TARDES<\/a><\/p>\n\n\n\n<h4 class=\"wp-block-heading\">DESAYUNO: D\u00cdAS EVENTUALES<\/h4>\n\n\n\n<p>Debe acudir a la puerta de infantil por la ma\u00f1ana y avisar, a la monitora que le atienda, que solo se va a quedar ese d\u00eda.<\/p>\n\n\n\n<p>Tiene que abonarle&nbsp;<strong>4.50\u20ac <\/strong>en efectivo en ese momento.<\/p>\n\n\n\n<h4 class=\"wp-block-heading\">LUDOTECA: D\u00cdAS EVENTUALES<\/h4>\n\n\n\n<p>Tiene que avisar que el ni\u00f1o se queda a ludoteca despu\u00e9s de comedor enviando correo electr\u00f3nico a <a href=\"mailto:comedorblasdelezo@gmail.com\" target=\"_blank\" rel=\"noreferrer noopener\"><strong>comedorblasdelezo@gmail.com<\/strong><\/a><\/p>\n\n\n\n<p>Tiene que abonar&nbsp;<strong>4.50\u20ac <\/strong>en efectivo a la hora de recoger al ni\u00f1o. <\/p>\n\n\n\n<div style=\"height:16px\" aria-hidden=\"true\" class=\"wp-block-spacer\"><\/div>\n\n\n<div class=\"wp-block-image\">\n<figure class=\"aligncenter size-large\"><img loading=\"lazy\" decoding=\"async\" width=\"540\" height=\"369\" src=\"https:\/\/site.educa.madrid.org\/cp.blasdelezo.parla\/\/wp-content\/uploads\/cp.blasdelezo.parla\/2021\/12\/horarios-ampliados-lezo.jpg\" alt=\"\" class=\"wp-image-1321\" srcset=\"https:\/\/site.educa.madrid.org\/cp.blasdelezo.parla\/\/wp-content\/uploads\/cp.blasdelezo.parla\/2021\/12\/horarios-ampliados-lezo.jpg 540w, https:\/\/site.educa.madrid.org\/cp.blasdelezo.parla\/\/wp-content\/uploads\/cp.blasdelezo.parla\/2021\/12\/horarios-ampliados-lezo-300x205.jpg 300w, https:\/\/site.educa.madrid.org\/cp.blasdelezo.parla\/\/wp-content\/uploads\/cp.blasdelezo.parla\/2021\/12\/horarios-ampliados-lezo-474x324.jpg 474w, https:\/\/site.educa.madrid.org\/cp.blasdelezo.parla\/\/wp-content\/uploads\/cp.blasdelezo.parla\/2021\/12\/horarios-ampliados-lezo-520x355.jpg 520w, https:\/\/site.educa.madrid.org\/cp.blasdelezo.parla\/\/wp-content\/uploads\/cp.blasdelezo.parla\/2021\/12\/horarios-ampliados-lezo-360x246.jpg 360w, https:\/\/site.educa.madrid.org\/cp.blasdelezo.parla\/\/wp-content\/uploads\/cp.blasdelezo.parla\/2021\/12\/horarios-ampliados-lezo-250x171.jpg 250w, https:\/\/site.educa.madrid.org\/cp.blasdelezo.parla\/\/wp-content\/uploads\/cp.blasdelezo.parla\/2021\/12\/horarios-ampliados-lezo-100x68.jpg 100w\" sizes=\"auto, (max-width: 540px) 100vw, 540px\" \/><\/figure>\n<\/div>","protected":false},"excerpt":{"rendered":"<p>HORARIOS AMPLIADOS La empresa que gestiona nuestro servicio de comedor, Artesan\u00eda Gastron\u00f3mica Alcarre\u00f1a, ofrece tambi\u00e9n el servicio de horario ampliado de acogida de alumnos tanto por la ma\u00f1ana como por &#8230;<\/p>\n","protected":false},"author":2,"featured_media":0,"parent":810,"menu_order":0,"comment_status":"closed","ping_status":"closed","template":"","meta":{"footnotes":""},"folder":[],"class_list":["post-821","page","type-page","status-publish","hentry"],"rttpg_featured_image_url":null,"rttpg_author":{"display_name":"Blas de Lezo","author_link":"https:\/\/site.educa.madrid.org\/cp.blasdelezo.parla\/index.php\/author\/cuenta_tic-cp-blasdelezo-parla\/"},"rttpg_comment":0,"rttpg_category":false,"rttpg_excerpt":"HORARIOS AMPLIADOS La empresa que gestiona nuestro servicio de comedor, Artesan\u00eda Gastron\u00f3mica Alcarre\u00f1a, ofrece tambi\u00e9n el servicio de horario ampliado de acogida de alumnos tanto por la ma\u00f1ana como por ...","post_mailing_queue_ids":[],"_links":{"self":[{"href":"https:\/\/site.educa.madrid.org\/cp.blasdelezo.parla\/index.php\/wp-json\/wp\/v2\/pages\/821","targetHints":{"allow":["GET"]}}],"collection":[{"href":"https:\/\/site.educa.madrid.org\/cp.blasdelezo.parla\/index.php\/wp-json\/wp\/v2\/pages"}],"about":[{"href":"https:\/\/site.educa.madrid.org\/cp.blasdelezo.parla\/index.php\/wp-json\/wp\/v2\/types\/page"}],"author":[{"embeddable":true,"href":"https:\/\/site.educa.madrid.org\/cp.blasdelezo.parla\/index.php\/wp-json\/wp\/v2\/users\/2"}],"replies":[{"embeddable":true,"href":"https:\/\/site.educa.madrid.org\/cp.blasdelezo.parla\/index.php\/wp-json\/wp\/v2\/comments?post=821"}],"version-history":[{"count":29,"href":"https:\/\/site.educa.madrid.org\/cp.blasdelezo.parla\/index.php\/wp-json\/wp\/v2\/pages\/821\/revisions"}],"predecessor-version":[{"id":4199,"href":"https:\/\/site.educa.madrid.org\/cp.blasdelezo.parla\/index.php\/wp-json\/wp\/v2\/pages\/821\/revisions\/4199"}],"up":[{"embeddable":true,"href":"https:\/\/site.educa.madrid.org\/cp.blasdelezo.parla\/index.php\/wp-json\/wp\/v2\/pages\/810"}],"wp:attachment":[{"href":"https:\/\/site.educa.madrid.org\/cp.blasdelezo.parla\/index.php\/wp-json\/wp\/v2\/media?parent=821"}],"wp:term":[{"taxonomy":"folder","embeddable":true,"href":"https:\/\/site.educa.madrid.org\/cp.blasdelezo.parla\/index.php\/wp-json\/wp\/v2\/folder?post=821"}],"curies":[{"name":"wp","href":"https:\/\/api.w.org\/{rel}","templated":true}]}}