{"id":826,"date":"2021-12-07T23:15:34","date_gmt":"2021-12-07T22:15:34","guid":{"rendered":"https:\/\/site.educa.madrid.org\/cp.blasdelezo.parla\/?page_id=826"},"modified":"2022-05-04T07:14:41","modified_gmt":"2022-05-04T05:14:41","slug":"ampa","status":"publish","type":"page","link":"https:\/\/site.educa.madrid.org\/cp.blasdelezo.parla\/index.php\/servicios\/ampa\/","title":{"rendered":"AMPA"},"content":{"rendered":"\n\n\n<figure class=\"wp-block-image size-full\"><img loading=\"lazy\" decoding=\"async\" width=\"168\" height=\"81\" src=\"https:\/\/site.educa.madrid.org\/cp.blasdelezo.parla\/\/wp-content\/uploads\/cp.blasdelezo.parla\/2022\/05\/ampa.png\" alt=\"\" class=\"wp-image-1662\" srcset=\"https:\/\/site.educa.madrid.org\/cp.blasdelezo.parla\/\/wp-content\/uploads\/cp.blasdelezo.parla\/2022\/05\/ampa.png 168w, https:\/\/site.educa.madrid.org\/cp.blasdelezo.parla\/\/wp-content\/uploads\/cp.blasdelezo.parla\/2022\/05\/ampa-100x48.png 100w\" sizes=\"auto, (max-width: 168px) 100vw, 168px\" \/><\/figure>\n\n\n\n<p>El centro cuenta con una AMPA cuyas funciones principales son las siguientes:<\/p>\n\n\n\n<ul class=\"wp-block-list\"><li>Colaborar con el equipo directivo y el claustro para garantizar la mejor calidad de la ense\u00f1anza.<\/li><li>Organizar las <a href=\"https:\/\/site.educa.madrid.org\/cp.blasdelezo.parla\/index.php\/servicios\/extraescolares\/\">actividades extraescolares.<\/a><\/li><li>Apoyar la mejora de los servicios e infraestructuras del centro.<\/li><li>Aportar un\/a representante en el Consejo Escolar.<\/li><\/ul>\n\n\n\n<p>La Junta Directiva de la AMPA, os invita a participar activamente en la tarea de conseguir el mejor colegio y la mejor educaci\u00f3n para nuestros hijos.<\/p>\n\n\n\n<p>Por otra parte, no dud\u00e9is en dirigiros a esta AMPA para ayudaros a resolver cualquier problema dentro de su \u00e1mbito de actuaci\u00f3n.<\/p>\n\n\n\n<div class=\"wp-block-group alignfull has-background\" style=\"background-color:#0c4688\"><div class=\"wp-block-group__inner-container is-layout-flow wp-block-group-is-layout-flow\">\n<h3 class=\"has-text-align-center has-white-color has-text-color wp-block-heading\">Horario AMPA<\/h3>\n\n\n\n<p class=\"has-text-align-center has-white-color has-text-color\">Martes y jueves de 16:00 a 17:00<\/p>\n\n\n\n<p class=\"has-text-align-center has-white-color has-text-color\">Para cualquier informaci\u00f3n mandar un correo electr\u00f3nico: blasdelezoampa@gmail.com<\/p>\n\n\n\n<div class=\"wp-block-buttons is-content-justification-center is-layout-flex wp-container-core-buttons-is-layout-16018d1d wp-block-buttons-is-layout-flex\">\n<div class=\"wp-block-button has-custom-font-size is-style-outline has-medium-font-size is-style-outline--1\"><a class=\"wp-block-button__link has-white-color has-text-color\" href=\"https:\/\/sites.google.com\/view\/ampablasdelezo-parla\/\" target=\"_blank\" rel=\"noreferrer noopener\">web<\/a><\/div>\n<\/div>\n\n\n\n<div class=\"wp-block-buttons is-horizontal is-content-justification-center is-layout-flex wp-container-core-buttons-is-layout-499968f5 wp-block-buttons-is-layout-flex\">\n<div class=\"wp-block-button has-custom-font-size is-style-outline has-small-font-size is-style-outline--2\"><a class=\"wp-block-button__link has-white-color has-text-color\" href=\"https:\/\/www.facebook.com\/profile.php?id=100063466146833\" target=\"_blank\" rel=\"noreferrer noopener\">FACEBOOK<\/a><\/div>\n<\/div>\n<\/div><\/div>\n\n\n\n<div style=\"height:100px\" aria-hidden=\"true\" class=\"wp-block-spacer\"><\/div>\n\n\n\n<p><\/p>\n","protected":false},"excerpt":{"rendered":"<p>El centro cuenta con una AMPA cuyas funciones principales son las siguientes: Colaborar con el equipo directivo y el claustro para garantizar la mejor calidad de la ense\u00f1anza. Organizar las &#8230;<\/p>\n","protected":false},"author":2,"featured_media":0,"parent":810,"menu_order":0,"comment_status":"closed","ping_status":"closed","template":"page-templates\/page_fullwidth.php","meta":{"footnotes":""},"folder":[],"class_list":["post-826","page","type-page","status-publish","hentry"],"rttpg_featured_image_url":null,"rttpg_author":{"display_name":"Blas de Lezo","author_link":"https:\/\/site.educa.madrid.org\/cp.blasdelezo.parla\/index.php\/author\/cuenta_tic-cp-blasdelezo-parla\/"},"rttpg_comment":0,"rttpg_category":false,"rttpg_excerpt":"El centro cuenta con una AMPA cuyas funciones principales son las siguientes: Colaborar con el equipo directivo y el claustro para garantizar la mejor calidad de la ense\u00f1anza. Organizar las ...","post_mailing_queue_ids":[],"_links":{"self":[{"href":"https:\/\/site.educa.madrid.org\/cp.blasdelezo.parla\/index.php\/wp-json\/wp\/v2\/pages\/826","targetHints":{"allow":["GET"]}}],"collection":[{"href":"https:\/\/site.educa.madrid.org\/cp.blasdelezo.parla\/index.php\/wp-json\/wp\/v2\/pages"}],"about":[{"href":"https:\/\/site.educa.madrid.org\/cp.blasdelezo.parla\/index.php\/wp-json\/wp\/v2\/types\/page"}],"author":[{"embeddable":true,"href":"https:\/\/site.educa.madrid.org\/cp.blasdelezo.parla\/index.php\/wp-json\/wp\/v2\/users\/2"}],"replies":[{"embeddable":true,"href":"https:\/\/site.educa.madrid.org\/cp.blasdelezo.parla\/index.php\/wp-json\/wp\/v2\/comments?post=826"}],"version-history":[{"count":12,"href":"https:\/\/site.educa.madrid.org\/cp.blasdelezo.parla\/index.php\/wp-json\/wp\/v2\/pages\/826\/revisions"}],"predecessor-version":[{"id":1675,"href":"https:\/\/site.educa.madrid.org\/cp.blasdelezo.parla\/index.php\/wp-json\/wp\/v2\/pages\/826\/revisions\/1675"}],"up":[{"embeddable":true,"href":"https:\/\/site.educa.madrid.org\/cp.blasdelezo.parla\/index.php\/wp-json\/wp\/v2\/pages\/810"}],"wp:attachment":[{"href":"https:\/\/site.educa.madrid.org\/cp.blasdelezo.parla\/index.php\/wp-json\/wp\/v2\/media?parent=826"}],"wp:term":[{"taxonomy":"folder","embeddable":true,"href":"https:\/\/site.educa.madrid.org\/cp.blasdelezo.parla\/index.php\/wp-json\/wp\/v2\/folder?post=826"}],"curies":[{"name":"wp","href":"https:\/\/api.w.org\/{rel}","templated":true}]}}