{"id":13799,"date":"2026-03-12T17:17:14","date_gmt":"2026-03-12T16:17:14","guid":{"rendered":"https:\/\/site.educa.madrid.org\/cp.carlostercero.aranjuez\/?page_id=13799"},"modified":"2026-03-12T17:30:44","modified_gmt":"2026-03-12T16:30:44","slug":"actividades-complementarias-2025-2026","status":"publish","type":"page","link":"https:\/\/site.educa.madrid.org\/cp.carlostercero.aranjuez\/index.php\/actividades-complementarias-2025-2026\/","title":{"rendered":"Actividades complementarias 2025\/2026"},"content":{"rendered":"\n<p><\/p>\n\n\n\n<p>Durante el presente curso escolar se han desarrollado diversas actividades complementarias dirigidas a enriquecer el aprendizaje del alumnado. A continuaci\u00f3n se presenta una relaci\u00f3n de algunas de las actividades realizadas:<\/p>\n\n\n\n<p><strong>Taller de Higiene Bucodental<\/strong><\/p>\n\n\n\n<ul class=\"wp-block-list\">\n<li><strong>Cursos destinatarios:<\/strong> 2\u00ba de Educaci\u00f3n Primaria<\/li>\n\n\n\n<li><strong>Fecha:<\/strong> 2 de marzo de 2026<\/li>\n\n\n\n<li><strong>Contenido:<\/strong> Taller educativo sobre h\u00e1bitos de higiene bucodental y la importancia del cuidado dental.<\/li>\n\n\n\n<li><strong>Entidades colaboradoras:<\/strong> Fundaci\u00f3n Cruz Roja<\/li>\n<\/ul>\n\n\n\n<p><strong>Carnaval<\/strong><\/p>\n\n\n\n<ul class=\"wp-block-list\">\n<li><strong>Cursos destinatarios:<\/strong> Todo el ciclo centro<\/li>\n\n\n\n<li><strong>Fecha:<\/strong> 16 de febrero de 2026<\/li>\n\n\n\n<li><strong>Contenido:<\/strong> Desfile y actividades festivas relacionadas con el Carnaval.<\/li>\n<\/ul>\n\n\n\n<p><strong>Taller de Paleontolog\u00eda<\/strong><\/p>\n\n\n\n<ul class=\"wp-block-list\">\n<li><strong>Cursos destinatarios:<\/strong> 2\u00ba de Educaci\u00f3n Primaria<\/li>\n\n\n\n<li><strong>Fecha:<\/strong> 9 de febrero de 2026<\/li>\n\n\n\n<li><strong>Contenido:<\/strong> Actividad pr\u00e1ctica de investigaci\u00f3n sobre f\u00f3siles y alimentaci\u00f3n de los animales mediante el an\u00e1lisis de cr\u00e1neos y la b\u00fasqueda de restos f\u00f3siles.<\/li>\n<\/ul>\n\n\n\n<p><strong>Motivaci\u00f3n Proyecto Escocia<\/strong><\/p>\n\n\n\n<ul class=\"wp-block-list\">\n<li><strong>Cursos destinatarios:<\/strong> Todo el ciclo de Infantil<\/li>\n\n\n\n<li><strong>Fecha:<\/strong> 20 de enero de 2026<\/li>\n\n\n\n<li><strong>Contenido:<\/strong> Actividad de motivaci\u00f3n para el inicio del proyecto educativo sobre Escocia.<\/li>\n<\/ul>\n\n\n\n<p><strong>Navidad en el centro<\/strong><\/p>\n\n\n\n<ul class=\"wp-block-list\">\n<li><strong>Cursos destinatarios:<\/strong> Todo el ciclo de Infantil<\/li>\n\n\n\n<li><strong>Fecha:<\/strong> \u00daltima semana escolar de diciembre de 2025<\/li>\n\n\n\n<li><strong>Contenido:<\/strong> Actividades navide\u00f1as en el centro educativo, incluyendo visita de los Reyes y desayuno.<\/li>\n<\/ul>\n\n\n\n<p><strong>Visita al Museo del Ferrocarril<\/strong><\/p>\n\n\n\n<ul class=\"wp-block-list\">\n<li><strong>Cursos destinatarios:<\/strong> 4\u00ba de Educaci\u00f3n Primaria<\/li>\n\n\n\n<li><strong>Fecha:<\/strong> 17 de diciembre de 2025<\/li>\n\n\n\n<li><strong>Contenido:<\/strong> Visita cultural al museo con paseo en minitren y participaci\u00f3n en un taller relacionado con el mundo ferroviario.<\/li>\n\n\n\n<li><strong>Entidades colaboradoras:<\/strong> Museo del Ferrocarril<\/li>\n<\/ul>\n\n\n\n<p><strong>Salida al Ayuntamiento \u2013 D\u00eda de la Discapacidad<\/strong><\/p>\n\n\n\n<ul class=\"wp-block-list\">\n<li><strong>Cursos destinatarios:<\/strong> Jard\u00edn de Charlie<\/li>\n\n\n\n<li><strong>Fecha:<\/strong> 3 de diciembre de 2025<\/li>\n\n\n\n<li><strong>Contenido:<\/strong> Participaci\u00f3n en una salida junto a otros centros educativos para conmemorar el D\u00eda de la Discapacidad y fomentar la inclusi\u00f3n y la sensibilizaci\u00f3n social.<\/li>\n\n\n\n<li><strong>Entidades colaboradoras:<\/strong> Ayuntamiento de Aranjuez<\/li>\n<\/ul>\n\n\n\n<p><strong>Oto\u00f1o en el Jard\u00edn del Pr\u00edncipe<\/strong><\/p>\n\n\n\n<ul class=\"wp-block-list\">\n<li><strong>Cursos destinatarios:<\/strong> Infantil 5 a\u00f1os<\/li>\n\n\n\n<li><strong>Fecha:<\/strong> 26 de noviembre de 2025<\/li>\n\n\n\n<li><strong>Contenido:<\/strong> Observaci\u00f3n y manipulaci\u00f3n de elementos propios del oto\u00f1o en un entorno natural.<\/li>\n<\/ul>\n\n\n\n<p><strong>Aula de Astronom\u00eda<\/strong><\/p>\n\n\n\n<ul class=\"wp-block-list\">\n<li><strong>Cursos destinatarios:<\/strong> Infantil 5 a\u00f1os<\/li>\n\n\n\n<li><strong>Fecha:<\/strong> 25 de noviembre de 2025<\/li>\n\n\n\n<li><strong>Contenido:<\/strong> Actividad educativa sobre astronom\u00eda con observaci\u00f3n y ampliaci\u00f3n de conocimientos relacionados con el proyecto trabajado en el aula.<\/li>\n\n\n\n<li><strong>Entidades colaboradoras:<\/strong> Aula de astronom\u00eda<\/li>\n<\/ul>\n\n\n\n<p><strong>Salida al Jard\u00edn del Pr\u00edncipe<\/strong><\/p>\n\n\n\n<ul class=\"wp-block-list\">\n<li><strong>Cursos destinatarios:<\/strong> Infantil 3 a\u00f1os<\/li>\n\n\n\n<li><strong>Fecha:<\/strong> 14 de noviembre de 2025<\/li>\n\n\n\n<li><strong>Contenido:<\/strong> Observaci\u00f3n del entorno natural en oto\u00f1o y realizaci\u00f3n de un taller con hojas.<\/li>\n<\/ul>\n\n\n\n<p><strong>Salida a Arqueopinto<\/strong><\/p>\n\n\n\n<ul class=\"wp-block-list\">\n<li><strong>Cursos destinatarios:<\/strong> Infantil 4 a\u00f1os<\/li>\n\n\n\n<li><strong>Fecha:<\/strong> 10 de noviembre de 2025<\/li>\n\n\n\n<li><strong>Contenido:<\/strong> Visita al parque de la prehistoria con actividades y talleres sobre pintura rupestre.<\/li>\n\n\n\n<li><strong>Entidades colaboradoras:<\/strong> Arqueopinto<\/li>\n<\/ul>\n\n\n\n<p><strong>Fiesta de Halloween<\/strong><\/p>\n\n\n\n<ul class=\"wp-block-list\">\n<li><strong>Cursos destinatarios:<\/strong> Todo el ciclo de Infantil<\/li>\n\n\n\n<li><strong>Fecha:<\/strong> 31 de octubre de 2025<\/li>\n\n\n\n<li><strong>Contenido:<\/strong> Actividades l\u00fadicas y narrativas para trabajar los miedos de forma creativa y divertida.<\/li>\n<\/ul>\n\n\n\n<p><\/p>\n","protected":false},"excerpt":{"rendered":"<p>Durante el presente curso escolar se han desarrollado diversas actividades complementarias dirigidas a enriquecer el aprendizaje del alumnado. A continuaci\u00f3n se presenta una relaci\u00f3n de algunas de las actividades realizadas: Taller de Higiene Bucodental Carnaval Taller de Paleontolog\u00eda Motivaci\u00f3n Proyecto Escocia Navidad en el centro Visita al Museo del Ferrocarril Salida al Ayuntamiento \u2013 D\u00eda &hellip; <\/p>\n<p class=\"link-more\"><a href=\"https:\/\/site.educa.madrid.org\/cp.carlostercero.aranjuez\/index.php\/actividades-complementarias-2025-2026\/\" class=\"more-link\">Continuar leyendo<span class=\"screen-reader-text\"> \u00abActividades complementarias 2025\/2026\u00bb<\/span><\/a><\/p>\n","protected":false},"author":3,"featured_media":0,"parent":0,"menu_order":0,"comment_status":"closed","ping_status":"closed","template":"","meta":{"footnotes":""},"folder":[],"class_list":["post-13799","page","type-page","status-publish","hentry"],"rttpg_featured_image_url":null,"rttpg_author":{"display_name":"cp.carlostercero.aranjuez","author_link":"https:\/\/site.educa.madrid.org\/cp.carlostercero.aranjuez\/index.php\/author\/cuenta_cp-carlostercero-aranjuez\/"},"rttpg_comment":0,"rttpg_category":false,"rttpg_excerpt":"Durante el presente curso escolar se han desarrollado diversas actividades complementarias dirigidas a enriquecer el aprendizaje del alumnado. A continuaci\u00f3n se presenta una relaci\u00f3n de algunas de las actividades realizadas: Taller de Higiene Bucodental Carnaval Taller de Paleontolog\u00eda Motivaci\u00f3n Proyecto Escocia Navidad en el centro Visita al Museo del Ferrocarril Salida al Ayuntamiento \u2013 D\u00eda&hellip;","post_mailing_queue_ids":[],"_links":{"self":[{"href":"https:\/\/site.educa.madrid.org\/cp.carlostercero.aranjuez\/index.php\/wp-json\/wp\/v2\/pages\/13799","targetHints":{"allow":["GET"]}}],"collection":[{"href":"https:\/\/site.educa.madrid.org\/cp.carlostercero.aranjuez\/index.php\/wp-json\/wp\/v2\/pages"}],"about":[{"href":"https:\/\/site.educa.madrid.org\/cp.carlostercero.aranjuez\/index.php\/wp-json\/wp\/v2\/types\/page"}],"author":[{"embeddable":true,"href":"https:\/\/site.educa.madrid.org\/cp.carlostercero.aranjuez\/index.php\/wp-json\/wp\/v2\/users\/3"}],"replies":[{"embeddable":true,"href":"https:\/\/site.educa.madrid.org\/cp.carlostercero.aranjuez\/index.php\/wp-json\/wp\/v2\/comments?post=13799"}],"version-history":[{"count":6,"href":"https:\/\/site.educa.madrid.org\/cp.carlostercero.aranjuez\/index.php\/wp-json\/wp\/v2\/pages\/13799\/revisions"}],"predecessor-version":[{"id":13808,"href":"https:\/\/site.educa.madrid.org\/cp.carlostercero.aranjuez\/index.php\/wp-json\/wp\/v2\/pages\/13799\/revisions\/13808"}],"wp:attachment":[{"href":"https:\/\/site.educa.madrid.org\/cp.carlostercero.aranjuez\/index.php\/wp-json\/wp\/v2\/media?parent=13799"}],"wp:term":[{"taxonomy":"folder","embeddable":true,"href":"https:\/\/site.educa.madrid.org\/cp.carlostercero.aranjuez\/index.php\/wp-json\/wp\/v2\/folder?post=13799"}],"curies":[{"name":"wp","href":"https:\/\/api.w.org\/{rel}","templated":true}]}}