{"id":1749,"date":"2023-03-27T19:41:24","date_gmt":"2023-03-27T17:41:24","guid":{"rendered":"https:\/\/site.educa.madrid.org\/cp.eltejar.majadahonda\/?page_id=1749"},"modified":"2024-09-06T14:56:47","modified_gmt":"2024-09-06T12:56:47","slug":"comedor-escolar-precio","status":"publish","type":"page","link":"https:\/\/site.educa.madrid.org\/cp.eltejar.majadahonda\/index.php\/nuestros-servicios\/comedor\/comedor-escolar-precio\/","title":{"rendered":"Comedor escolar: Precio"},"content":{"rendered":"\n<div class=\"wp-block-buttons is-horizontal is-content-justification-center is-layout-flex wp-container-core-buttons-is-layout-ecd33c62 wp-block-buttons-is-layout-flex\">\n<div class=\"wp-block-button is-style-outline is-style-outline--1\"><a class=\"wp-block-button__link\" href=\"https:\/\/site.educa.madrid.org\/cp.eltejar.majadahonda\/index.php\/nuestros-servicios\/comedor\/\">Informaci\u00f3n<\/a><\/div>\n\n\n\n<div class=\"wp-block-button is-style-outline is-style-outline--2\"><a class=\"wp-block-button__link\" href=\"https:\/\/site.educa.madrid.org\/cp.eltejar.majadahonda\/index.php\/comedor-escolar-precio\/\">Precio<\/a><\/div>\n\n\n\n<div class=\"wp-block-button is-style-outline is-style-outline--3\"><a class=\"wp-block-button__link\" href=\"https:\/\/site.educa.madrid.org\/cp.eltejar.majadahonda\/index.php\/comedor-escolar-menu\/\">Men\u00fa<\/a><\/div>\n\n\n\n<div class=\"wp-block-button is-style-outline is-style-outline--4\"><a class=\"wp-block-button__link\" href=\"https:\/\/site.educa.madrid.org\/cp.eltejar.majadahonda\/index.php\/comedor-escolar-normas\/\">Normas<\/a><\/div>\n<\/div>\n\n\n<div id=\"pl-gb1749-6a037ad0673f3\"  class=\"panel-layout\" ><div id=\"pg-gb1749-6a037ad0673f3-0\"  class=\"panel-grid panel-has-style\"  data-style=\"{&quot;padding&quot;:&quot;65px 0px 85px 0px&quot;,&quot;background&quot;:&quot;#ffffff&quot;,&quot;background_image_attachment&quot;:false,&quot;background_display&quot;:&quot;tile&quot;,&quot;full_height&quot;:&quot;&quot;,&quot;row_stretch&quot;:&quot;full&quot;,&quot;cell_alignment&quot;:&quot;flex-start&quot;,&quot;link_overlay_new_window&quot;:&quot;&quot;}\"  data-label=\"Features\" ><div class=\"siteorigin-panels-stretch panel-row-style panel-row-style-for-gb1749-6a037ad0673f3-0\" data-stretch-type=\"full\" ><div id=\"pgc-gb1749-6a037ad0673f3-0-0\"  class=\"panel-grid-cell\"  data-weight=\"1\" ><div id=\"panel-gb1749-6a037ad0673f3-0-0-0\" class=\"so-panel widget widget_sow-features panel-first-child panel-last-child\" data-index=\"0\" data-style=\"{&quot;background&quot;:&quot;#ffffff&quot;,&quot;background_image_attachment&quot;:false,&quot;background_display&quot;:&quot;tile&quot;,&quot;background_image_size&quot;:&quot;full&quot;,&quot;background_image_opacity&quot;:&quot;100&quot;,&quot;border_color&quot;:&quot;#ffffff&quot;,&quot;border_thickness&quot;:&quot;1px&quot;,&quot;link_overlay_new_window&quot;:&quot;&quot;}\" ><div class=\"panel-widget-style panel-widget-style-for-gb1749-6a037ad0673f3-0-0-0\" ><div\n\t\t\t\n\t\t\tclass=\"so-widget-sow-features so-widget-sow-features-default-fef021bca40b\"\n\t\t\t\n\t\t>\n<div class=\"sow-features-list sow-features-responsive\">\n\n\t\t\t\t\t\t\t\t\t<div\n\t\t\t\tclass=\"sow-features-feature sow-icon-container-position-top\"\n\t\t\t\tstyle=\"display: flex; flex-direction: column; width: calc(100% - 25px);\"\n\t\t\t>\n\t\t\t\n\t\t\t\t\t\t\t\t<div\n\t\t\t\t\tclass=\"sow-icon-container sow-container-none\"\n\t\t\t\t\tstyle=\"color: ; \"\n\t\t\t\t\t\t\t\t\t>\n\t\t\t\t\t<span class=\"sow-icon-fontawesome sow-fas\" data-sow-icon=\"&#xf51e;\"\n\t\tstyle=\"font-size: 48px; color: #2d2d2d\" \n\t\taria-hidden=\"true\"><\/span>\t\t\t\t<\/div>\n\t\t\t\t\n\t\t\t\t<div class=\"textwidget\">\n\t\t\t\t\t\n\t\t\t\t\t\t\t\t\t\t\t<h5>\n\t\t\t\t\t\t\t\n\t\t\t\t\t\t\tPrecio\t\t\t\t\t\t\t\t\t\t\t\t\t<\/h5>\n\t\t\t\t\t\n\t\t\t\t\t\t\t\t\t\t\t<p style=\"text-align: center\">Seg\u00fan las instrucciones de la Conserjer\u00eda de Educaci\u00f3n de la Comunidad de Madrid, el precio de la comida ser\u00e1 de <strong>5,50<\/strong><strong>\u20ac por d\u00eda y comensal<\/strong>. Teniendo en cuenta que el curso tendr\u00e1 <strong>179 d\u00edas lectivos<\/strong>, el importe total asciende a 858,88\u20ac respectivamente. dicho importe se partir\u00e1 en <strong>8 cuotas (octubre a mayo) de 123,07\u20ac.<\/strong><\/p>\n<p style=\"text-align: center\">Si el alumno no va a hacer uso del servicio de comedor hasta <strong>OCTUBRE<\/strong>, se descontar\u00e1n del primer recibo los d\u00edas correspondientes a Septiembre. El importe de la cuota ser\u00e1 de <strong>35,07<\/strong><strong>\u20ac<\/strong>. El plazo para informar en secretar\u00eda de dicha intenci\u00f3n ser\u00e1 <strong>del 9 al 15 de septiembre de 2025.<\/strong><\/p>\n<p style=\"text-align: center\">Igualmente, si el alumno NO va a hacer uso del servicio en el mes de <strong>JUNIO<\/strong>, las familias deber\u00e1n informar en secretar\u00eda <strong>del 1 al 10 de abril de 2026<\/strong>. En la cuota del mes de mayo se le descontar\u00e1n los d\u00edas de junio, quedando \u00e9sta en un importe de<strong> 40,57\u20ac.<\/strong><\/p>\n<p style=\"text-align: center\">El importe de los recibos devueltos ser\u00e1 ingresado por las familias de los alumnos directamente en la cuenta del banco\u00a0<strong>(LA CAIXA - ES10 2100 2878 6313 0016 7510<\/strong>) e ir\u00e1 incrementando los gastos que origine dicha devoluci\u00f3n (1\u20ac). La reincidencia en esta circunstancia, o en caso de efectuar el pago dentro del plazo que se indique, ocasionar\u00e1 la\u00a0<strong>baja en el comedor.<\/strong><\/p>\n<p style=\"text-align: center\">Las\u00a0<strong>AUSENCIAS\u00a0<\/strong>aisladas no dar\u00e1n derecho a devoluci\u00f3n, salvo que se prolonguen al menos\u00a0<strong>cinco d\u00edas consecutivos y sea por una causa justificada.\u00a0<\/strong><\/p>\n<p style=\"text-align: center\">S\u00f3lo se proporcionar\u00e1n comidas\u00a0<strong>EVENTUALES<\/strong> en casos justificados, solicit\u00e1ndolas a la Directora o Administradora y\u00a0<strong>abon\u00e1ndolas con anterioridad; <\/strong>no pudiendo sobrepasar de 15 comidas eventuales por alumno al a\u00f1o. El precio de estas comidas eventuales ser\u00e1 de <strong>6\u20ac por d\u00eda.<\/strong><\/p>\n<p style=\"text-align: center\"><strong>AYUDAS DE COMEDOR<\/strong><\/p>\n<p style=\"text-align: center\">Todos los curso, la Consejer\u00eda de Educaci\u00f3n de la Comunidad de Madrid otorga ayudas de comedor para familias que cumplen las circunstancias que se ajustan a la normativa. La Secretaria del colegio, se encarga de informar a las familias de los alumnos de dicha normativa y de los plazos establecidos. En los casos en los que se conceda la beca de comedor, se calcular\u00e1 una cuota reducida de acuerdo con el importe de la beca o ayuda. Para m\u00e1s informaci\u00f3n puedes descargar la normativa haciendo click en la imagen.<\/p>\n<p><a href=\"https:\/\/site.educa.madrid.org\/cp.eltejar.majadahonda\/index.php\/secretaria_eltejar\/becas\/\" target=\"_blank\" rel=\"noopener\"><img loading=\"lazy\" decoding=\"async\" class=\"alignnone size-full wp-image-1458 aligncenter\" src=\"https:\/\/site.educa.madrid.org\/cp.eltejar.majadahonda\/\/wp-content\/uploads\/cp.eltejar.majadahonda\/2023\/03\/Ico_Chincheta.jpg\" alt=\"\" width=\"92\" height=\"90\" \/><\/a><\/p>\n\t\t\t\t\t\n\t\t\t\t\t\t\t\t\t<\/div>\n\t\t\t\t\t\t\t\t\n\t\t\t\t\t\t\t<\/div>\n\n\t\t\t\n<\/div>\n<\/div><\/div><\/div><\/div><\/div><\/div><\/div>","protected":false},"excerpt":{"rendered":"","protected":false},"author":3,"featured_media":0,"parent":1293,"menu_order":0,"comment_status":"closed","ping_status":"closed","template":"","meta":{"footnotes":""},"folder":[],"class_list":["post-1749","page","type-page","status-publish","hentry"],"rttpg_featured_image_url":null,"rttpg_author":{"display_name":"cp.eltejar.majadahonda","author_link":"https:\/\/site.educa.madrid.org\/cp.eltejar.majadahonda\/index.php\/author\/cuenta_cp-eltejar-majadahonda\/"},"rttpg_comment":0,"rttpg_category":false,"rttpg_excerpt":null,"post_mailing_queue_ids":[],"_links":{"self":[{"href":"https:\/\/site.educa.madrid.org\/cp.eltejar.majadahonda\/index.php\/wp-json\/wp\/v2\/pages\/1749","targetHints":{"allow":["GET"]}}],"collection":[{"href":"https:\/\/site.educa.madrid.org\/cp.eltejar.majadahonda\/index.php\/wp-json\/wp\/v2\/pages"}],"about":[{"href":"https:\/\/site.educa.madrid.org\/cp.eltejar.majadahonda\/index.php\/wp-json\/wp\/v2\/types\/page"}],"author":[{"embeddable":true,"href":"https:\/\/site.educa.madrid.org\/cp.eltejar.majadahonda\/index.php\/wp-json\/wp\/v2\/users\/3"}],"replies":[{"embeddable":true,"href":"https:\/\/site.educa.madrid.org\/cp.eltejar.majadahonda\/index.php\/wp-json\/wp\/v2\/comments?post=1749"}],"version-history":[{"count":14,"href":"https:\/\/site.educa.madrid.org\/cp.eltejar.majadahonda\/index.php\/wp-json\/wp\/v2\/pages\/1749\/revisions"}],"predecessor-version":[{"id":1930,"href":"https:\/\/site.educa.madrid.org\/cp.eltejar.majadahonda\/index.php\/wp-json\/wp\/v2\/pages\/1749\/revisions\/1930"}],"up":[{"embeddable":true,"href":"https:\/\/site.educa.madrid.org\/cp.eltejar.majadahonda\/index.php\/wp-json\/wp\/v2\/pages\/1293"}],"wp:attachment":[{"href":"https:\/\/site.educa.madrid.org\/cp.eltejar.majadahonda\/index.php\/wp-json\/wp\/v2\/media?parent=1749"}],"wp:term":[{"taxonomy":"folder","embeddable":true,"href":"https:\/\/site.educa.madrid.org\/cp.eltejar.majadahonda\/index.php\/wp-json\/wp\/v2\/folder?post=1749"}],"curies":[{"name":"wp","href":"https:\/\/api.w.org\/{rel}","templated":true}]}}