{"id":1754,"date":"2023-03-27T19:42:11","date_gmt":"2023-03-27T17:42:11","guid":{"rendered":"https:\/\/site.educa.madrid.org\/cp.eltejar.majadahonda\/?page_id=1754"},"modified":"2025-09-09T19:32:14","modified_gmt":"2025-09-09T17:32:14","slug":"comedor-escolar-normas","status":"publish","type":"page","link":"https:\/\/site.educa.madrid.org\/cp.eltejar.majadahonda\/index.php\/nuestros-servicios\/comedor\/comedor-escolar-normas\/","title":{"rendered":"Comedor escolar: Normas"},"content":{"rendered":"\n<div class=\"wp-block-buttons is-horizontal is-content-justification-center is-layout-flex wp-container-core-buttons-is-layout-ecd33c62 wp-block-buttons-is-layout-flex\">\n<div class=\"wp-block-button is-style-outline is-style-outline--1\"><a class=\"wp-block-button__link\" href=\"https:\/\/site.educa.madrid.org\/cp.eltejar.majadahonda\/index.php\/nuestros-servicios\/comedor\/\">Informaci\u00f3n<\/a><\/div>\n\n\n\n<div class=\"wp-block-button is-style-outline is-style-outline--2\"><a class=\"wp-block-button__link\" href=\"https:\/\/site.educa.madrid.org\/cp.eltejar.majadahonda\/index.php\/comedor-escolar-precio\/\">Precio<\/a><\/div>\n\n\n\n<div class=\"wp-block-button is-style-outline is-style-outline--3\"><a class=\"wp-block-button__link\" href=\"https:\/\/site.educa.madrid.org\/cp.eltejar.majadahonda\/index.php\/comedor-escolar-menu\/\">Men\u00fa<\/a><\/div>\n\n\n\n<div class=\"wp-block-button is-style-outline is-style-outline--4\"><a class=\"wp-block-button__link\" href=\"https:\/\/site.educa.madrid.org\/cp.eltejar.majadahonda\/index.php\/comedor-escolar-normas\/\">Normas<\/a><\/div>\n<\/div>\n\n\n\n<div class=\"wp-block-image\"><figure class=\"aligncenter size-full\"><img loading=\"lazy\" decoding=\"async\" width=\"312\" height=\"137\" src=\"https:\/\/site.educa.madrid.org\/cp.eltejar.majadahonda\/\/wp-content\/uploads\/cp.eltejar.majadahonda\/2023\/03\/Normas-comedor.jpg\" alt=\"\" class=\"wp-image-1730\" srcset=\"https:\/\/site.educa.madrid.org\/cp.eltejar.majadahonda\/\/wp-content\/uploads\/cp.eltejar.majadahonda\/2023\/03\/Normas-comedor.jpg 312w, https:\/\/site.educa.madrid.org\/cp.eltejar.majadahonda\/\/wp-content\/uploads\/cp.eltejar.majadahonda\/2023\/03\/Normas-comedor-300x132.jpg 300w\" sizes=\"auto, (max-width: 312px) 100vw, 312px\" \/><\/figure><\/div>\n\n\n\n<div class=\"wp-block-columns is-layout-flex wp-container-core-columns-is-layout-28f84493 wp-block-columns-is-layout-flex\">\n<div class=\"wp-block-column is-layout-flow wp-block-column-is-layout-flow\">\n<ul class=\"wp-block-list\"><li>Asearse antes de comer (es imprescindible el lavado de manos) y al reincorporarse a las clases<\/li><li>Entrar en el comedor guardando el orden establecido.<\/li><li>Acudir puntualmente a la llamada que se efect\u00faa por megafon\u00eda.<\/li><li>Comerse todos los alimentos dentro del comedor.<\/li><li>Mantener limpio de alimentos el suelo del comedor.<\/li><li>Obedecer las indicaciones de los cuidadores y cuidadoras.<\/li><li>Ser respetuoso con los compa\u00f1eros-as.Respetar y utilizar adecuadamente el<\/li><li>mobiliario, menaje e instalaciones en general.<\/li><\/ul>\n<\/div>\n\n\n\n<div class=\"wp-block-column is-layout-flow wp-block-column-is-layout-flow\">\n<ul class=\"wp-block-list\"><li>En caso de tener que subir al aula, siempre se har\u00e1 acompa\u00f1ado de alg\u00fan cuidador-a.<\/li><li>Plantear a los cuidadores-as las dificultades que se presenten.<\/li><li>Conversar con los compa\u00f1eros en tono moderado sin elevar demasiado la voz.<\/li><li>Participar en la mesa de protocolo en el nivel de 5\u00ba de primaria.<\/li><li>Acudir a la monitora especializada en resoluci\u00f3n de conflictos siempre que tengan un problema durante el recreo de comedor o al profesor encargado del servicio de comedor.<\/li><li>Queda prohibido salir a los alumnos en grupo sin estar acompa\u00f1ados de padres otutores para comer fuera del recinto escolar.<\/li><\/ul>\n<\/div>\n<\/div>\n","protected":false},"excerpt":{"rendered":"<p>Asearse antes de comer (es imprescindible el lavado de manos) y al reincorporarse a las clases Entrar en el comedor guardando el orden establecido. Acudir puntualmente a la llamada que se efect\u00faa por megafon\u00eda. Comerse todos los alimentos dentro del comedor. Mantener limpio de alimentos el suelo del comedor. Obedecer las indicaciones de los cuidadores [&hellip;]<\/p>\n","protected":false},"author":3,"featured_media":0,"parent":1293,"menu_order":0,"comment_status":"closed","ping_status":"closed","template":"","meta":{"footnotes":""},"folder":[],"class_list":["post-1754","page","type-page","status-publish","hentry"],"rttpg_featured_image_url":null,"rttpg_author":{"display_name":"cp.eltejar.majadahonda","author_link":"https:\/\/site.educa.madrid.org\/cp.eltejar.majadahonda\/index.php\/author\/cuenta_cp-eltejar-majadahonda\/"},"rttpg_comment":0,"rttpg_category":false,"rttpg_excerpt":"Asearse antes de comer (es imprescindible el lavado de manos) y al reincorporarse a las clases Entrar en el comedor guardando el orden establecido. Acudir puntualmente a la llamada que se efect\u00faa por megafon\u00eda. Comerse todos los alimentos dentro del comedor. Mantener limpio de alimentos el suelo del comedor. Obedecer las indicaciones de los cuidadores&hellip;","post_mailing_queue_ids":[],"_links":{"self":[{"href":"https:\/\/site.educa.madrid.org\/cp.eltejar.majadahonda\/index.php\/wp-json\/wp\/v2\/pages\/1754","targetHints":{"allow":["GET"]}}],"collection":[{"href":"https:\/\/site.educa.madrid.org\/cp.eltejar.majadahonda\/index.php\/wp-json\/wp\/v2\/pages"}],"about":[{"href":"https:\/\/site.educa.madrid.org\/cp.eltejar.majadahonda\/index.php\/wp-json\/wp\/v2\/types\/page"}],"author":[{"embeddable":true,"href":"https:\/\/site.educa.madrid.org\/cp.eltejar.majadahonda\/index.php\/wp-json\/wp\/v2\/users\/3"}],"replies":[{"embeddable":true,"href":"https:\/\/site.educa.madrid.org\/cp.eltejar.majadahonda\/index.php\/wp-json\/wp\/v2\/comments?post=1754"}],"version-history":[{"count":7,"href":"https:\/\/site.educa.madrid.org\/cp.eltejar.majadahonda\/index.php\/wp-json\/wp\/v2\/pages\/1754\/revisions"}],"predecessor-version":[{"id":1785,"href":"https:\/\/site.educa.madrid.org\/cp.eltejar.majadahonda\/index.php\/wp-json\/wp\/v2\/pages\/1754\/revisions\/1785"}],"up":[{"embeddable":true,"href":"https:\/\/site.educa.madrid.org\/cp.eltejar.majadahonda\/index.php\/wp-json\/wp\/v2\/pages\/1293"}],"wp:attachment":[{"href":"https:\/\/site.educa.madrid.org\/cp.eltejar.majadahonda\/index.php\/wp-json\/wp\/v2\/media?parent=1754"}],"wp:term":[{"taxonomy":"folder","embeddable":true,"href":"https:\/\/site.educa.madrid.org\/cp.eltejar.majadahonda\/index.php\/wp-json\/wp\/v2\/folder?post=1754"}],"curies":[{"name":"wp","href":"https:\/\/api.w.org\/{rel}","templated":true}]}}