{"id":4537,"date":"2026-02-18T12:20:19","date_gmt":"2026-02-18T11:20:19","guid":{"rendered":"https:\/\/site.educa.madrid.org\/cp.eltejar.majadahonda\/?page_id=4537"},"modified":"2026-02-18T15:57:44","modified_gmt":"2026-02-18T14:57:44","slug":"presentacion-de-solicitudes","status":"publish","type":"page","link":"https:\/\/site.educa.madrid.org\/cp.eltejar.majadahonda\/index.php\/presentacion-de-solicitudes\/","title":{"rendered":"Presentaci\u00f3n de solicitudes"},"content":{"rendered":"\n<p>Las solicitudes de admisi\u00f3n de los alumnos ser\u00e1n presentadas con car\u00e1cter general por v\u00eda telem\u00e1tica, y ser\u00e1n dirigidas al primer centro incluido en la solicitud.<\/p>\n\n\n\n<ul class=\"wp-block-list\">\n<li><strong>Presentaci\u00f3n de solicitudes V\u00eda Telem\u00e1tica<\/strong>\n<ul class=\"wp-block-list\">\n<li>A trav\u00e9s de la&nbsp;<a href=\"https:\/\/raices.madrid.org\/secretariavirtual\/\">Secretar\u00eda Virtual<\/a> (haz clic), y ser\u00e1n dirigidas al primer centro incluido en la solicitud.&nbsp;\n<ul class=\"wp-block-list\">\n<li>Mediante certificado digital.<\/li>\n\n\n\n<li>A trav\u00e9s del sistema de identificaci\u00f3n electr\u00f3nica cl@ve.<\/li>\n\n\n\n<li>Acceso sin certificado digital a trav\u00e9s de un registro en el sistema inform\u00e1tico.<\/li>\n\n\n\n<li>Acceso a trav\u00e9s de la validaci\u00f3n de credenciales&nbsp; de la aplicaci\u00f3n Roble \/ Raices.<\/li>\n<\/ul>\n<\/li>\n\n\n\n<li>M\u00e1s informaci\u00f3n en la&nbsp;<a href=\"https:\/\/www.comunidad.madrid\/servicios\/educacion\/solicita-tu-admision-educacion-infantil-obligatoria-bachillerato\">web de la Comunidad de Madrid<\/a> (haz clic).<\/li>\n<\/ul>\n<\/li>\n<\/ul>\n\n\n\n<p class=\"has-text-align-center\"><strong><a href=\"https:\/\/mediateca.educa.madrid.org\/video\/j1l1hah2cmicwanx\">Tutorial Acceso a la Secretar\u00eda Virtual<\/a><\/strong><\/p>\n\n\n\n<p class=\"has-text-align-center\"><strong><a href=\"http:\/\/Presentaci\u00f3n de Solicitudes de Admisi\u00f3n en la Secretar\u00eda Virutal\">Tutorial Presentaci\u00f3n de Solicitudes de Admisi\u00f3n en la Secretar\u00eda Virtual<\/a><\/strong><\/p>\n\n\n\n<ul class=\"wp-block-list\">\n<li><strong>Presentaci\u00f3n de solicitudes de manera presencial en el centro<\/strong>. Hay que tener en cuenta lo siguiente:\n<ul class=\"wp-block-list\">\n<li>Se entregar\u00e1 \u00fanicamente en el centro que se ha elegido en primera opci\u00f3n.<\/li>\n\n\n\n<li>La solicitud de admisi\u00f3n ser\u00e1 cumplimentada y firmada por ambos padres, madres o tutores legales del alumno, salvo si se acredita la imposibilidad de hacer, en cuyo caso deber\u00e1 presentar <strong><a href=\"https:\/\/site.educa.madrid.org\/cp.eltejar.majadahonda\/\/wp-content\/uploads\/cp.eltejar.majadahonda\/2026\/01\/25_26_modelo_declaracion_responsable.pdf\" target=\"_blank\" rel=\"noreferrer noopener\">declaraci\u00f3n responsable<\/a><\/strong>. La presentaci\u00f3n de la declaraci\u00f3n responsable se reflejar\u00e1 en la solicitud de admisi\u00f3n.<\/li>\n\n\n\n<li>Solo se presentar\u00e1 una solicitud por cada alumno. La presentaci\u00f3n de m\u00e1s de una solicitud dar\u00e1 lugar a la anulaci\u00f3n de todas.<\/li>\n<\/ul>\n<\/li>\n<\/ul>\n\n\n\n<p class=\"has-text-align-center\"><em>Servicio de apoyo a la escolarizaci\u00f3n (SAE): Concejal\u00eda de Educaci\u00f3n. Auditorio Alfredo Kraus, C\/ Norias, 29-Majadahonda. Se realizar\u00e1 atenci\u00f3n telef\u00f3nica (91.6349132) y presencial de lunes a viernes de 9 a 14 horas, o a trav\u00e9s del correo electr\u00f3nico:&nbsp; educacion@majadahonda.org<\/em><\/p>\n\n\n\n<p><\/p>\n","protected":false},"excerpt":{"rendered":"<p>Las solicitudes de admisi\u00f3n de los alumnos ser\u00e1n presentadas con car\u00e1cter general por v\u00eda telem\u00e1tica, y ser\u00e1n dirigidas al primer centro incluido en la solicitud. Tutorial Acceso a la Secretar\u00eda Virtual Tutorial Presentaci\u00f3n de Solicitudes de Admisi\u00f3n en la Secretar\u00eda Virtual Servicio de apoyo a la escolarizaci\u00f3n (SAE): Concejal\u00eda de Educaci\u00f3n. Auditorio Alfredo Kraus, C\/ [&hellip;]<\/p>\n","protected":false},"author":3,"featured_media":0,"parent":0,"menu_order":0,"comment_status":"closed","ping_status":"closed","template":"","meta":{"footnotes":""},"folder":[],"class_list":["post-4537","page","type-page","status-publish","hentry"],"rttpg_featured_image_url":null,"rttpg_author":{"display_name":"cp.eltejar.majadahonda","author_link":"https:\/\/site.educa.madrid.org\/cp.eltejar.majadahonda\/index.php\/author\/cuenta_cp-eltejar-majadahonda\/"},"rttpg_comment":0,"rttpg_category":false,"rttpg_excerpt":"Las solicitudes de admisi\u00f3n de los alumnos ser\u00e1n presentadas con car\u00e1cter general por v\u00eda telem\u00e1tica, y ser\u00e1n dirigidas al primer centro incluido en la solicitud. Tutorial Acceso a la Secretar\u00eda Virtual Tutorial Presentaci\u00f3n de Solicitudes de Admisi\u00f3n en la Secretar\u00eda Virtual Servicio de apoyo a la escolarizaci\u00f3n (SAE): Concejal\u00eda de Educaci\u00f3n. Auditorio Alfredo Kraus, C\/&hellip;","post_mailing_queue_ids":[],"_links":{"self":[{"href":"https:\/\/site.educa.madrid.org\/cp.eltejar.majadahonda\/index.php\/wp-json\/wp\/v2\/pages\/4537","targetHints":{"allow":["GET"]}}],"collection":[{"href":"https:\/\/site.educa.madrid.org\/cp.eltejar.majadahonda\/index.php\/wp-json\/wp\/v2\/pages"}],"about":[{"href":"https:\/\/site.educa.madrid.org\/cp.eltejar.majadahonda\/index.php\/wp-json\/wp\/v2\/types\/page"}],"author":[{"embeddable":true,"href":"https:\/\/site.educa.madrid.org\/cp.eltejar.majadahonda\/index.php\/wp-json\/wp\/v2\/users\/3"}],"replies":[{"embeddable":true,"href":"https:\/\/site.educa.madrid.org\/cp.eltejar.majadahonda\/index.php\/wp-json\/wp\/v2\/comments?post=4537"}],"version-history":[{"count":7,"href":"https:\/\/site.educa.madrid.org\/cp.eltejar.majadahonda\/index.php\/wp-json\/wp\/v2\/pages\/4537\/revisions"}],"predecessor-version":[{"id":4568,"href":"https:\/\/site.educa.madrid.org\/cp.eltejar.majadahonda\/index.php\/wp-json\/wp\/v2\/pages\/4537\/revisions\/4568"}],"wp:attachment":[{"href":"https:\/\/site.educa.madrid.org\/cp.eltejar.majadahonda\/index.php\/wp-json\/wp\/v2\/media?parent=4537"}],"wp:term":[{"taxonomy":"folder","embeddable":true,"href":"https:\/\/site.educa.madrid.org\/cp.eltejar.majadahonda\/index.php\/wp-json\/wp\/v2\/folder?post=4537"}],"curies":[{"name":"wp","href":"https:\/\/api.w.org\/{rel}","templated":true}]}}