{"id":946,"date":"2023-02-16T13:44:56","date_gmt":"2023-02-16T12:44:56","guid":{"rendered":"https:\/\/site.educa.madrid.org\/cp.eltejar.majadahonda\/?page_id=946"},"modified":"2024-02-29T11:23:19","modified_gmt":"2024-02-29T10:23:19","slug":"senas-de-identidad","status":"publish","type":"page","link":"https:\/\/site.educa.madrid.org\/cp.eltejar.majadahonda\/index.php\/nuestro_centro\/senas-de-identidad\/","title":{"rendered":"Se\u00f1as de Identidad"},"content":{"rendered":"\n<figure class=\"wp-block-image size-large is-style-default\"><img loading=\"lazy\" decoding=\"async\" width=\"1024\" height=\"768\" src=\"https:\/\/site.educa.madrid.org\/cp.eltejar.majadahonda\/\/wp-content\/uploads\/cp.eltejar.majadahonda\/2024\/02\/c38590a4-cbf1-4cb5-a0ca-86fdacc15f2a-1024x768.jpg\" alt=\"\" class=\"wp-image-3061\" srcset=\"https:\/\/site.educa.madrid.org\/cp.eltejar.majadahonda\/\/wp-content\/uploads\/cp.eltejar.majadahonda\/2024\/02\/c38590a4-cbf1-4cb5-a0ca-86fdacc15f2a-1024x768.jpg 1024w, https:\/\/site.educa.madrid.org\/cp.eltejar.majadahonda\/\/wp-content\/uploads\/cp.eltejar.majadahonda\/2024\/02\/c38590a4-cbf1-4cb5-a0ca-86fdacc15f2a-300x225.jpg 300w, https:\/\/site.educa.madrid.org\/cp.eltejar.majadahonda\/\/wp-content\/uploads\/cp.eltejar.majadahonda\/2024\/02\/c38590a4-cbf1-4cb5-a0ca-86fdacc15f2a-768x576.jpg 768w, https:\/\/site.educa.madrid.org\/cp.eltejar.majadahonda\/\/wp-content\/uploads\/cp.eltejar.majadahonda\/2024\/02\/c38590a4-cbf1-4cb5-a0ca-86fdacc15f2a-1536x1152.jpg 1536w, https:\/\/site.educa.madrid.org\/cp.eltejar.majadahonda\/\/wp-content\/uploads\/cp.eltejar.majadahonda\/2024\/02\/c38590a4-cbf1-4cb5-a0ca-86fdacc15f2a.jpg 1600w\" sizes=\"auto, (max-width: 1024px) 100vw, 1024px\" \/><\/figure>\n\n\n\n<p class=\"has-text-align-left\">Orientada por los principios constitucionales y de acuerdo con las leyes educativas vigentes, el C.E.I. P. El Tejar de Majadahonda, se dirige hacia una formaci\u00f3n integral e inclusiva de los alumnos en la que desarrollen todas sus habilidades para alcanzar las competencias necesarias para ser unos futuros profesionales \u00edntegros y provechosos para la sociedad.<br>Trabajamos y potenciamos con y para nuestros alumnos:<\/p>\n\n\n\n<p class=\"has-text-align-left\"><strong>1<\/strong>.<strong> Una educaci\u00f3n plena tanto en el \u00e1mbito intelectual como en el \u00e1mbito emocional. <\/strong><br>Para ello desarrollaremos la competencia ling\u00fc\u00edstica, matem\u00e1tica y competencias b\u00e1sicas en ciencia y tecnolog\u00eda, la competencia digital, la competencia de aprender a aprender, junto a las competencias c\u00edvicas sociales, el sentido de la iniciativa y el esp\u00edritu emprendedor, y la competencia de conciencia y expresiones culturales. As\u00ed mismo potenciaremos la educaci\u00f3n en valores, la inteligencia emocional y la empat\u00eda y la resoluci\u00f3n de conflictos por la v\u00eda del di\u00e1logo.<\/p>\n\n\n\n<p class=\"has-text-align-left\"><strong>2<\/strong>. <strong>Una educaci\u00f3n de calidad e individualizada.<\/strong><br>Potenciaremos en nuestros alumnos la capacidad de emprender iniciativas, tener criterios propios, esp\u00edritu cr\u00edtico, expresar su afectividad y dar cauce a su creatividad comprometi\u00e9ndose con su entorno y colectividad.<\/p>\n\n\n\n<p class=\"has-text-align-left\"><strong>3. Una educaci\u00f3n abierta al mundo global que les tocar\u00e1 vivir.<\/strong><br>Daremos una importancia relevante a la competencia en lengua inglesa.<br>Nuestro proyecto de ingl\u00e9s, aprobado siguiendo la ley de autonom\u00eda de los centros, est\u00e1<br>encaminado a educar a nuestros alumnos en dicha competencia que les capacite para<br>desenvolverse en el mundo global al que estamos abocados.<\/p>\n\n\n\n<p class=\"has-text-align-left\"><strong>4. Una educaci\u00f3n con posibilidad de expresi\u00f3n.<\/strong><br>Desarrollaremos la expresi\u00f3n pl\u00e1stica, corporal y musical en nuestros alumnos como<br>veh\u00edculos de comunicaci\u00f3n.<\/p>\n\n\n\n<p class=\"has-text-align-left\"><strong>5. Una educaci\u00f3n en la salud f\u00edsica.<\/strong><br>Desarrollaremos buenos h\u00e1bitos de salud e higiene y valoraremos el deporte y la actividad<br>f\u00edsica para el desarrollo pleno de los alumnos.<\/p>\n\n\n\n<p class=\"has-text-align-left\"><strong>6. Una educaci\u00f3n abierta.<\/strong><br>Valoraremos en nuestros alumnos el compa\u00f1erismo, la solidaridad y las diferencias<br>encaminados a respetarse a ellos mismos y a los dem\u00e1s.<br>Ahondaremos en los principios democr\u00e1ticos y participativos que lleven hacia un buen ambiente escolar<\/p>\n\n\n\n<p class=\"has-text-align-left\"><strong>7. Desarrollar la competencia digital.<\/strong><br>Con la incorporaci\u00f3n de las Tecnolog\u00edas de la Informaci\u00f3n y la Comunicaci\u00f3n en el proceso de ense\u00f1anza-aprendizaje, con un \u00e9nfasis especial a ra\u00edz de la pandemia.<\/p>\n","protected":false},"excerpt":{"rendered":"<p>Orientada por los principios constitucionales y de acuerdo con las leyes educativas vigentes, el C.E.I. P. El Tejar de Majadahonda, se dirige hacia una formaci\u00f3n integral e inclusiva de los alumnos en la que desarrollen todas sus habilidades para alcanzar las competencias necesarias para ser unos futuros profesionales \u00edntegros y provechosos para la sociedad.Trabajamos y [&hellip;]<\/p>\n","protected":false},"author":3,"featured_media":0,"parent":957,"menu_order":1,"comment_status":"closed","ping_status":"closed","template":"","meta":{"footnotes":""},"folder":[],"class_list":["post-946","page","type-page","status-publish","hentry"],"rttpg_featured_image_url":null,"rttpg_author":{"display_name":"cp.eltejar.majadahonda","author_link":"https:\/\/site.educa.madrid.org\/cp.eltejar.majadahonda\/index.php\/author\/cuenta_cp-eltejar-majadahonda\/"},"rttpg_comment":0,"rttpg_category":false,"rttpg_excerpt":"Orientada por los principios constitucionales y de acuerdo con las leyes educativas vigentes, el C.E.I. P. El Tejar de Majadahonda, se dirige hacia una formaci\u00f3n integral e inclusiva de los alumnos en la que desarrollen todas sus habilidades para alcanzar las competencias necesarias para ser unos futuros profesionales \u00edntegros y provechosos para la sociedad.Trabajamos y&hellip;","post_mailing_queue_ids":[],"_links":{"self":[{"href":"https:\/\/site.educa.madrid.org\/cp.eltejar.majadahonda\/index.php\/wp-json\/wp\/v2\/pages\/946","targetHints":{"allow":["GET"]}}],"collection":[{"href":"https:\/\/site.educa.madrid.org\/cp.eltejar.majadahonda\/index.php\/wp-json\/wp\/v2\/pages"}],"about":[{"href":"https:\/\/site.educa.madrid.org\/cp.eltejar.majadahonda\/index.php\/wp-json\/wp\/v2\/types\/page"}],"author":[{"embeddable":true,"href":"https:\/\/site.educa.madrid.org\/cp.eltejar.majadahonda\/index.php\/wp-json\/wp\/v2\/users\/3"}],"replies":[{"embeddable":true,"href":"https:\/\/site.educa.madrid.org\/cp.eltejar.majadahonda\/index.php\/wp-json\/wp\/v2\/comments?post=946"}],"version-history":[{"count":23,"href":"https:\/\/site.educa.madrid.org\/cp.eltejar.majadahonda\/index.php\/wp-json\/wp\/v2\/pages\/946\/revisions"}],"predecessor-version":[{"id":3096,"href":"https:\/\/site.educa.madrid.org\/cp.eltejar.majadahonda\/index.php\/wp-json\/wp\/v2\/pages\/946\/revisions\/3096"}],"up":[{"embeddable":true,"href":"https:\/\/site.educa.madrid.org\/cp.eltejar.majadahonda\/index.php\/wp-json\/wp\/v2\/pages\/957"}],"wp:attachment":[{"href":"https:\/\/site.educa.madrid.org\/cp.eltejar.majadahonda\/index.php\/wp-json\/wp\/v2\/media?parent=946"}],"wp:term":[{"taxonomy":"folder","embeddable":true,"href":"https:\/\/site.educa.madrid.org\/cp.eltejar.majadahonda\/index.php\/wp-json\/wp\/v2\/folder?post=946"}],"curies":[{"name":"wp","href":"https:\/\/api.w.org\/{rel}","templated":true}]}}