{"id":110,"date":"2022-02-08T16:23:16","date_gmt":"2022-02-08T15:23:16","guid":{"rendered":"https:\/\/site.educa.madrid.org\/cp.garcialorca.mostoles\/?page_id=110"},"modified":"2022-02-11T12:21:00","modified_gmt":"2022-02-11T11:21:00","slug":"tablon-de-anuncios","status":"publish","type":"page","link":"https:\/\/site.educa.madrid.org\/cp.garcialorca.mostoles\/index.php\/tablon-de-anuncios\/","title":{"rendered":"Tabl\u00f3n de anuncios"},"content":{"rendered":"\n<p>Aqu\u00ed podr\u00e1s encontrar todas las noticias y avisos importantes del centro.<\/p>\n\n\n<style type='text\/css' media='all'>#rt-tpg-container-2353844636 .rt-holder .rt-woo-info .price{color:#0367bf;}body .rt-tpg-container .rt-tpg-isotope-buttons .selected,\n\t\t\t\t\t#rt-tpg-container-2353844636 .layout12 .rt-holder:hover .rt-detail,\n\t\t\t\t\t#rt-tpg-container-2353844636 .isotope8 .rt-holder:hover .rt-detail,\n\t\t\t\t\t#rt-tpg-container-2353844636 .carousel8 .rt-holder:hover .rt-detail,\n\t\t\t\t\t#rt-tpg-container-2353844636 .layout13 .rt-holder .overlay .post-info,\n\t\t\t\t\t#rt-tpg-container-2353844636 .isotope9 .rt-holder .overlay .post-info,\n\t\t\t\t\t#rt-tpg-container-2353844636.rt-tpg-container .layout4 .rt-holder .rt-detail,\n\t\t\t\t\t.rt-modal-2353844636 .md-content,\n\t\t\t\t\t.rt-modal-2353844636 .md-content > .rt-md-content-holder .rt-md-content,\n\t\t\t\t\t.rt-popup-wrap-2353844636.rt-popup-wrap .rt-popup-navigation-wrap,\n\t\t\t\t\t#rt-tpg-container-2353844636 .carousel9 .rt-holder .overlay .post-info{background-color:#0367bf;}#rt-tpg-container-2353844636 .layout5 .rt-holder .overlay, #rt-tpg-container-2353844636 .isotope2 .rt-holder .overlay, #rt-tpg-container-2353844636 .carousel2 .rt-holder .overlay,#rt-tpg-container-2353844636 .layout15 .rt-holder h3, #rt-tpg-container-2353844636 .isotope11 .rt-holder h3, #rt-tpg-container-2353844636 .carousel11 .rt-holder h3, #rt-tpg-container-2353844636 .layout16 .rt-holder h3,\n\t\t\t\t\t#rt-tpg-container-2353844636 .isotope12 .rt-holder h3, #rt-tpg-container-2353844636 .carousel12 .rt-holder h3 {background-color:rgba(3,103,191,0.8);}#rt-tpg-container-2353844636 .read-more a{border-radius:px;}#rt-tpg-container-2353844636 .rt-img-holder img.rt-img-responsive,#rt-tpg-container-2353844636 .rt-img-holder,\n\t\t\t\t\t#rt-tpg-container-2353844636 .rt-post-overlay .post-img,\n\t\t\t\t\t#rt-tpg-container-2353844636 .post-sm .post-img,\n\t\t\t\t\t#rt-tpg-container-2353844636 .rt-post-grid .post-img,\n\t\t\t\t\t#rt-tpg-container-2353844636 .post-img img {border-radius:px;}<\/style><div class='rt-container-fluid rt-tpg-container tpg-shortcode-main-wrapper ' id='rt-tpg-container-2353844636'   data-layout='layout2' data-grid-style='even' data-desktop-col='2'  data-tab-col='2'  data-mobile-col='1' data-sc-id='293'><div data-title='Loading ...' class='rt-row rt-content-loader   layout2 tpg-even '><div class=\"rt-col-md-6 rt-col-sm-6 rt-col-xs-12 even-grid-item rt-grid-item\" data-id=\"1220\"><div class=\"rt-holder\"><div class=\"rt-row\"><div class='rt-col-sm-3 rt-col-xs-12 '><div class=\"rt-img-holder\"><a data-id='1220' class=' tpg-single-popup' href='https:\/\/site.educa.madrid.org\/cp.garcialorca.mostoles\/index.php\/2025\/11\/12\/renovacion-consejo-escolar-2025\/'><img loading=\"lazy\" decoding=\"async\" width=\"150\" height=\"150\" src=\"https:\/\/site.educa.madrid.org\/cp.garcialorca.mostoles\/\/wp-content\/uploads\/cp.garcialorca.mostoles\/2025\/11\/Renovacion-consejo-escolar-2mitad-150x150.jpg\" class=\"rt-img-responsive \" alt=\"\" \/><\/a><\/div><\/div><div class='rt-col-sm-9 rt-col-xs-12 '><div class='rt-detail'><h4 class=\"entry-title\"><a data-id=\"1220\" class=\" tpg-single-popup\" href=\"https:\/\/site.educa.madrid.org\/cp.garcialorca.mostoles\/index.php\/2025\/11\/12\/renovacion-consejo-escolar-2025\/\">Renovaci\u00f3n Consejo Escolar 2025<\/a><\/h4><div class='post-meta-user '><span class='date-meta'><i class='far fa-calendar-alt '><\/i>12 noviembre, 2025<\/span><\/div><div class='tpg-excerpt'>Renovaci\u00f3n Consejo Escolar...<\/div><\/div><\/div><\/div><\/div><\/div><div class=\"rt-col-md-6 rt-col-sm-6 rt-col-xs-12 even-grid-item rt-grid-item\" data-id=\"971\"><div class=\"rt-holder\"><div class=\"rt-row\"><div class='rt-col-sm-3 rt-col-xs-12 '><div class=\"rt-img-holder\"><a data-id='971' class=' tpg-single-popup' href='https:\/\/site.educa.madrid.org\/cp.garcialorca.mostoles\/index.php\/2024\/05\/07\/exposicion-tapiz-del-alumnado-del-ceip-federico-garcia-lorca-de-mostoles\/'><img loading=\"lazy\" decoding=\"async\" width=\"150\" height=\"150\" src=\"https:\/\/site.educa.madrid.org\/cp.garcialorca.mostoles\/\/wp-content\/uploads\/cp.garcialorca.mostoles\/2024\/05\/CEIP-Federico-Garcia-Lorca-tapiz-150x150.png\" class=\"rt-img-responsive \" alt=\"\" \/><\/a><\/div><\/div><div class='rt-col-sm-9 rt-col-xs-12 '><div class='rt-detail'><h4 class=\"entry-title\"><a data-id=\"971\" class=\" tpg-single-popup\" href=\"https:\/\/site.educa.madrid.org\/cp.garcialorca.mostoles\/index.php\/2024\/05\/07\/exposicion-tapiz-del-alumnado-del-ceip-federico-garcia-lorca-de-mostoles\/\">Exposici\u00f3n tapiz del alumnado del CEIP Federico Garc\u00eda Lorca de M\u00f3stoles<\/a><\/h4><div class='post-meta-user '><span class='date-meta'><i class='far fa-calendar-alt '><\/i>7 mayo, 2024<\/span><\/div><div class='tpg-excerpt'><br \/>\nEl pr\u00f3ximo jueves, 9 de mayo, el CEIP Federico Garc\u00eda Lorca y el Centro de Arte Dos de Mayo, van a realizar un pasacalles portando el tapiz que ha realizado el alumnado de 4\u00ba de primaria con la artista Bel\u00e9n Rodr\u00edguez...<\/div><\/div><\/div><\/div><\/div><\/div><div class=\"rt-col-md-6 rt-col-sm-6 rt-col-xs-12 even-grid-item rt-grid-item\" data-id=\"868\"><div class=\"rt-holder\"><div class=\"rt-row\"><div class='rt-col-sm-3 rt-col-xs-12 '><div class=\"rt-img-holder\"><a data-id='868' class=' tpg-single-popup' href='https:\/\/site.educa.madrid.org\/cp.garcialorca.mostoles\/index.php\/2024\/02\/09\/operacion-kilo\/'><img loading=\"lazy\" decoding=\"async\" width=\"150\" height=\"150\" src=\"https:\/\/site.educa.madrid.org\/cp.garcialorca.mostoles\/\/wp-content\/uploads\/cp.garcialorca.mostoles\/2024\/02\/LOGO-BAM-150x150.jpg\" class=\"rt-img-responsive \" alt=\"\" \/><\/a><\/div><\/div><div class='rt-col-sm-9 rt-col-xs-12 '><div class='rt-detail'><h4 class=\"entry-title\"><a data-id=\"868\" class=\" tpg-single-popup\" href=\"https:\/\/site.educa.madrid.org\/cp.garcialorca.mostoles\/index.php\/2024\/02\/09\/operacion-kilo\/\">Operaci\u00f3n Kilo<\/a><\/h4><div class='post-meta-user '><span class='date-meta'><i class='far fa-calendar-alt '><\/i>9 febrero, 2024<\/span><\/div><div class='tpg-excerpt'>Nuestro agradecimiento por vuestra aportaci\u00f3n a la Operaci\u00f3n Kilo en la que se ha recaudado un total de 270 kg de alimentos...<\/div><\/div><\/div><\/div><\/div><\/div><div class=\"rt-col-md-6 rt-col-sm-6 rt-col-xs-12 even-grid-item rt-grid-item\" data-id=\"863\"><div class=\"rt-holder\"><div class=\"rt-row\"><div class='rt-col-sm-3 rt-col-xs-12 '><div class=\"rt-img-holder\"><a data-id='863' class=' tpg-single-popup' href='https:\/\/site.educa.madrid.org\/cp.garcialorca.mostoles\/index.php\/2024\/02\/06\/fundacion-maior\/'><img loading=\"lazy\" decoding=\"async\" width=\"150\" height=\"150\" src=\"https:\/\/site.educa.madrid.org\/cp.garcialorca.mostoles\/\/wp-content\/uploads\/cp.garcialorca.mostoles\/2024\/02\/fundacion-maior-150x150.jpg\" class=\"rt-img-responsive \" alt=\"\" \/><\/a><\/div><\/div><div class='rt-col-sm-9 rt-col-xs-12 '><div class='rt-detail'><h4 class=\"entry-title\"><a data-id=\"863\" class=\" tpg-single-popup\" href=\"https:\/\/site.educa.madrid.org\/cp.garcialorca.mostoles\/index.php\/2024\/02\/06\/fundacion-maior\/\">FUNDACI\u00d3N MAIOR<\/a><\/h4><div class='post-meta-user '><span class='date-meta'><i class='far fa-calendar-alt '><\/i>6 febrero, 2024<\/span><\/div><div class='tpg-excerpt'>Desde la Fundaci\u00f3n Maior transmitimos nuestro m\u00e1s sincero agradecimiento por la participaci\u00f3n en la donaci\u00f3n de libros de texto 2023...<\/div><\/div><\/div><\/div><\/div><\/div><div class=\"rt-col-md-6 rt-col-sm-6 rt-col-xs-12 even-grid-item rt-grid-item\" data-id=\"817\"><div class=\"rt-holder\"><div class=\"rt-row\"><div class='rt-col-sm-3 rt-col-xs-12 '><div class=\"rt-img-holder\"><a data-id='817' class=' tpg-single-popup' href='https:\/\/site.educa.madrid.org\/cp.garcialorca.mostoles\/index.php\/2023\/11\/07\/hemos-vuelto-la-barraca-la-radio-del-lorca\/'><img loading=\"lazy\" decoding=\"async\" width=\"150\" height=\"150\" src=\"https:\/\/site.educa.madrid.org\/cp.garcialorca.mostoles\/\/wp-content\/uploads\/cp.garcialorca.mostoles\/2023\/11\/La-barraca-150x150.jpg\" class=\"rt-img-responsive \" alt=\"\" \/><\/a><\/div><\/div><div class='rt-col-sm-9 rt-col-xs-12 '><div class='rt-detail'><h4 class=\"entry-title\"><a data-id=\"817\" class=\" tpg-single-popup\" href=\"https:\/\/site.educa.madrid.org\/cp.garcialorca.mostoles\/index.php\/2023\/11\/07\/hemos-vuelto-la-barraca-la-radio-del-lorca\/\">\u00a1Hemos vuelto! La barraca, la radio del Lorca<\/a><\/h4><div class='post-meta-user '><span class='date-meta'><i class='far fa-calendar-alt '><\/i>7 noviembre, 2023<\/span><\/div><div class='tpg-excerpt'>Acabamos de comenzar la emisi\u00f3n de la 2\u00aa temporada de La barraca...<\/div><\/div><\/div><\/div><\/div><\/div><div class=\"rt-col-md-6 rt-col-sm-6 rt-col-xs-12 even-grid-item rt-grid-item\" data-id=\"786\"><div class=\"rt-holder\"><div class=\"rt-row\"><div class='rt-col-sm-3 rt-col-xs-12 '><div class=\"rt-img-holder\"><a data-id='786' class=' tpg-single-popup' href='https:\/\/site.educa.madrid.org\/cp.garcialorca.mostoles\/index.php\/2023\/06\/23\/libros-de-texto-curso-2023-2024\/'><img loading=\"lazy\" decoding=\"async\" width=\"150\" height=\"150\" src=\"https:\/\/site.educa.madrid.org\/cp.garcialorca.mostoles\/\/wp-content\/uploads\/cp.garcialorca.mostoles\/2022\/02\/icon-libros-150x150.jpg\" class=\"rt-img-responsive \" alt=\"\" \/><\/a><\/div><\/div><div class='rt-col-sm-9 rt-col-xs-12 '><div class='rt-detail'><h4 class=\"entry-title\"><a data-id=\"786\" class=\" tpg-single-popup\" href=\"https:\/\/site.educa.madrid.org\/cp.garcialorca.mostoles\/index.php\/2023\/06\/23\/libros-de-texto-curso-2023-2024\/\">Libros de Texto curso 2023\/2024<\/a><\/h4><div class='post-meta-user '><span class='date-meta'><i class='far fa-calendar-alt '><\/i>23 junio, 2023<\/span><\/div><div class='tpg-excerpt'>Publicado el listado de libros de texto para el curso 2023\/2024...<\/div><\/div><\/div><\/div><\/div><\/div><div class=\"rt-col-md-6 rt-col-sm-6 rt-col-xs-12 even-grid-item rt-grid-item\" data-id=\"772\"><div class=\"rt-holder\"><div class=\"rt-row\"><div class='rt-col-sm-3 rt-col-xs-12 '><div class=\"rt-img-holder\"><a data-id='772' class=' tpg-single-popup' href='https:\/\/site.educa.madrid.org\/cp.garcialorca.mostoles\/index.php\/2023\/06\/14\/reunion-inicial-infantil-3-anos\/'><img loading=\"lazy\" decoding=\"async\" width=\"150\" height=\"150\" src=\"https:\/\/site.educa.madrid.org\/cp.garcialorca.mostoles\/\/wp-content\/uploads\/cp.garcialorca.mostoles\/2023\/06\/reuniones-familias-150x150.jpg\" class=\"rt-img-responsive \" alt=\"\" \/><\/a><\/div><\/div><div class='rt-col-sm-9 rt-col-xs-12 '><div class='rt-detail'><h4 class=\"entry-title\"><a data-id=\"772\" class=\" tpg-single-popup\" href=\"https:\/\/site.educa.madrid.org\/cp.garcialorca.mostoles\/index.php\/2023\/06\/14\/reunion-inicial-infantil-3-anos\/\">Reuni\u00f3n inicial Infantil 3 a\u00f1os<\/a><\/h4><div class='post-meta-user '><span class='date-meta'><i class='far fa-calendar-alt '><\/i>14 junio, 2023<\/span><\/div><div class='tpg-excerpt'>D\u00cdA 5 DE SEPTIEMBRE 10:00 <br \/>\nEN SAL\u00d3N DE ACTOS...<\/div><\/div><\/div><\/div><\/div><\/div><div class=\"rt-col-md-6 rt-col-sm-6 rt-col-xs-12 even-grid-item rt-grid-item\" data-id=\"749\"><div class=\"rt-holder\"><div class=\"rt-row\"><div class='rt-col-sm-3 rt-col-xs-12 '><div class=\"rt-img-holder\"><a data-id='749' class=' tpg-single-popup' href='https:\/\/site.educa.madrid.org\/cp.garcialorca.mostoles\/index.php\/2023\/06\/06\/becas-comedor-escolar-2023-2024\/'><img loading=\"lazy\" decoding=\"async\" width=\"150\" height=\"150\" src=\"https:\/\/site.educa.madrid.org\/cp.garcialorca.mostoles\/\/wp-content\/uploads\/cp.garcialorca.mostoles\/2023\/06\/becas-comedor-150x150.jpg\" class=\"rt-img-responsive \" alt=\"\" \/><\/a><\/div><\/div><div class='rt-col-sm-9 rt-col-xs-12 '><div class='rt-detail'><h4 class=\"entry-title\"><a data-id=\"749\" class=\" tpg-single-popup\" href=\"https:\/\/site.educa.madrid.org\/cp.garcialorca.mostoles\/index.php\/2023\/06\/06\/becas-comedor-escolar-2023-2024\/\">Becas Comedor Escolar 2023\/2024<\/a><\/h4><div class='post-meta-user '><span class='date-meta'><i class='far fa-calendar-alt '><\/i>6 junio, 2023<\/span><\/div><div class='tpg-excerpt'>EL PLAZO DE PRESENTACI\u00d3N ES EXCLUSIVAMENTE DEL 8 AL 28 DE JUNIO DE 2023 NO EXISTIENDO OTRO PERIODO...<\/div><\/div><\/div><\/div><\/div><\/div><\/div><div class='rt-pagination-wrap' data-total-pages='3' data-posts-per-page='8' data-type='pagination'  ><div class=\"rt-pagination\" ><ul class=\"pagination-list\"><li class=\"active\"><span>1<\/span><\/li><li><a data-paged='2' href='https:\/\/site.educa.madrid.org\/cp.garcialorca.mostoles\/index.php\/wp-json\/wp\/v2\/pages\/110\/page\/2\/'>2<\/a><\/li><li><a data-paged='3' href='https:\/\/site.educa.madrid.org\/cp.garcialorca.mostoles\/index.php\/wp-json\/wp\/v2\/pages\/110\/page\/3\/'>3<\/a><\/li><\/ul><\/div><\/div><\/div>\n","protected":false},"excerpt":{"rendered":"<p>Aqu\u00ed podr\u00e1s encontrar todas las noticias y avisos importantes del centro.<\/p>\n","protected":false},"author":2,"featured_media":0,"parent":0,"menu_order":0,"comment_status":"closed","ping_status":"closed","template":"","meta":{"footnotes":""},"folder":[],"class_list":["post-110","page","type-page","status-publish","hentry"],"rttpg_featured_image_url":null,"rttpg_author":{"display_name":"tic.cp.garcialorca.mostoles","author_link":"https:\/\/site.educa.madrid.org\/cp.garcialorca.mostoles\/index.php\/author\/cuenta_tic-cp-garcialorca-mostoles\/"},"rttpg_comment":0,"rttpg_category":"","rttpg_excerpt":"Aqu\u00ed podr\u00e1s encontrar todas las noticias y avisos importantes del centro.","post_mailing_queue_ids":[],"_links":{"self":[{"href":"https:\/\/site.educa.madrid.org\/cp.garcialorca.mostoles\/index.php\/wp-json\/wp\/v2\/pages\/110","targetHints":{"allow":["GET"]}}],"collection":[{"href":"https:\/\/site.educa.madrid.org\/cp.garcialorca.mostoles\/index.php\/wp-json\/wp\/v2\/pages"}],"about":[{"href":"https:\/\/site.educa.madrid.org\/cp.garcialorca.mostoles\/index.php\/wp-json\/wp\/v2\/types\/page"}],"author":[{"embeddable":true,"href":"https:\/\/site.educa.madrid.org\/cp.garcialorca.mostoles\/index.php\/wp-json\/wp\/v2\/users\/2"}],"replies":[{"embeddable":true,"href":"https:\/\/site.educa.madrid.org\/cp.garcialorca.mostoles\/index.php\/wp-json\/wp\/v2\/comments?post=110"}],"version-history":[{"count":3,"href":"https:\/\/site.educa.madrid.org\/cp.garcialorca.mostoles\/index.php\/wp-json\/wp\/v2\/pages\/110\/revisions"}],"predecessor-version":[{"id":368,"href":"https:\/\/site.educa.madrid.org\/cp.garcialorca.mostoles\/index.php\/wp-json\/wp\/v2\/pages\/110\/revisions\/368"}],"wp:attachment":[{"href":"https:\/\/site.educa.madrid.org\/cp.garcialorca.mostoles\/index.php\/wp-json\/wp\/v2\/media?parent=110"}],"wp:term":[{"taxonomy":"folder","embeddable":true,"href":"https:\/\/site.educa.madrid.org\/cp.garcialorca.mostoles\/index.php\/wp-json\/wp\/v2\/folder?post=110"}],"curies":[{"name":"wp","href":"https:\/\/api.w.org\/{rel}","templated":true}]}}