{"id":1121,"date":"2025-03-10T10:12:14","date_gmt":"2025-03-10T09:12:14","guid":{"rendered":"https:\/\/site.educa.madrid.org\/cp.garcialorca.mostoles\/?page_id=1121"},"modified":"2026-03-10T13:27:10","modified_gmt":"2026-03-10T12:27:10","slug":"proceso-de-admision","status":"publish","type":"page","link":"https:\/\/site.educa.madrid.org\/cp.garcialorca.mostoles\/index.php\/proceso-de-admision\/","title":{"rendered":"Proceso de admisi\u00f3n"},"content":{"rendered":"\n<h2 class=\"wp-block-heading has-text-align-center\">Curso 2026-27<\/h2>\n\n\n<div class=\"wp-block-image\">\n<figure class=\"aligncenter size-full is-resized\"><a href=\"https:\/\/site.educa.madrid.org\/cp.garcialorca.mostoles\/\/wp-content\/uploads\/cp.garcialorca.mostoles\/2026\/02\/Calendario-proceso-de-admision-26-27.pdf\" target=\"_blank\" rel=\" noreferrer noopener\"><img loading=\"lazy\" decoding=\"async\" width=\"1241\" height=\"1755\" src=\"https:\/\/site.educa.madrid.org\/cp.garcialorca.mostoles\/\/wp-content\/uploads\/cp.garcialorca.mostoles\/2026\/02\/Calendario-proceso-de-admision-26-27.jpg\" alt=\"\" class=\"wp-image-1266\" style=\"width:500px\" srcset=\"https:\/\/site.educa.madrid.org\/cp.garcialorca.mostoles\/\/wp-content\/uploads\/cp.garcialorca.mostoles\/2026\/02\/Calendario-proceso-de-admision-26-27.jpg 1241w, https:\/\/site.educa.madrid.org\/cp.garcialorca.mostoles\/\/wp-content\/uploads\/cp.garcialorca.mostoles\/2026\/02\/Calendario-proceso-de-admision-26-27-212x300.jpg 212w, https:\/\/site.educa.madrid.org\/cp.garcialorca.mostoles\/\/wp-content\/uploads\/cp.garcialorca.mostoles\/2026\/02\/Calendario-proceso-de-admision-26-27-724x1024.jpg 724w, https:\/\/site.educa.madrid.org\/cp.garcialorca.mostoles\/\/wp-content\/uploads\/cp.garcialorca.mostoles\/2026\/02\/Calendario-proceso-de-admision-26-27-768x1086.jpg 768w, https:\/\/site.educa.madrid.org\/cp.garcialorca.mostoles\/\/wp-content\/uploads\/cp.garcialorca.mostoles\/2026\/02\/Calendario-proceso-de-admision-26-27-1086x1536.jpg 1086w\" sizes=\"auto, (max-width: 1241px) 100vw, 1241px\" \/><\/a><\/figure>\n<\/div>\n\n\n<div style=\"height:30px\" aria-hidden=\"true\" class=\"wp-block-spacer\"><\/div>\n\n\n\n<div class=\"wp-block-columns is-layout-flex wp-container-core-columns-is-layout-9d6595d7 wp-block-columns-is-layout-flex\">\n<div class=\"wp-block-column is-layout-flow wp-block-column-is-layout-flow\">\n<h3 class=\"wp-block-heading\">Informaci\u00f3n b\u00e1sica<\/h3>\n\n\n\n<div class=\"wp-block-file\"><a id=\"wp-block-file--media-3757e3f2-26c1-42a2-a56a-a50865cefc38\" href=\"https:\/\/site.educa.madrid.org\/cp.garcialorca.mostoles\/\/wp-content\/uploads\/cp.garcialorca.mostoles\/2026\/03\/Punto-extra.pdf\" target=\"_blank\" rel=\"noreferrer noopener\">Punto extra<\/a><a href=\"https:\/\/site.educa.madrid.org\/cp.garcialorca.mostoles\/\/wp-content\/uploads\/cp.garcialorca.mostoles\/2026\/03\/Punto-extra.pdf\" class=\"wp-block-file__button wp-element-button\" download aria-describedby=\"wp-block-file--media-3757e3f2-26c1-42a2-a56a-a50865cefc38\">Descarga<\/a><\/div>\n\n\n\n<div style=\"height:30px\" aria-hidden=\"true\" class=\"wp-block-spacer\"><\/div>\n\n\n\n<h3 class=\"wp-block-heading\">Plazas vacantes<\/h3>\n\n\n\n<div class=\"wp-block-file\"><a id=\"wp-block-file--media-2b16dfe7-7f21-4a94-8f37-d74215007515\" href=\"https:\/\/site.educa.madrid.org\/cp.garcialorca.mostoles\/\/wp-content\/uploads\/cp.garcialorca.mostoles\/2026\/03\/Vacantes.pdf\" target=\"_blank\" rel=\"noreferrer noopener\">Vacantes<\/a><a href=\"https:\/\/site.educa.madrid.org\/cp.garcialorca.mostoles\/\/wp-content\/uploads\/cp.garcialorca.mostoles\/2026\/03\/Vacantes.pdf\" class=\"wp-block-file__button wp-element-button\" download aria-describedby=\"wp-block-file--media-2b16dfe7-7f21-4a94-8f37-d74215007515\">Descarga<\/a><\/div>\n\n\n\n<div style=\"height:30px\" aria-hidden=\"true\" class=\"wp-block-spacer\"><\/div>\n<\/div>\n\n\n\n<div class=\"wp-block-column is-layout-flow wp-block-column-is-layout-flow\">\n<h3 class=\"wp-block-heading\">Adscripciones<\/h3>\n\n\n\n<div class=\"wp-block-file\"><a id=\"wp-block-file--media-e501044c-007d-4f50-9ae5-d884ea5120ca\" href=\"https:\/\/site.educa.madrid.org\/cp.garcialorca.mostoles\/\/wp-content\/uploads\/cp.garcialorca.mostoles\/2026\/02\/Adscripciones.pdf\" target=\"_blank\" rel=\"noreferrer noopener\">Adscripciones<\/a><a href=\"https:\/\/site.educa.madrid.org\/cp.garcialorca.mostoles\/\/wp-content\/uploads\/cp.garcialorca.mostoles\/2026\/02\/Adscripciones.pdf\" class=\"wp-block-file__button wp-element-button\" download aria-describedby=\"wp-block-file--media-e501044c-007d-4f50-9ae5-d884ea5120ca\">Descarga<\/a><\/div>\n\n\n\n<div style=\"height:30px\" aria-hidden=\"true\" class=\"wp-block-spacer\"><\/div>\n\n\n\n<h3 class=\"wp-block-heading\">Sorteo p\u00fablico<\/h3>\n\n\n\n<p>Pr\u00f3ximamente.<\/p>\n\n\n\n<div style=\"height:30px\" aria-hidden=\"true\" class=\"wp-block-spacer\"><\/div>\n<\/div>\n<\/div>\n\n\n\n<h3 class=\"wp-block-heading\">Servicio de Apoyo a la Escolarizaci\u00f3n (SAE)<\/h3>\n\n\n\n<p><strong>Domicilio<\/strong>:C\/ Juan Gomez, n\u00ba 1<\/p>\n\n\n\n<p><strong>Tel\u00e9fono<\/strong>:91 646 46 30<\/p>\n\n\n\n<p><strong>Correo electr\u00f3nico<\/strong>:&nbsp;<a href=\"mailto:sae.mostoles@madrid.org\">sae.mostoles@madrid.org<\/a><\/p>\n\n\n\n<p><a href=\"https:\/\/saedemostoles.blogspot.com\">https:\/\/saedemostoles.bl<\/a><a href=\"https:\/\/saedemostoles.blogspot.com\" target=\"_blank\" rel=\"noreferrer noopener\">ogspot.com<\/a><\/p>\n","protected":false},"excerpt":{"rendered":"<p>Curso 2026-27 Informaci\u00f3n b\u00e1sica Plazas vacantes Adscripciones Sorteo p\u00fablico Pr\u00f3ximamente. Servicio de Apoyo a la Escolarizaci\u00f3n (SAE) Domicilio:C\/ Juan Gomez, n\u00ba 1 Tel\u00e9fono:91 646 46 30 Correo electr\u00f3nico:&nbsp;sae.mostoles@madrid.org https:\/\/saedemostoles.blogspot.com<\/p>\n","protected":false},"author":2,"featured_media":0,"parent":0,"menu_order":0,"comment_status":"closed","ping_status":"closed","template":"","meta":{"footnotes":""},"folder":[],"class_list":["post-1121","page","type-page","status-publish","hentry"],"rttpg_featured_image_url":null,"rttpg_author":{"display_name":"tic.cp.garcialorca.mostoles","author_link":"https:\/\/site.educa.madrid.org\/cp.garcialorca.mostoles\/index.php\/author\/cuenta_tic-cp-garcialorca-mostoles\/"},"rttpg_comment":0,"rttpg_category":false,"rttpg_excerpt":"Curso 2026-27 Informaci\u00f3n b\u00e1sica Plazas vacantes Adscripciones Sorteo p\u00fablico Pr\u00f3ximamente. Servicio de Apoyo a la Escolarizaci\u00f3n (SAE) Domicilio:C\/ Juan Gomez, n\u00ba 1 Tel\u00e9fono:91 646 46 30 Correo electr\u00f3nico:&nbsp;sae.mostoles@madrid.org https:\/\/saedemostoles.blogspot.com","post_mailing_queue_ids":[],"_links":{"self":[{"href":"https:\/\/site.educa.madrid.org\/cp.garcialorca.mostoles\/index.php\/wp-json\/wp\/v2\/pages\/1121","targetHints":{"allow":["GET"]}}],"collection":[{"href":"https:\/\/site.educa.madrid.org\/cp.garcialorca.mostoles\/index.php\/wp-json\/wp\/v2\/pages"}],"about":[{"href":"https:\/\/site.educa.madrid.org\/cp.garcialorca.mostoles\/index.php\/wp-json\/wp\/v2\/types\/page"}],"author":[{"embeddable":true,"href":"https:\/\/site.educa.madrid.org\/cp.garcialorca.mostoles\/index.php\/wp-json\/wp\/v2\/users\/2"}],"replies":[{"embeddable":true,"href":"https:\/\/site.educa.madrid.org\/cp.garcialorca.mostoles\/index.php\/wp-json\/wp\/v2\/comments?post=1121"}],"version-history":[{"count":24,"href":"https:\/\/site.educa.madrid.org\/cp.garcialorca.mostoles\/index.php\/wp-json\/wp\/v2\/pages\/1121\/revisions"}],"predecessor-version":[{"id":1296,"href":"https:\/\/site.educa.madrid.org\/cp.garcialorca.mostoles\/index.php\/wp-json\/wp\/v2\/pages\/1121\/revisions\/1296"}],"wp:attachment":[{"href":"https:\/\/site.educa.madrid.org\/cp.garcialorca.mostoles\/index.php\/wp-json\/wp\/v2\/media?parent=1121"}],"wp:term":[{"taxonomy":"folder","embeddable":true,"href":"https:\/\/site.educa.madrid.org\/cp.garcialorca.mostoles\/index.php\/wp-json\/wp\/v2\/folder?post=1121"}],"curies":[{"name":"wp","href":"https:\/\/api.w.org\/{rel}","templated":true}]}}