{"id":157,"date":"2022-02-09T11:45:23","date_gmt":"2022-02-09T10:45:23","guid":{"rendered":"https:\/\/site.educa.madrid.org\/cp.garcialorca.mostoles\/?page_id=157"},"modified":"2024-10-04T10:55:57","modified_gmt":"2024-10-04T08:55:57","slug":"equipo-directivo","status":"publish","type":"page","link":"https:\/\/site.educa.madrid.org\/cp.garcialorca.mostoles\/index.php\/informacion-general\/equipo-directivo\/","title":{"rendered":"Equipo Directivo"},"content":{"rendered":"\n<p>El Equipo Directivo del Centro est\u00e1 compuesto por<\/p>\n\n\n\n<ul class=\"wp-block-list\">\n<li><strong>D. Pablo Gonz\u00e1lez Herrero (Director)<\/strong><\/li>\n\n\n\n<li><strong>D\u00aa Sara Samaniego Plaza (Jefe de Estudios)<\/strong><\/li>\n\n\n\n<li><strong>D\u00aa.<\/strong> <strong>Amparo del Val \u00c1lvarez<\/strong> <strong>(Secretaria)<\/strong><\/li>\n<\/ul>\n\n\n\n<div style=\"height:20px\" aria-hidden=\"true\" class=\"wp-block-spacer\"><\/div>\n\n\n\n<p>La atenci\u00f3n a familias, salvo por motivos inaplazables, se llevar\u00e1 a cabo mediante cita previa.<\/p>\n","protected":false},"excerpt":{"rendered":"<p>El Equipo Directivo del Centro est\u00e1 compuesto por La atenci\u00f3n a familias, salvo por motivos inaplazables, se llevar\u00e1 a cabo mediante cita previa.<\/p>\n","protected":false},"author":2,"featured_media":0,"parent":140,"menu_order":0,"comment_status":"closed","ping_status":"closed","template":"page-template\/sidebar-right.php","meta":{"footnotes":""},"folder":[],"class_list":["post-157","page","type-page","status-publish","hentry"],"rttpg_featured_image_url":null,"rttpg_author":{"display_name":"tic.cp.garcialorca.mostoles","author_link":"https:\/\/site.educa.madrid.org\/cp.garcialorca.mostoles\/index.php\/author\/cuenta_tic-cp-garcialorca-mostoles\/"},"rttpg_comment":0,"rttpg_category":false,"rttpg_excerpt":"El Equipo Directivo del Centro est\u00e1 compuesto por La atenci\u00f3n a familias, salvo por motivos inaplazables, se llevar\u00e1 a cabo mediante cita previa.","post_mailing_queue_ids":[],"_links":{"self":[{"href":"https:\/\/site.educa.madrid.org\/cp.garcialorca.mostoles\/index.php\/wp-json\/wp\/v2\/pages\/157","targetHints":{"allow":["GET"]}}],"collection":[{"href":"https:\/\/site.educa.madrid.org\/cp.garcialorca.mostoles\/index.php\/wp-json\/wp\/v2\/pages"}],"about":[{"href":"https:\/\/site.educa.madrid.org\/cp.garcialorca.mostoles\/index.php\/wp-json\/wp\/v2\/types\/page"}],"author":[{"embeddable":true,"href":"https:\/\/site.educa.madrid.org\/cp.garcialorca.mostoles\/index.php\/wp-json\/wp\/v2\/users\/2"}],"replies":[{"embeddable":true,"href":"https:\/\/site.educa.madrid.org\/cp.garcialorca.mostoles\/index.php\/wp-json\/wp\/v2\/comments?post=157"}],"version-history":[{"count":5,"href":"https:\/\/site.educa.madrid.org\/cp.garcialorca.mostoles\/index.php\/wp-json\/wp\/v2\/pages\/157\/revisions"}],"predecessor-version":[{"id":1036,"href":"https:\/\/site.educa.madrid.org\/cp.garcialorca.mostoles\/index.php\/wp-json\/wp\/v2\/pages\/157\/revisions\/1036"}],"up":[{"embeddable":true,"href":"https:\/\/site.educa.madrid.org\/cp.garcialorca.mostoles\/index.php\/wp-json\/wp\/v2\/pages\/140"}],"wp:attachment":[{"href":"https:\/\/site.educa.madrid.org\/cp.garcialorca.mostoles\/index.php\/wp-json\/wp\/v2\/media?parent=157"}],"wp:term":[{"taxonomy":"folder","embeddable":true,"href":"https:\/\/site.educa.madrid.org\/cp.garcialorca.mostoles\/index.php\/wp-json\/wp\/v2\/folder?post=157"}],"curies":[{"name":"wp","href":"https:\/\/api.w.org\/{rel}","templated":true}]}}