{"id":261,"date":"2022-02-10T10:15:43","date_gmt":"2022-02-10T09:15:43","guid":{"rendered":"https:\/\/site.educa.madrid.org\/cp.garcialorca.mostoles\/?page_id=261"},"modified":"2022-04-25T12:00:40","modified_gmt":"2022-04-25T10:00:40","slug":"teatro","status":"publish","type":"page","link":"https:\/\/site.educa.madrid.org\/cp.garcialorca.mostoles\/index.php\/teatro\/","title":{"rendered":"Teatro"},"content":{"rendered":"\n<h3 class=\"wp-block-heading\">La Nueva Barraca<\/h3>\n\n\n\n<div class=\"wp-block-image\"><figure class=\"aligncenter size-large\"><a href=\"https:\/\/site.educa.madrid.org\/cp.garcialorca.mostoles\/\/wp-content\/uploads\/cp.garcialorca.mostoles\/2022\/02\/La-Nueva-Barraca.jpg\" target=\"_blank\" rel=\"noopener\"><img loading=\"lazy\" decoding=\"async\" width=\"1024\" height=\"937\" src=\"https:\/\/site.educa.madrid.org\/cp.garcialorca.mostoles\/\/wp-content\/uploads\/cp.garcialorca.mostoles\/2022\/02\/La-Nueva-Barraca-1024x937.jpg\" alt=\"\" class=\"wp-image-263\" srcset=\"https:\/\/site.educa.madrid.org\/cp.garcialorca.mostoles\/\/wp-content\/uploads\/cp.garcialorca.mostoles\/2022\/02\/La-Nueva-Barraca-1024x937.jpg 1024w, https:\/\/site.educa.madrid.org\/cp.garcialorca.mostoles\/\/wp-content\/uploads\/cp.garcialorca.mostoles\/2022\/02\/La-Nueva-Barraca-300x274.jpg 300w, https:\/\/site.educa.madrid.org\/cp.garcialorca.mostoles\/\/wp-content\/uploads\/cp.garcialorca.mostoles\/2022\/02\/La-Nueva-Barraca-768x703.jpg 768w, https:\/\/site.educa.madrid.org\/cp.garcialorca.mostoles\/\/wp-content\/uploads\/cp.garcialorca.mostoles\/2022\/02\/La-Nueva-Barraca-1536x1405.jpg 1536w, https:\/\/site.educa.madrid.org\/cp.garcialorca.mostoles\/\/wp-content\/uploads\/cp.garcialorca.mostoles\/2022\/02\/La-Nueva-Barraca-2048x1874.jpg 2048w\" sizes=\"auto, (max-width: 1024px) 100vw, 1024px\" \/><\/a><\/figure><\/div>\n\n\n\n<div style=\"height:20px\" aria-hidden=\"true\" class=\"wp-block-spacer\"><\/div>\n\n\n\n<h3 class=\"wp-block-heading\">Los mi\u00e9rcoles, Poes\u00eda<\/h3>\n\n\n\n<div class=\"wp-block-file\"><a id=\"wp-block-file--media-3aa9eef7-54b4-43aa-8867-0fe1f41d0674\" href=\"https:\/\/site.educa.madrid.org\/cp.garcialorca.mostoles\/\/wp-content\/uploads\/cp.garcialorca.mostoles\/2022\/02\/Los-miercoles-poesia.pdf\" target=\"_blank\" rel=\"noreferrer noopener\">Los mi\u00e9rcoles poes\u00eda<\/a><a href=\"https:\/\/site.educa.madrid.org\/cp.garcialorca.mostoles\/\/wp-content\/uploads\/cp.garcialorca.mostoles\/2022\/02\/Los-miercoles-poesia.pdf\" class=\"wp-block-file__button\" download aria-describedby=\"wp-block-file--media-3aa9eef7-54b4-43aa-8867-0fe1f41d0674\">Descarga<\/a><\/div>\n\n\n\n<div style=\"height:20px\" aria-hidden=\"true\" class=\"wp-block-spacer\"><\/div>\n\n\n\n<h3 class=\"wp-block-heading\">Teatro desde casa<\/h3>\n\n\n\n<p>A todos nos ha pillado desprevenidos la pandemia de la COVID-19.&nbsp; El grupo de teatro del cole   ha tenido que dejar a medias los ensayos de la obra que est\u00e1bamos   preparando, pero no por ello nos hemos desanimado.<\/p>\n<p>Ni cortos, ni perezosos, nos hemos puesto a trabajar desde casa y aqu\u00ed os traemos los resultados de   nuestro trabajo desde el confinamiento: Cuenta Cuentos, Marionetas, Microteatro&#8230;<\/p>\n<p>Iremos a\u00f1adiendo las obras poco a poco seg\u00fan las vayamos acabando.<\/p>\n<p>Pinchad sobre el nombre para acceder a la grabaci\u00f3n.<\/p>\n<p>Esperamos que os guste.<\/p>\n\n<ul>\n  <li><a href=\"http:\/\/www.xline.es\/Lorca\/wp-content\/uploads\/2020\/05\/La-gata-so\u00f1adora-web.mp4\" target=\"_blank\" rel=\"noopener\">LA GATA SO\u00d1ADORA, por Isabel Ram\u00edrez&nbsp; &nbsp;(5\u00baA)<\/a><\/li>\n  <li><a href=\"http:\/\/www.xline.es\/Lorca\/wp-content\/uploads\/2020\/05\/Un-poquito-de-invierno-web.mp4\" target=\"_blank\" rel=\"noopener\">UN POQUITO DE INVIERNO, por Vanesa Rodr\u00edguez&nbsp; (5\u00baA)<\/a><\/li>\n  <li><a href=\"http:\/\/www.xline.es\/Lorca\/wp-content\/uploads\/2020\/05\/La-lechera.mp4\" target=\"_blank\" rel=\"noopener\">LA LECHERA (pero no el que t\u00fa conoces\u2026) , por Martina Moreno&nbsp; (5\u00baA)<\/a><\/li>\n  <li><a href=\"http:\/\/www.xline.es\/Lorca\/wp-content\/uploads\/2020\/05\/El-hombrecito-de-pan-de-jengibre.mp4\" target=\"_blank\" rel=\"noopener\">EL HOMBRECITO DE PAN DE JENGIBRE,&nbsp; por Valentina (5\u00baB), In\u00e9s (3\u00baA) y Cristina Gonz\u00e1lez (1\u00baA)<\/a><\/li>\n  <li><a href=\"http:\/\/www.xline.es\/Lorca\/wp-content\/uploads\/2020\/06\/Hay-algo-mas-aburrido-que-ser-una-princesa-rosa.mp4\" target=\"_blank\" rel=\"noopener\">\u00bfHAY ALGO M\u00c1S ABURRIDO QUE SER UNA PRINCESA ROSA?, por Elena Garc\u00eda&nbsp; (4\u00baB)<\/a><\/li>\n  <li><a href=\"http:\/\/www.xline.es\/Lorca\/wp-content\/uploads\/2020\/05\/Los-tres-cerditos.mp4\" target=\"_blank\" rel=\"noopener\">LOS TRES CERDITOS, por Vanesa Rodr\u00edguez&nbsp; (5\u00baA)<\/a><\/li>\n  <li><a href=\"http:\/\/www.xline.es\/Lorca\/wp-content\/uploads\/2020\/05\/LaRatitaPresumida.mp4\" target=\"_blank\" rel=\"noopener\">LA RATITA PRESUMIDA, por Isabel Ram\u00edrez&nbsp; &nbsp;(5\u00baA)<\/a><\/li>\n  <li><a href=\"http:\/\/www.xline.es\/Lorca\/wp-content\/uploads\/2020\/06\/hansel-y-gretel.mp4\" target=\"_blank\" rel=\"noopener\">HANSEL Y GRETEL, por Raquel Montejano (5\u00baA) y Laura Ortega (5\u00baB<\/a>)<\/li>\n  <li><a href=\"http:\/\/www.xline.es\/Lorca\/wp-content\/uploads\/2020\/06\/La-amistad-que-venci\u00f3-al-virus.mp4\" target=\"_blank\" rel=\"noopener\">LA AMISTAD QUE VENCI\u00d3 AL VIRUS, por In\u00e9s Alamillos (6\u00baA) y Lydia Yag\u00fce (6\u00baA)<\/a><\/li>\n  <li><a href=\"http:\/\/www.xline.es\/Lorca\/wp-content\/uploads\/2020\/06\/El-gato-con-botas.mp4\" target=\"_blank\" rel=\"noopener\">EL GATO CON BOTAS, por Hugo Torres (5\u00baB)<\/a><\/li>\n<\/ul>\n\n\n\n<div style=\"height:50px\" aria-hidden=\"true\" class=\"wp-block-spacer\"><\/div>\n\n\n\n<h2 class=\"wp-block-heading\">Galer\u00eda de obras<\/h2>\n\n\n<style type='text\/css' media='all'>#rt-tpg-container-2341278023 .rt-holder .rt-woo-info .price{color:#0367bf;}body .rt-tpg-container .rt-tpg-isotope-buttons .selected,\n\t\t\t\t\t#rt-tpg-container-2341278023 .layout12 .rt-holder:hover .rt-detail,\n\t\t\t\t\t#rt-tpg-container-2341278023 .isotope8 .rt-holder:hover .rt-detail,\n\t\t\t\t\t#rt-tpg-container-2341278023 .carousel8 .rt-holder:hover .rt-detail,\n\t\t\t\t\t#rt-tpg-container-2341278023 .layout13 .rt-holder .overlay .post-info,\n\t\t\t\t\t#rt-tpg-container-2341278023 .isotope9 .rt-holder .overlay .post-info,\n\t\t\t\t\t#rt-tpg-container-2341278023.rt-tpg-container .layout4 .rt-holder .rt-detail,\n\t\t\t\t\t.rt-modal-2341278023 .md-content,\n\t\t\t\t\t.rt-modal-2341278023 .md-content > .rt-md-content-holder .rt-md-content,\n\t\t\t\t\t.rt-popup-wrap-2341278023.rt-popup-wrap .rt-popup-navigation-wrap,\n\t\t\t\t\t#rt-tpg-container-2341278023 .carousel9 .rt-holder .overlay .post-info{background-color:#0367bf;}#rt-tpg-container-2341278023 .layout5 .rt-holder .overlay, #rt-tpg-container-2341278023 .isotope2 .rt-holder .overlay, #rt-tpg-container-2341278023 .carousel2 .rt-holder .overlay,#rt-tpg-container-2341278023 .layout15 .rt-holder h3, #rt-tpg-container-2341278023 .isotope11 .rt-holder h3, #rt-tpg-container-2341278023 .carousel11 .rt-holder h3, #rt-tpg-container-2341278023 .layout16 .rt-holder h3,\n\t\t\t\t\t#rt-tpg-container-2341278023 .isotope12 .rt-holder h3, #rt-tpg-container-2341278023 .carousel12 .rt-holder h3 {background-color:rgba(3,103,191,0.8);}#rt-tpg-container-2341278023 .read-more a{border-radius:px;}#rt-tpg-container-2341278023 .rt-img-holder img.rt-img-responsive,#rt-tpg-container-2341278023 .rt-img-holder,\n\t\t\t\t\t#rt-tpg-container-2341278023 .rt-post-overlay .post-img,\n\t\t\t\t\t#rt-tpg-container-2341278023 .post-sm .post-img,\n\t\t\t\t\t#rt-tpg-container-2341278023 .rt-post-grid .post-img,\n\t\t\t\t\t#rt-tpg-container-2341278023 .post-img img {border-radius:px;}<\/style><div class='rt-container-fluid rt-tpg-container tpg-shortcode-main-wrapper ' id='rt-tpg-container-2341278023'   data-layout='layout1' data-grid-style='even' data-desktop-col='3'  data-tab-col='2'  data-mobile-col='1' data-sc-id='561'><div data-title='Loading ...' class='rt-row rt-content-loader   layout1 tpg-even '><div class=\"rt-col-md-4 rt-col-sm-6 rt-col-xs-12 even-grid-item rt-grid-item\" data-id=\"556\"><div class=\"rt-holder\"><div class=\"rt-img-holder\"><a data-id=\"556\" class=\"\" href=\"https:\/\/site.educa.madrid.org\/cp.garcialorca.mostoles\/index.php\/2022\/04\/25\/el-pirata-barbarroja\/\"><img loading=\"lazy\" decoding=\"async\" width=\"800\" height=\"450\" src=\"https:\/\/site.educa.madrid.org\/cp.garcialorca.mostoles\/\/wp-content\/uploads\/cp.garcialorca.mostoles\/2022\/04\/El-pirata-Barbarroja.jpg\" class=\"rt-img-responsive \" alt=\"\" \/><\/a><\/div><div class='rt-detail'><h3 class=\"entry-title\"><a data-id=\"556\" class=\"\" href=\"https:\/\/site.educa.madrid.org\/cp.garcialorca.mostoles\/index.php\/2022\/04\/25\/el-pirata-barbarroja\/\">El pirata Barbarroja<\/a><\/h3><div class='post-meta-user  '><span class='date'><i class='far fa-calendar-alt '><\/i>25 abril, 2022<\/span><\/div><div class='tpg-excerpt'>Teatro en colaboraci\u00f3n con la compa\u00f1\u00eda La Nueva Barraca...<\/div><div class='post-meta '><span class='read-more'><a data-id='556' class='' href='https:\/\/site.educa.madrid.org\/cp.garcialorca.mostoles\/index.php\/2022\/04\/25\/el-pirata-barbarroja\/'>Leer m\u00e1s<\/a><\/span><\/div><\/div><\/div><\/div><\/div><\/div>\n\n\n\n<p><\/p>\n","protected":false},"excerpt":{"rendered":"<p>La Nueva Barraca Los mi\u00e9rcoles, Poes\u00eda Teatro desde casa A todos nos ha pillado desprevenidos la pandemia de la COVID-19.&nbsp; El grupo de teatro del cole ha tenido que dejar a medias los ensayos de la obra que est\u00e1bamos preparando, pero no por ello nos hemos desanimado. Ni cortos, ni perezosos, nos hemos puesto a [&hellip;]<\/p>\n","protected":false},"author":2,"featured_media":0,"parent":0,"menu_order":0,"comment_status":"closed","ping_status":"closed","template":"page-template\/sidebar-right.php","meta":{"footnotes":""},"folder":[],"class_list":["post-261","page","type-page","status-publish","hentry"],"rttpg_featured_image_url":null,"rttpg_author":{"display_name":"tic.cp.garcialorca.mostoles","author_link":"https:\/\/site.educa.madrid.org\/cp.garcialorca.mostoles\/index.php\/author\/cuenta_tic-cp-garcialorca-mostoles\/"},"rttpg_comment":0,"rttpg_category":"","rttpg_excerpt":"La Nueva Barraca Los mi\u00e9rcoles, Poes\u00eda Teatro desde casa A todos nos ha pillado desprevenidos la pandemia de la COVID-19.&nbsp; El grupo de teatro del cole ha tenido que dejar a medias los ensayos de la obra que est\u00e1bamos preparando, pero no por ello nos hemos desanimado. Ni cortos, ni perezosos, nos hemos puesto a&hellip;","post_mailing_queue_ids":[],"_links":{"self":[{"href":"https:\/\/site.educa.madrid.org\/cp.garcialorca.mostoles\/index.php\/wp-json\/wp\/v2\/pages\/261","targetHints":{"allow":["GET"]}}],"collection":[{"href":"https:\/\/site.educa.madrid.org\/cp.garcialorca.mostoles\/index.php\/wp-json\/wp\/v2\/pages"}],"about":[{"href":"https:\/\/site.educa.madrid.org\/cp.garcialorca.mostoles\/index.php\/wp-json\/wp\/v2\/types\/page"}],"author":[{"embeddable":true,"href":"https:\/\/site.educa.madrid.org\/cp.garcialorca.mostoles\/index.php\/wp-json\/wp\/v2\/users\/2"}],"replies":[{"embeddable":true,"href":"https:\/\/site.educa.madrid.org\/cp.garcialorca.mostoles\/index.php\/wp-json\/wp\/v2\/comments?post=261"}],"version-history":[{"count":3,"href":"https:\/\/site.educa.madrid.org\/cp.garcialorca.mostoles\/index.php\/wp-json\/wp\/v2\/pages\/261\/revisions"}],"predecessor-version":[{"id":562,"href":"https:\/\/site.educa.madrid.org\/cp.garcialorca.mostoles\/index.php\/wp-json\/wp\/v2\/pages\/261\/revisions\/562"}],"wp:attachment":[{"href":"https:\/\/site.educa.madrid.org\/cp.garcialorca.mostoles\/index.php\/wp-json\/wp\/v2\/media?parent=261"}],"wp:term":[{"taxonomy":"folder","embeddable":true,"href":"https:\/\/site.educa.madrid.org\/cp.garcialorca.mostoles\/index.php\/wp-json\/wp\/v2\/folder?post=261"}],"curies":[{"name":"wp","href":"https:\/\/api.w.org\/{rel}","templated":true}]}}