{"id":2106,"date":"2026-03-16T17:36:58","date_gmt":"2026-03-16T16:36:58","guid":{"rendered":"https:\/\/site.educa.madrid.org\/cp.ginerdelosrios.torrejondeardoz\/?page_id=2106"},"modified":"2026-03-16T17:43:14","modified_gmt":"2026-03-16T16:43:14","slug":"pruebas-externas","status":"publish","type":"page","link":"https:\/\/site.educa.madrid.org\/cp.ginerdelosrios.torrejondeardoz\/index.php\/informacion-a-familias-2\/pruebas-externas\/","title":{"rendered":"Pruebas externas"},"content":{"rendered":"\n<h2 class=\"wp-block-heading\"><strong>Resultados en las pruebas censales<\/strong><\/h2>\n\n\n\n<p>Durante el curso <strong>2024-2025<\/strong>, el alumnado de <strong>4.\u00ba y 6.\u00ba de Educaci\u00f3n Primaria<\/strong> del <strong>CEIP Giner de los R\u00edos<\/strong> ha participado en las <strong>pruebas censales de evaluaci\u00f3n externa de la Comunidad de Madrid<\/strong>, cuyo objetivo es analizar el grado de adquisici\u00f3n de las competencias b\u00e1sicas y aportar informaci\u00f3n que ayude a mejorar los procesos educativos de los centros.<\/p>\n\n\n\n<p>Los resultados obtenidos muestran <strong>un nivel acad\u00e9mico globalmente positivo<\/strong>. En <strong>4.\u00ba de Educaci\u00f3n Primaria<\/strong>, el alumnado del centro ha obtenido <strong>resultados superiores a la media de la muestra en todas las \u00e1reas evaluadas<\/strong>(Lengua Castellana, Matem\u00e1ticas, Ciencias Sociales y Lengua Extranjera: Ingl\u00e9s), lo que refleja una s\u00f3lida adquisici\u00f3n de los aprendizajes correspondientes al segundo ciclo de la etapa.<\/p>\n\n\n\n<p>En <strong>6.\u00ba de Educaci\u00f3n Primaria<\/strong>, los resultados del centro se sit\u00faan <strong>muy pr\u00f3ximos a la media de la muestra<\/strong>, con diferencias reducidas entre ambos valores, lo que indica un nivel adecuado de competencia al finalizar la etapa.<\/p>\n\n\n\n<p>El an\u00e1lisis de estos resultados permite al centro <strong>identificar fortalezas y seguir impulsando acciones de mejora<\/strong>, especialmente en el refuerzo de las competencias ling\u00fc\u00edsticas y matem\u00e1ticas en el tercer ciclo de Educaci\u00f3n Primaria.<\/p>\n\n\n\n<p>Desde el <strong>CEIP Giner de los R\u00edos<\/strong> continuamos trabajando para ofrecer <strong>una educaci\u00f3n de calidad<\/strong>, basada en la mejora continua y en la colaboraci\u00f3n entre alumnado, profesorado y familias.<\/p>\n\n\n\n<figure class=\"wp-block-image aligncenter size-full\"><img loading=\"lazy\" decoding=\"async\" width=\"800\" height=\"448\" src=\"https:\/\/site.educa.madrid.org\/cp.ginerdelosrios.torrejondeardoz\/\/wp-content\/uploads\/cp.ginerdelosrios.torrejondeardoz\/2026\/03\/censales4P_r.png\" alt=\"\" class=\"wp-image-2110\" srcset=\"https:\/\/site.educa.madrid.org\/cp.ginerdelosrios.torrejondeardoz\/\/wp-content\/uploads\/cp.ginerdelosrios.torrejondeardoz\/2026\/03\/censales4P_r.png 800w, https:\/\/site.educa.madrid.org\/cp.ginerdelosrios.torrejondeardoz\/\/wp-content\/uploads\/cp.ginerdelosrios.torrejondeardoz\/2026\/03\/censales4P_r-300x168.png 300w, https:\/\/site.educa.madrid.org\/cp.ginerdelosrios.torrejondeardoz\/\/wp-content\/uploads\/cp.ginerdelosrios.torrejondeardoz\/2026\/03\/censales4P_r-768x430.png 768w\" sizes=\"auto, (max-width: 800px) 100vw, 800px\" \/><\/figure>\n\n\n\n<figure class=\"wp-block-image aligncenter size-full\"><img loading=\"lazy\" decoding=\"async\" width=\"800\" height=\"448\" src=\"https:\/\/site.educa.madrid.org\/cp.ginerdelosrios.torrejondeardoz\/\/wp-content\/uploads\/cp.ginerdelosrios.torrejondeardoz\/2026\/03\/censales6P_r.png\" alt=\"\" class=\"wp-image-2111\" srcset=\"https:\/\/site.educa.madrid.org\/cp.ginerdelosrios.torrejondeardoz\/\/wp-content\/uploads\/cp.ginerdelosrios.torrejondeardoz\/2026\/03\/censales6P_r.png 800w, https:\/\/site.educa.madrid.org\/cp.ginerdelosrios.torrejondeardoz\/\/wp-content\/uploads\/cp.ginerdelosrios.torrejondeardoz\/2026\/03\/censales6P_r-300x168.png 300w, https:\/\/site.educa.madrid.org\/cp.ginerdelosrios.torrejondeardoz\/\/wp-content\/uploads\/cp.ginerdelosrios.torrejondeardoz\/2026\/03\/censales6P_r-768x430.png 768w\" sizes=\"auto, (max-width: 800px) 100vw, 800px\" \/><\/figure>\n","protected":false},"excerpt":{"rendered":"<p>Resultados en las pruebas censales Durante el curso 2024-2025, el alumnado de 4.\u00ba y 6.\u00ba de Educaci\u00f3n Primaria del CEIP Giner de los R\u00edos ha participado en las pruebas censales de evaluaci\u00f3n externa de la Comunidad de Madrid, cuyo objetivo es analizar el grado de adquisici\u00f3n de las competencias b\u00e1sicas y aportar informaci\u00f3n que ayude [&hellip;]<\/p>\n","protected":false},"author":9,"featured_media":0,"parent":878,"menu_order":0,"comment_status":"closed","ping_status":"closed","template":"","meta":{"footnotes":""},"folder":[],"class_list":["post-2106","page","type-page","status-publish","hentry"],"rttpg_featured_image_url":null,"rttpg_author":{"display_name":"Cuenta Compdigedu cp ginerdelosrios torrejondeardoz","author_link":"https:\/\/site.educa.madrid.org\/cp.ginerdelosrios.torrejondeardoz\/index.php\/author\/cuenta_compdigedu-cp-ginerdelosrios-torrejondeardo\/"},"rttpg_comment":0,"rttpg_category":false,"rttpg_excerpt":"Resultados en las pruebas censales Durante el curso 2024-2025, el alumnado de 4.\u00ba y 6.\u00ba de Educaci\u00f3n Primaria del CEIP Giner de los R\u00edos ha participado en las pruebas censales de evaluaci\u00f3n externa de la Comunidad de Madrid, cuyo objetivo es analizar el grado de adquisici\u00f3n de las competencias b\u00e1sicas y aportar informaci\u00f3n que ayude&hellip;","post_mailing_queue_ids":[],"_links":{"self":[{"href":"https:\/\/site.educa.madrid.org\/cp.ginerdelosrios.torrejondeardoz\/index.php\/wp-json\/wp\/v2\/pages\/2106","targetHints":{"allow":["GET"]}}],"collection":[{"href":"https:\/\/site.educa.madrid.org\/cp.ginerdelosrios.torrejondeardoz\/index.php\/wp-json\/wp\/v2\/pages"}],"about":[{"href":"https:\/\/site.educa.madrid.org\/cp.ginerdelosrios.torrejondeardoz\/index.php\/wp-json\/wp\/v2\/types\/page"}],"author":[{"embeddable":true,"href":"https:\/\/site.educa.madrid.org\/cp.ginerdelosrios.torrejondeardoz\/index.php\/wp-json\/wp\/v2\/users\/9"}],"replies":[{"embeddable":true,"href":"https:\/\/site.educa.madrid.org\/cp.ginerdelosrios.torrejondeardoz\/index.php\/wp-json\/wp\/v2\/comments?post=2106"}],"version-history":[{"count":3,"href":"https:\/\/site.educa.madrid.org\/cp.ginerdelosrios.torrejondeardoz\/index.php\/wp-json\/wp\/v2\/pages\/2106\/revisions"}],"predecessor-version":[{"id":2115,"href":"https:\/\/site.educa.madrid.org\/cp.ginerdelosrios.torrejondeardoz\/index.php\/wp-json\/wp\/v2\/pages\/2106\/revisions\/2115"}],"up":[{"embeddable":true,"href":"https:\/\/site.educa.madrid.org\/cp.ginerdelosrios.torrejondeardoz\/index.php\/wp-json\/wp\/v2\/pages\/878"}],"wp:attachment":[{"href":"https:\/\/site.educa.madrid.org\/cp.ginerdelosrios.torrejondeardoz\/index.php\/wp-json\/wp\/v2\/media?parent=2106"}],"wp:term":[{"taxonomy":"folder","embeddable":true,"href":"https:\/\/site.educa.madrid.org\/cp.ginerdelosrios.torrejondeardoz\/index.php\/wp-json\/wp\/v2\/folder?post=2106"}],"curies":[{"name":"wp","href":"https:\/\/api.w.org\/{rel}","templated":true}]}}