{"id":131,"date":"2020-10-14T09:05:44","date_gmt":"2020-10-14T09:05:44","guid":{"rendered":"https:\/\/site.educa.madrid.org\/cp.guindalera.madrid\/?page_id=131"},"modified":"2026-02-24T20:44:03","modified_gmt":"2026-02-24T19:44:03","slug":"becas-de-comedor-escolar","status":"publish","type":"page","link":"https:\/\/site.educa.madrid.org\/cp.guindalera.madrid\/index.php\/secretaria\/becas-y-ayudas\/becas-de-comedor-escolar\/","title":{"rendered":"Becas de comedor escolar\u00a02025\/2026"},"content":{"rendered":"\n<p class=\"has-vivid-red-color has-text-color has-link-color has-medium-font-size wp-elements-c9091dcbd47aa27eff7fa6a7489bf16f\"><strong><em>NOVEDAD <\/em><\/strong><\/p>\n\n\n\n<p class=\"has-medium-font-size\"><strong>Nuevo plazo exclusivamente para alumnos incorporados al sistema educativo madrile\u00f1o con posterioridad al 15 de noviembre de 2025<\/strong><\/p>\n\n\n\n<p>El plazo de presentaci\u00f3n de soluciones ser\u00e1 desde el d\u00eda\u00a0<strong>14 de febrero hasta el d\u00eda 2 de marzo de 2026 inclusive<\/strong> <a href=\"http:\/\/El plazo de presentaci\u00f3n de soluciones ser\u00e1 desde el d\u00eda 14 de febrero hasta el d\u00eda 2 de marzo de 2026 inclusive     Para la tramitaci\u00f3n de la solicitud, puedes acceder a trav\u00e9s de este enlace:\">ENLACE<\/a><\/p>\n\n\n\n<p><\/p>\n\n\n\n<p><\/p>\n","protected":false},"excerpt":{"rendered":"<p>NOVEDAD Nuevo plazo exclusivamente para alumnos incorporados al sistema educativo madrile\u00f1o con posterioridad al 15 de noviembre de 2025 El plazo de presentaci\u00f3n de soluciones ser\u00e1 desde el d\u00eda\u00a014 de febrero hasta el d\u00eda 2 de marzo de 2026 inclusive ENLACE<\/p>\n","protected":false},"author":3,"featured_media":0,"parent":367,"menu_order":0,"comment_status":"closed","ping_status":"closed","template":"","meta":{"footnotes":""},"folder":[],"class_list":["post-131","page","type-page","status-publish","hentry"],"rttpg_featured_image_url":null,"rttpg_author":{"display_name":"cp.guindalera.madrid","author_link":"https:\/\/site.educa.madrid.org\/cp.guindalera.madrid\/index.php\/author\/cuenta_cp-guindalera-madrid\/"},"rttpg_comment":0,"rttpg_category":false,"rttpg_excerpt":"NOVEDAD Nuevo plazo exclusivamente para alumnos incorporados al sistema educativo madrile\u00f1o con posterioridad al 15 de noviembre de 2025 El plazo de presentaci\u00f3n de soluciones ser\u00e1 desde el d\u00eda\u00a014 de febrero hasta el d\u00eda 2 de marzo de 2026 inclusive ENLACE","post_mailing_queue_ids":[],"_links":{"self":[{"href":"https:\/\/site.educa.madrid.org\/cp.guindalera.madrid\/index.php\/wp-json\/wp\/v2\/pages\/131","targetHints":{"allow":["GET"]}}],"collection":[{"href":"https:\/\/site.educa.madrid.org\/cp.guindalera.madrid\/index.php\/wp-json\/wp\/v2\/pages"}],"about":[{"href":"https:\/\/site.educa.madrid.org\/cp.guindalera.madrid\/index.php\/wp-json\/wp\/v2\/types\/page"}],"author":[{"embeddable":true,"href":"https:\/\/site.educa.madrid.org\/cp.guindalera.madrid\/index.php\/wp-json\/wp\/v2\/users\/3"}],"replies":[{"embeddable":true,"href":"https:\/\/site.educa.madrid.org\/cp.guindalera.madrid\/index.php\/wp-json\/wp\/v2\/comments?post=131"}],"version-history":[{"count":29,"href":"https:\/\/site.educa.madrid.org\/cp.guindalera.madrid\/index.php\/wp-json\/wp\/v2\/pages\/131\/revisions"}],"predecessor-version":[{"id":3206,"href":"https:\/\/site.educa.madrid.org\/cp.guindalera.madrid\/index.php\/wp-json\/wp\/v2\/pages\/131\/revisions\/3206"}],"up":[{"embeddable":true,"href":"https:\/\/site.educa.madrid.org\/cp.guindalera.madrid\/index.php\/wp-json\/wp\/v2\/pages\/367"}],"wp:attachment":[{"href":"https:\/\/site.educa.madrid.org\/cp.guindalera.madrid\/index.php\/wp-json\/wp\/v2\/media?parent=131"}],"wp:term":[{"taxonomy":"folder","embeddable":true,"href":"https:\/\/site.educa.madrid.org\/cp.guindalera.madrid\/index.php\/wp-json\/wp\/v2\/folder?post=131"}],"curies":[{"name":"wp","href":"https:\/\/api.w.org\/{rel}","templated":true}]}}