{"id":2397,"date":"2025-03-07T18:00:43","date_gmt":"2025-03-07T17:00:43","guid":{"rendered":"https:\/\/site.educa.madrid.org\/cp.guindalera.madrid\/?page_id=2397"},"modified":"2026-02-10T14:34:23","modified_gmt":"2026-02-10T13:34:23","slug":"informacion-proceso","status":"publish","type":"page","link":"https:\/\/site.educa.madrid.org\/cp.guindalera.madrid\/index.php\/admision-matriculacion\/proceso-ordinario-admision\/informacion-proceso\/","title":{"rendered":"CALENDARIO"},"content":{"rendered":"\n<p><\/p>\n\n\n\n<p><\/p>\n\n\n\n<p class=\"has-text-align-center has-vivid-red-color has-text-color has-link-color has-medium-font-size wp-elements-d87f2c7d79fa8a7b1e806c212a2bfaaf\"><strong>CALENDARIO PROCESO DE ADMISI\u00d3N<\/strong> <strong>CURSO 2026-2027<\/strong><\/p>\n\n\n\n<figure class=\"wp-block-table\"><table class=\"has-fixed-layout\"><tbody><tr><td class=\"has-text-align-center\" data-align=\"center\"><strong>FECHAS<\/strong><\/td><td class=\"has-text-align-center\" data-align=\"center\"><strong>ACTUACIONES<\/strong><strong><\/strong><\/td><\/tr><tr><td class=\"has-text-align-center\" data-align=\"center\"><strong>Del 11 al 25 de marzo<\/strong><\/td><td class=\"has-text-align-center\" data-align=\"center\"><strong>&nbsp;<\/strong> <strong>Plazo presentaci\u00f3n de solicitudes<\/strong> para el proceso de admisi\u00f3n, preferentemente de forma telem\u00e1tica &nbsp;<\/td><\/tr><tr><td class=\"has-text-align-center\" data-align=\"center\"><strong>&nbsp;14 de abril<\/strong><\/td><td class=\"has-text-align-center\" data-align=\"center\"><strong>&nbsp;<\/strong> Publicaci\u00f3n a trav\u00e9s de la Secretar\u00eda Virtual de los<strong> listados provisionales de alumnos<\/strong> que han solicitado el centro en primera opci\u00f3n &nbsp;<\/td><\/tr><tr><td class=\"has-text-align-center\" data-align=\"center\"><strong>&nbsp;<\/strong> <strong>15, 16 y 17 de abril<\/strong> <strong>&nbsp;<\/strong><\/td><td class=\"has-text-align-center\" data-align=\"center\"><strong>Plazo de reclamaciones<\/strong> a los listados provisionales<\/td><\/tr><tr><td class=\"has-text-align-center\" data-align=\"center\"><strong>&nbsp;<\/strong> <strong>23 de abril<\/strong> <strong>&nbsp;<\/strong><\/td><td class=\"has-text-align-center\" data-align=\"center\">Publicaci\u00f3n a trav\u00e9s de la Secretar\u00eda Virtual de los<strong> listados con la puntuaci\u00f3n provisional<\/strong><\/td><\/tr><tr><td class=\"has-text-align-center\" data-align=\"center\"><strong>24, 27 y 28 de abril<\/strong><\/td><td class=\"has-text-align-center\" data-align=\"center\"><strong>&nbsp;<\/strong> <strong>Plazo de reclamaciones<\/strong> a los listados provisionales de puntuaci\u00f3n &nbsp;<\/td><\/tr><tr><td class=\"has-text-align-center\" data-align=\"center\"><strong>&nbsp;<\/strong> <strong>7 de mayo<\/strong> <strong>&nbsp;<\/strong><\/td><td class=\"has-text-align-center\" data-align=\"center\">Publicaci\u00f3n a trav\u00e9s de la Secretar\u00eda Virtual de los<strong> listados definitivos de puntuaciones <\/strong>una vez revisadas las reclamaciones recibidas<\/td><\/tr><tr><td class=\"has-text-align-center\" data-align=\"center\"><strong>27 de mayo<\/strong><\/td><td class=\"has-text-align-center\" data-align=\"center\"><strong>&nbsp;<\/strong> Publicaci\u00f3n a trav\u00e9s de la Secretar\u00eda Virtual de los<strong> listados de los alumnos admitidos<\/strong> <strong>&nbsp;<\/strong><\/td><\/tr><tr><td class=\"has-text-align-center\" data-align=\"center\"><strong>&nbsp;<\/strong> <strong>Del 11 al 25 de junio<\/strong> <strong>&nbsp;<\/strong><\/td><td class=\"has-text-align-center\" data-align=\"center\"><strong>Plazo de matriculaci\u00f3n<\/strong><\/td><\/tr><\/tbody><\/table><\/figure>\n\n\n\n<p>Con el fin de facilitar el desarrollo del proceso de admisi\u00f3n, las solicitudes de admisi\u00f3n de alumnos para el <strong>curso 2026\/2027<\/strong> ser\u00e1n presentadas con car\u00e1cter general por v\u00eda telem\u00e1tica, salvo imposibilidad t\u00e9cnica para poder hacerlo<strong>,<\/strong> y ser\u00e1n dirigidas al primer centro incluido en la solicitud.<\/p>\n\n\n\n<p>Para la presentaci\u00f3n de solicitudes por v\u00eda telem\u00e1tica las familias utilizar\u00e1n la Secretar\u00eda Virtual, que ser\u00e1 accesible a trav\u00e9s de internet, p\u00e1gina web de la Comunidad de Madrid, <em>comunidad <\/em><a href=\"https:\/\/www.comunidad.madrid\/servicios\/educacion\/solicita-tu-admision-educacion-infantil-obligatoria-bachillerato\"><em>https:\/\/www.comunidad.madrid\/servicios\/educacion\/solicita-tu-admision-educacion-infantil-obligatoria-bachillerato<\/em><\/a><\/p>\n\n\n\n<p>\u00danicamente podr\u00e1 presentarse una solicitud de admisi\u00f3n por cada alumno.<\/p>\n\n\n\n<p>Una vez que el alumno es admitido deber\u00e1 formalizarse la matr\u00edcula.<\/p>\n\n\n\n<p><\/p>\n\n\n\n<p>&nbsp;<\/p>\n","protected":false},"excerpt":{"rendered":"<p>CALENDARIO PROCESO DE ADMISI\u00d3N CURSO 2026-2027 FECHAS ACTUACIONES Del 11 al 25 de marzo &nbsp; Plazo presentaci\u00f3n de solicitudes para el proceso de admisi\u00f3n, preferentemente de forma telem\u00e1tica &nbsp; &nbsp;14 de abril &nbsp; Publicaci\u00f3n a trav\u00e9s de la Secretar\u00eda Virtual de los listados provisionales de alumnos que han solicitado el centro en primera opci\u00f3n &nbsp; [&hellip;]<\/p>\n","protected":false},"author":3,"featured_media":0,"parent":2279,"menu_order":0,"comment_status":"closed","ping_status":"closed","template":"","meta":{"footnotes":""},"folder":[],"class_list":["post-2397","page","type-page","status-publish","hentry"],"rttpg_featured_image_url":null,"rttpg_author":{"display_name":"cp.guindalera.madrid","author_link":"https:\/\/site.educa.madrid.org\/cp.guindalera.madrid\/index.php\/author\/cuenta_cp-guindalera-madrid\/"},"rttpg_comment":0,"rttpg_category":false,"rttpg_excerpt":"CALENDARIO PROCESO DE ADMISI\u00d3N CURSO 2026-2027 FECHAS ACTUACIONES Del 11 al 25 de marzo &nbsp; Plazo presentaci\u00f3n de solicitudes para el proceso de admisi\u00f3n, preferentemente de forma telem\u00e1tica &nbsp; &nbsp;14 de abril &nbsp; Publicaci\u00f3n a trav\u00e9s de la Secretar\u00eda Virtual de los listados provisionales de alumnos que han solicitado el centro en primera opci\u00f3n &nbsp;&hellip;","post_mailing_queue_ids":[],"_links":{"self":[{"href":"https:\/\/site.educa.madrid.org\/cp.guindalera.madrid\/index.php\/wp-json\/wp\/v2\/pages\/2397","targetHints":{"allow":["GET"]}}],"collection":[{"href":"https:\/\/site.educa.madrid.org\/cp.guindalera.madrid\/index.php\/wp-json\/wp\/v2\/pages"}],"about":[{"href":"https:\/\/site.educa.madrid.org\/cp.guindalera.madrid\/index.php\/wp-json\/wp\/v2\/types\/page"}],"author":[{"embeddable":true,"href":"https:\/\/site.educa.madrid.org\/cp.guindalera.madrid\/index.php\/wp-json\/wp\/v2\/users\/3"}],"replies":[{"embeddable":true,"href":"https:\/\/site.educa.madrid.org\/cp.guindalera.madrid\/index.php\/wp-json\/wp\/v2\/comments?post=2397"}],"version-history":[{"count":14,"href":"https:\/\/site.educa.madrid.org\/cp.guindalera.madrid\/index.php\/wp-json\/wp\/v2\/pages\/2397\/revisions"}],"predecessor-version":[{"id":3059,"href":"https:\/\/site.educa.madrid.org\/cp.guindalera.madrid\/index.php\/wp-json\/wp\/v2\/pages\/2397\/revisions\/3059"}],"up":[{"embeddable":true,"href":"https:\/\/site.educa.madrid.org\/cp.guindalera.madrid\/index.php\/wp-json\/wp\/v2\/pages\/2279"}],"wp:attachment":[{"href":"https:\/\/site.educa.madrid.org\/cp.guindalera.madrid\/index.php\/wp-json\/wp\/v2\/media?parent=2397"}],"wp:term":[{"taxonomy":"folder","embeddable":true,"href":"https:\/\/site.educa.madrid.org\/cp.guindalera.madrid\/index.php\/wp-json\/wp\/v2\/folder?post=2397"}],"curies":[{"name":"wp","href":"https:\/\/api.w.org\/{rel}","templated":true}]}}