{"id":349,"date":"2020-10-29T15:54:54","date_gmt":"2020-10-29T14:54:54","guid":{"rendered":"https:\/\/site.educa.madrid.org\/cp.guindalera.madrid\/?page_id=349"},"modified":"2024-08-28T19:42:09","modified_gmt":"2024-08-28T17:42:09","slug":"horario-y-contacto-de-secretaria","status":"publish","type":"page","link":"https:\/\/site.educa.madrid.org\/cp.guindalera.madrid\/index.php\/secretaria\/horario-y-contacto-de-secretaria\/","title":{"rendered":"Horario y Contacto de Secretar\u00eda"},"content":{"rendered":"\n<h3 class=\"wp-block-heading\">Horario de atenci\u00f3n al p\u00fablico<\/h3>\n\n\n\n<p>Horario atenci\u00f3n DE 9.00 A 9.45 Y DE 15.15 A 16.00 horas.<\/p>\n\n\n\n<p>En otro horario imprescindible CITA PREVIA.<\/p>\n\n\n\n<h3 class=\"wp-block-heading\">Por tel\u00e9fono<\/h3>\n\n\n\n<p>Tlf.: 91 725 24 37<\/p>\n\n\n\n<h3 class=\"wp-block-heading\">Por correo electr\u00f3nico<\/h3>\n\n\n\n<p><a href=\"mailto:secretaria.cp.guindalera.madrid@educa.madrid.org\" target=\"_blank\" rel=\"noreferrer noopener\">secretaria.cp.guindalera.madrid@educa.madrid.org<\/a><\/p>\n\n\n\n<div style=\"height:20px\" aria-hidden=\"true\" class=\"wp-block-spacer\"><\/div>\n\n\n\n<h3 class=\"wp-block-heading\"><strong>SERVICIO DE APOYO A LA ESCOLARIZACI\u00d3N (SAE N\u00ba 1)<\/strong><\/h3>\n\n\n\n<p>Sede: CEIP Jaime Vera C\/ \u00c1vila, 2 C.P. 28020<\/p>\n\n\n\n<p>Tel\u00e9fono de contacto:&nbsp; 648537248 \/ 606826802 \/ 616885671&nbsp;<\/p>\n\n\n\n<p>Correo electr\u00f3nico: <a href=\"mailto:sae1capital@madrid.org\">sae1capital@madrid.org<\/a><\/p>\n","protected":false},"excerpt":{"rendered":"<p>Horario de atenci\u00f3n al p\u00fablico Horario atenci\u00f3n DE 9.00 A 9.45 Y DE 15.15 A 16.00 horas. En otro horario imprescindible CITA PREVIA. Por tel\u00e9fono Tlf.: 91 725 24 37 Por correo electr\u00f3nico secretaria.cp.guindalera.madrid@educa.madrid.org SERVICIO DE APOYO A LA ESCOLARIZACI\u00d3N (SAE N\u00ba 1) Sede: CEIP Jaime Vera C\/ \u00c1vila, 2 C.P. 28020 Tel\u00e9fono de contacto:&nbsp; [&hellip;]<\/p>\n","protected":false},"author":3,"featured_media":0,"parent":108,"menu_order":1,"comment_status":"closed","ping_status":"closed","template":"","meta":{"footnotes":""},"folder":[],"class_list":["post-349","page","type-page","status-publish","hentry"],"rttpg_featured_image_url":null,"rttpg_author":{"display_name":"cp.guindalera.madrid","author_link":"https:\/\/site.educa.madrid.org\/cp.guindalera.madrid\/index.php\/author\/cuenta_cp-guindalera-madrid\/"},"rttpg_comment":0,"rttpg_category":false,"rttpg_excerpt":"Horario de atenci\u00f3n al p\u00fablico Horario atenci\u00f3n DE 9.00 A 9.45 Y DE 15.15 A 16.00 horas. En otro horario imprescindible CITA PREVIA. Por tel\u00e9fono Tlf.: 91 725 24 37 Por correo electr\u00f3nico secretaria.cp.guindalera.madrid@educa.madrid.org SERVICIO DE APOYO A LA ESCOLARIZACI\u00d3N (SAE N\u00ba 1) Sede: CEIP Jaime Vera C\/ \u00c1vila, 2 C.P. 28020 Tel\u00e9fono de contacto:&nbsp;&hellip;","post_mailing_queue_ids":[],"_links":{"self":[{"href":"https:\/\/site.educa.madrid.org\/cp.guindalera.madrid\/index.php\/wp-json\/wp\/v2\/pages\/349","targetHints":{"allow":["GET"]}}],"collection":[{"href":"https:\/\/site.educa.madrid.org\/cp.guindalera.madrid\/index.php\/wp-json\/wp\/v2\/pages"}],"about":[{"href":"https:\/\/site.educa.madrid.org\/cp.guindalera.madrid\/index.php\/wp-json\/wp\/v2\/types\/page"}],"author":[{"embeddable":true,"href":"https:\/\/site.educa.madrid.org\/cp.guindalera.madrid\/index.php\/wp-json\/wp\/v2\/users\/3"}],"replies":[{"embeddable":true,"href":"https:\/\/site.educa.madrid.org\/cp.guindalera.madrid\/index.php\/wp-json\/wp\/v2\/comments?post=349"}],"version-history":[{"count":8,"href":"https:\/\/site.educa.madrid.org\/cp.guindalera.madrid\/index.php\/wp-json\/wp\/v2\/pages\/349\/revisions"}],"predecessor-version":[{"id":2033,"href":"https:\/\/site.educa.madrid.org\/cp.guindalera.madrid\/index.php\/wp-json\/wp\/v2\/pages\/349\/revisions\/2033"}],"up":[{"embeddable":true,"href":"https:\/\/site.educa.madrid.org\/cp.guindalera.madrid\/index.php\/wp-json\/wp\/v2\/pages\/108"}],"wp:attachment":[{"href":"https:\/\/site.educa.madrid.org\/cp.guindalera.madrid\/index.php\/wp-json\/wp\/v2\/media?parent=349"}],"wp:term":[{"taxonomy":"folder","embeddable":true,"href":"https:\/\/site.educa.madrid.org\/cp.guindalera.madrid\/index.php\/wp-json\/wp\/v2\/folder?post=349"}],"curies":[{"name":"wp","href":"https:\/\/api.w.org\/{rel}","templated":true}]}}