{"id":1101,"date":"2022-03-16T20:19:37","date_gmt":"2022-03-16T19:19:37","guid":{"rendered":"https:\/\/site.educa.madrid.org\/cp.hermanostora.humanes\/?page_id=1101"},"modified":"2023-06-15T10:01:49","modified_gmt":"2023-06-15T08:01:49","slug":"accede","status":"publish","type":"page","link":"https:\/\/site.educa.madrid.org\/cp.hermanostora.humanes\/index.php\/secretaria\/ayudas\/accede\/","title":{"rendered":"ACCEDE"},"content":{"rendered":"\n<h5 class=\"wp-block-heading\">SISTEMA DE PR\u00c9STAMO DE LIBROS DE TEXTO Y MATERIAL CURRICULAR DE LA COMUNIDAD DE MADRID<\/h5>\n\n\n\n<p>Estimadas familias<br>La entrada en vigor del PROGRAMA ACCEDE establece un sistema de pr\u00e9stamo de libros de texto para los alumnos de primaria y secundaria que permite disponer de libros procedentes de un banco de libros creado con aportaciones de las familias y de la Comunidad de Madrid.<br>Todas las familias interesadas en participar deber\u00e1n presentar la solicitud una vez para toda la etapa en el colegio (no es necesario presentarla cada a\u00f1o)<\/p>\n\n\n\n<p><\/p>\n\n\n\n<p><br>Una vez hecha la solicitud:<\/p>\n\n\n\n<ol class=\"wp-block-list\"><li>Los alumnos que empezar\u00e1n primaria recibir\u00e1n los libros de Matem\u00e1ticas, Lengua, Classbook de ingl\u00e9s y los de ciencias.<\/li><li>Los alumnos que actualmente est\u00e1n en 3\u00ba, 4\u00ba, 5\u00ba y 6\u00ba tendr\u00e1n que dejar su lote de libros del curso anterior completo y en buen estado.<\/li><li>Los alumnos que actualmente est\u00e1n en 5 a\u00f1os, 1\u00ba y 2\u00ba de primaria no tendr\u00e1n que dejar lotes de libros pues son fungibles y se renuevan cada a\u00f1o.<\/li><li>Los alumnos que actualmente est\u00e1n en 6\u00ba que pasan al IES y dejan sus libros en buen estado recibir\u00e1n un certificado para que lo presenten en el IES y puedan optar a participar en el programa.<\/li><li>Para poder continuar curso tras curso disfrutando del pr\u00e9stamo de libros es ABSOLUTAMENTE IMPRESCINDIBLE la devoluci\u00f3n de todos los libros prestados en CONDICIONES ADECUADAS DE USO. El colegio emitir\u00e1 un certificado en el que se acreditar\u00e1 la devoluci\u00f3n en perfectas condiciones de uso.<\/li><\/ol>\n\n\n\n<p>CONDICIONES DE DEVOLUCI\u00d3N DE LIBROS:<br>\u2022 Sin nombre escrito, sin actividades escritas en el libro y sin textos subrayados.<br>\u2022 Con pastas y hojas en buen estado.<br>\u2022 Se recomienda plastificar los libros y se podr\u00e1n devolver plastificados.<br>\u2022 Hacer un buen uso de los libros de texto entregados.<br>\u2022 Devolver los libros de texto en perfecto estado, en la fecha y condiciones que determine el Centro.<br>\u2022 Reponer los libros extraviados o deteriorados.<br>\u2022 Aceptar las condiciones de uso de los libros de texto prestados.<\/p>\n\n\n\n<p>Para m\u00e1s informaci\u00f3n y documentaci\u00f3n acuda a secretar\u00eda o a la web del centro.<\/p>\n\n\n\n<figure class=\"wp-block-image\"><a href=\"http:\/\/www.comunidad.madrid\/servicios\/educacion\/programa-accede\" target=\"_blank\" rel=\"noreferrer noopener\"><img decoding=\"async\" src=\"https:\/\/www.educa2.madrid.org\/web\/educamadrid\/principal\/files\/b231f88b-b283-4c99-8d09-049e766d2262\/ACCEDE%20CAM.jpg?largeSize=true\" alt=\"\" title=\"ACCEDE CAM\"\/><\/a><\/figure>\n\n\n\n<p>OTROS ENLACES:<\/p>\n\n\n\n<p><a href=\"http:\/\/www.madrid.org\/wleg_pub\/secure\/normativas\/contenidoNormativa.jsf?opcion=VerHtml&amp;nmnorma=9839#no-back-button\" target=\"_blank\" rel=\"noreferrer noopener\">LEY 7\/2017, de 27 de junio, de Gratuidad de los Libros de Texto y el Material Curricular de la Comunidad de Madrid<\/a><\/p>\n\n\n\n<p><a href=\"http:\/\/www.comunidad.madrid\/sites\/default\/files\/doc\/educacion\/decreto_reglamento_accede.pdf\" target=\"_blank\" rel=\"noreferrer noopener\">DECRETO 168\/2018, de 11 de diciembre de 2018, del Consejo de Gobierno, por el que se aprueba el reglamento del Programa Accede, sistema de pr\u00e9stamo de los libros de texto y el material curricular de la Comunidad de Madrid.<\/a><\/p>\n","protected":false},"excerpt":{"rendered":"<p>SISTEMA DE PR\u00c9STAMO DE LIBROS DE TEXTO Y MATERIAL CURRICULAR DE LA COMUNIDAD DE MADRID Estimadas familiasLa entrada en vigor del PROGRAMA ACCEDE establece un sistema de pr\u00e9stamo de libros &#8230;<\/p>\n","protected":false},"author":3,"featured_media":0,"parent":326,"menu_order":0,"comment_status":"closed","ping_status":"closed","template":"","meta":{"footnotes":""},"folder":[59],"class_list":["post-1101","page","type-page","status-publish","hentry"],"rttpg_featured_image_url":null,"rttpg_author":{"display_name":"cp.hermanostora.humanes","author_link":"https:\/\/site.educa.madrid.org\/cp.hermanostora.humanes\/index.php\/author\/cuenta_cp-hermanostora-humanes\/"},"rttpg_comment":0,"rttpg_category":" <a href=\"https:\/\/site.educa.madrid.org\/cp.hermanostora.humanes\/?taxonomy=folder&#038;term=secretaria-1718609283-3\" rel=\"tag\">SECRETARIA<\/a>","rttpg_excerpt":"SISTEMA DE PR\u00c9STAMO DE LIBROS DE TEXTO Y MATERIAL CURRICULAR DE LA COMUNIDAD DE MADRID Estimadas familiasLa entrada en vigor del PROGRAMA ACCEDE establece un sistema de pr\u00e9stamo de libros ...","post_mailing_queue_ids":[],"_links":{"self":[{"href":"https:\/\/site.educa.madrid.org\/cp.hermanostora.humanes\/index.php\/wp-json\/wp\/v2\/pages\/1101","targetHints":{"allow":["GET"]}}],"collection":[{"href":"https:\/\/site.educa.madrid.org\/cp.hermanostora.humanes\/index.php\/wp-json\/wp\/v2\/pages"}],"about":[{"href":"https:\/\/site.educa.madrid.org\/cp.hermanostora.humanes\/index.php\/wp-json\/wp\/v2\/types\/page"}],"author":[{"embeddable":true,"href":"https:\/\/site.educa.madrid.org\/cp.hermanostora.humanes\/index.php\/wp-json\/wp\/v2\/users\/3"}],"replies":[{"embeddable":true,"href":"https:\/\/site.educa.madrid.org\/cp.hermanostora.humanes\/index.php\/wp-json\/wp\/v2\/comments?post=1101"}],"version-history":[{"count":7,"href":"https:\/\/site.educa.madrid.org\/cp.hermanostora.humanes\/index.php\/wp-json\/wp\/v2\/pages\/1101\/revisions"}],"predecessor-version":[{"id":1714,"href":"https:\/\/site.educa.madrid.org\/cp.hermanostora.humanes\/index.php\/wp-json\/wp\/v2\/pages\/1101\/revisions\/1714"}],"up":[{"embeddable":true,"href":"https:\/\/site.educa.madrid.org\/cp.hermanostora.humanes\/index.php\/wp-json\/wp\/v2\/pages\/326"}],"wp:attachment":[{"href":"https:\/\/site.educa.madrid.org\/cp.hermanostora.humanes\/index.php\/wp-json\/wp\/v2\/media?parent=1101"}],"wp:term":[{"taxonomy":"folder","embeddable":true,"href":"https:\/\/site.educa.madrid.org\/cp.hermanostora.humanes\/index.php\/wp-json\/wp\/v2\/folder?post=1101"}],"curies":[{"name":"wp","href":"https:\/\/api.w.org\/{rel}","templated":true}]}}