{"id":169,"date":"2022-02-14T14:45:33","date_gmt":"2022-02-14T13:45:33","guid":{"rendered":"https:\/\/site.educa.madrid.org\/cp.hermanostora.humanes\/?page_id=169"},"modified":"2026-01-27T10:57:47","modified_gmt":"2026-01-27T09:57:47","slug":"secretaria","status":"publish","type":"page","link":"https:\/\/site.educa.madrid.org\/cp.hermanostora.humanes\/index.php\/secretaria\/","title":{"rendered":"SECRETAR\u00cdA"},"content":{"rendered":"\n<div class=\"wp-block-columns is-layout-flex wp-container-core-columns-is-layout-9d6595d7 wp-block-columns-is-layout-flex\">\n<div class=\"wp-block-column is-vertically-aligned-center is-layout-flow wp-block-column-is-layout-flow\" style=\"flex-basis:66.66%\"><div class=\"wp-block-image is-style-default\">\n<figure class=\"aligncenter size-large is-resized\"><img loading=\"lazy\" decoding=\"async\" width=\"1024\" height=\"573\" src=\"https:\/\/site.educa.madrid.org\/cp.hermanostora.humanes\/\/wp-content\/uploads\/cp.hermanostora.humanes\/2026\/01\/Diseno-sin-titulo-2-1024x573.png\" alt=\"\" class=\"wp-image-2639\" style=\"aspect-ratio:16\/9;object-fit:cover;width:325px;height:auto\" srcset=\"https:\/\/site.educa.madrid.org\/cp.hermanostora.humanes\/\/wp-content\/uploads\/cp.hermanostora.humanes\/2026\/01\/Diseno-sin-titulo-2-1024x573.png 1024w, https:\/\/site.educa.madrid.org\/cp.hermanostora.humanes\/\/wp-content\/uploads\/cp.hermanostora.humanes\/2026\/01\/Diseno-sin-titulo-2-300x168.png 300w, https:\/\/site.educa.madrid.org\/cp.hermanostora.humanes\/\/wp-content\/uploads\/cp.hermanostora.humanes\/2026\/01\/Diseno-sin-titulo-2-768x430.png 768w, https:\/\/site.educa.madrid.org\/cp.hermanostora.humanes\/\/wp-content\/uploads\/cp.hermanostora.humanes\/2026\/01\/Diseno-sin-titulo-2-1536x860.png 1536w, https:\/\/site.educa.madrid.org\/cp.hermanostora.humanes\/\/wp-content\/uploads\/cp.hermanostora.humanes\/2026\/01\/Diseno-sin-titulo-2.png 1600w\" sizes=\"auto, (max-width: 1024px) 100vw, 1024px\" \/><\/figure>\n<\/div><\/div>\n\n\n\n<div class=\"wp-block-column is-layout-flow wp-block-column-is-layout-flow\" style=\"flex-basis:44%\">\n<h3><span style=\"color: #000080;\"><strong>HORARIO DE ATENCI\u00d3N<\/strong><\/span><\/h3>\n<h5><span style=\"color: #0000ff;\"><strong>Equipo directivo y administraci\u00f3n:<\/strong><\/span><\/h5>\n<p><span style=\"color: #0000ff;\">Secretar\u00eda<\/span> de 9:10 a 10:00 y de 13:15 a 14:30<\/p>\n<p><span style=\"color: #0000ff;\">Jefatura de Estudios y Direcci\u00f3n<\/span>: es necesario solicitar cita previa.<\/p>\n<hr \/>\n<p><a href=\"mailto:cp.hermanostora.humanes@educa.madrid.org\">cp.hermanostora.humanes@educa.madrid.org<\/a><\/p>\n<p>916040273<\/p>\n<\/div>\n<\/div>\n\n\n\n<p><\/p>\n","protected":false},"excerpt":{"rendered":"<p>HORARIO DE ATENCI\u00d3N Equipo directivo y administraci\u00f3n: Secretar\u00eda de 9:10 a 10:00 y de 13:15 a 14:30 Jefatura de Estudios y Direcci\u00f3n: es necesario solicitar cita previa. cp.hermanostora.humanes@educa.madrid.org 916040273<\/p>\n","protected":false},"author":4,"featured_media":0,"parent":0,"menu_order":0,"comment_status":"closed","ping_status":"closed","template":"","meta":{"footnotes":""},"folder":[59],"class_list":["post-169","page","type-page","status-publish","hentry"],"rttpg_featured_image_url":null,"rttpg_author":{"display_name":"PALOMA CORTES FERNANDEZ","author_link":"https:\/\/site.educa.madrid.org\/cp.hermanostora.humanes\/index.php\/author\/paloma_cortes-fernndez\/"},"rttpg_comment":0,"rttpg_category":" <a href=\"https:\/\/site.educa.madrid.org\/cp.hermanostora.humanes\/?taxonomy=folder&#038;term=secretaria-1718609283-3\" rel=\"tag\">SECRETARIA<\/a>","rttpg_excerpt":"HORARIO DE ATENCI\u00d3N Equipo directivo y administraci\u00f3n: Secretar\u00eda de 9:10 a 10:00 y de 13:15 a 14:30 Jefatura de Estudios y Direcci\u00f3n: es necesario solicitar cita previa. cp.hermanostora.humanes@educa.madrid.org 916040273","post_mailing_queue_ids":[],"_links":{"self":[{"href":"https:\/\/site.educa.madrid.org\/cp.hermanostora.humanes\/index.php\/wp-json\/wp\/v2\/pages\/169","targetHints":{"allow":["GET"]}}],"collection":[{"href":"https:\/\/site.educa.madrid.org\/cp.hermanostora.humanes\/index.php\/wp-json\/wp\/v2\/pages"}],"about":[{"href":"https:\/\/site.educa.madrid.org\/cp.hermanostora.humanes\/index.php\/wp-json\/wp\/v2\/types\/page"}],"author":[{"embeddable":true,"href":"https:\/\/site.educa.madrid.org\/cp.hermanostora.humanes\/index.php\/wp-json\/wp\/v2\/users\/4"}],"replies":[{"embeddable":true,"href":"https:\/\/site.educa.madrid.org\/cp.hermanostora.humanes\/index.php\/wp-json\/wp\/v2\/comments?post=169"}],"version-history":[{"count":50,"href":"https:\/\/site.educa.madrid.org\/cp.hermanostora.humanes\/index.php\/wp-json\/wp\/v2\/pages\/169\/revisions"}],"predecessor-version":[{"id":2644,"href":"https:\/\/site.educa.madrid.org\/cp.hermanostora.humanes\/index.php\/wp-json\/wp\/v2\/pages\/169\/revisions\/2644"}],"wp:attachment":[{"href":"https:\/\/site.educa.madrid.org\/cp.hermanostora.humanes\/index.php\/wp-json\/wp\/v2\/media?parent=169"}],"wp:term":[{"taxonomy":"folder","embeddable":true,"href":"https:\/\/site.educa.madrid.org\/cp.hermanostora.humanes\/index.php\/wp-json\/wp\/v2\/folder?post=169"}],"curies":[{"name":"wp","href":"https:\/\/api.w.org\/{rel}","templated":true}]}}