{"id":284,"date":"2022-02-16T14:05:27","date_gmt":"2022-02-16T13:05:27","guid":{"rendered":"https:\/\/site.educa.madrid.org\/cp.hermanostora.humanes\/?page_id=284"},"modified":"2025-06-13T10:07:36","modified_gmt":"2025-06-13T08:07:36","slug":"prestamo-de-libros","status":"publish","type":"page","link":"https:\/\/site.educa.madrid.org\/cp.hermanostora.humanes\/index.php\/secretaria\/ayudas\/prestamo-de-libros\/","title":{"rendered":"PR\u00c9STAMO DE LIBROS INFANTIL"},"content":{"rendered":"\n<h2 class=\"wp-block-heading\">CURSO 25-26<\/h2>\n\n\n\n<p>Para el curso 25-26 podr\u00e1n solicitar entrar en el programa las familias de los alumnos que vayan a cursar cualquier nivel de educaci\u00f3n INFANTIL y que cumplan alguna de las siguientes situaciones:<\/p>\n\n\n\n<p><\/p>\n\n\n\n<ul class=\"wp-block-list\">\n<li>Alumnos tutelados por la Comunidad de Madrid en r\u00e9gimen de acogimiento residencial.<\/li>\n\n\n\n<li>Familias perceptoras de la Renta M\u00ednima de Inserci\u00f3n.<\/li>\n\n\n\n<li>Familias perceptoras de Ingreso M\u00ednimo Vital.<\/li>\n\n\n\n<li>Familias en situaci\u00f3n de intervenci\u00f3n social por los Servicios Sociales.<\/li>\n\n\n\n<li>Alumnos con la condici\u00f3n de v\u00edctima de violencia de g\u00e9nero.<\/li>\n\n\n\n<li>Alumnos beneficiarios de protecci\u00f3n internacional, en cualquiera de sus modalidades.<\/li>\n\n\n\n<li>Alumnos con la condici\u00f3n de v\u00edctima del terrorismo.<\/li>\n\n\n\n<li>Familias con una renta per c\u00e1pita familiar inferior 8400 \u20ac en el a\u00f1o 2023.<\/li>\n\n\n\n<li>Alumnos con necesidades educativas especiales.<\/li>\n<\/ul>\n\n\n\n<p><a href=\"https:\/\/cloud.educa.madrid.org\/s\/EQPMdBiHK34FW2m\" target=\"_blank\" rel=\"noreferrer noopener\">SOLICITUD<\/a><\/p>\n\n\n\n<p>Si\u00a0<strong>durante el curso 24\/25 ha recibido alg\u00fan tipo de ayuda de libros o comedor relacionada con la renta<\/strong>, \u00fanicamente tendr\u00e1 que entregar la solicitud, si no, tendr\u00e1 que presentar tambi\u00e9n la documentaci\u00f3n justificativa de cualquier situaci\u00f3n que alegue.<\/p>\n\n\n\n<p>El plazo de entrega de<strong>\u00a0<a href=\"https:\/\/cloud.educa.madrid.org\/s\/EQPMdBiHK34FW2m\" target=\"_blank\" rel=\"noreferrer noopener\">esta solicitud<\/a>\u00a0<\/strong>es <mark style=\"background-color:#e7e7e7\" class=\"has-inline-color\"><strong>HASTA EL 23 DE JUNIO DE 2025<\/strong>.<\/mark><\/p>\n\n\n\n<p>Tendr\u00e1 que rellenarla y enviarla a ceiphermanostora@gmail.com.<\/p>\n\n\n\n<p>LAS SOLICITUDES CONCEDIDAS SE INFORMAR\u00c1N POR CORREO ELECTR\u00d3NICO EL D\u00cdA 8 DE SEPTIEMBRE<\/p>\n","protected":false},"excerpt":{"rendered":"<p>CURSO 25-26 Para el curso 25-26 podr\u00e1n solicitar entrar en el programa las familias de los alumnos que vayan a cursar cualquier nivel de educaci\u00f3n INFANTIL y que cumplan alguna &#8230;<\/p>\n","protected":false},"author":3,"featured_media":0,"parent":326,"menu_order":0,"comment_status":"closed","ping_status":"closed","template":"","meta":{"footnotes":""},"folder":[59],"class_list":["post-284","page","type-page","status-publish","hentry"],"rttpg_featured_image_url":null,"rttpg_author":{"display_name":"cp.hermanostora.humanes","author_link":"https:\/\/site.educa.madrid.org\/cp.hermanostora.humanes\/index.php\/author\/cuenta_cp-hermanostora-humanes\/"},"rttpg_comment":0,"rttpg_category":" <a href=\"https:\/\/site.educa.madrid.org\/cp.hermanostora.humanes\/?taxonomy=folder&#038;term=secretaria-1718609283-3\" rel=\"tag\">SECRETARIA<\/a>","rttpg_excerpt":"CURSO 25-26 Para el curso 25-26 podr\u00e1n solicitar entrar en el programa las familias de los alumnos que vayan a cursar cualquier nivel de educaci\u00f3n INFANTIL y que cumplan alguna ...","post_mailing_queue_ids":[],"_links":{"self":[{"href":"https:\/\/site.educa.madrid.org\/cp.hermanostora.humanes\/index.php\/wp-json\/wp\/v2\/pages\/284","targetHints":{"allow":["GET"]}}],"collection":[{"href":"https:\/\/site.educa.madrid.org\/cp.hermanostora.humanes\/index.php\/wp-json\/wp\/v2\/pages"}],"about":[{"href":"https:\/\/site.educa.madrid.org\/cp.hermanostora.humanes\/index.php\/wp-json\/wp\/v2\/types\/page"}],"author":[{"embeddable":true,"href":"https:\/\/site.educa.madrid.org\/cp.hermanostora.humanes\/index.php\/wp-json\/wp\/v2\/users\/3"}],"replies":[{"embeddable":true,"href":"https:\/\/site.educa.madrid.org\/cp.hermanostora.humanes\/index.php\/wp-json\/wp\/v2\/comments?post=284"}],"version-history":[{"count":16,"href":"https:\/\/site.educa.madrid.org\/cp.hermanostora.humanes\/index.php\/wp-json\/wp\/v2\/pages\/284\/revisions"}],"predecessor-version":[{"id":2436,"href":"https:\/\/site.educa.madrid.org\/cp.hermanostora.humanes\/index.php\/wp-json\/wp\/v2\/pages\/284\/revisions\/2436"}],"up":[{"embeddable":true,"href":"https:\/\/site.educa.madrid.org\/cp.hermanostora.humanes\/index.php\/wp-json\/wp\/v2\/pages\/326"}],"wp:attachment":[{"href":"https:\/\/site.educa.madrid.org\/cp.hermanostora.humanes\/index.php\/wp-json\/wp\/v2\/media?parent=284"}],"wp:term":[{"taxonomy":"folder","embeddable":true,"href":"https:\/\/site.educa.madrid.org\/cp.hermanostora.humanes\/index.php\/wp-json\/wp\/v2\/folder?post=284"}],"curies":[{"name":"wp","href":"https:\/\/api.w.org\/{rel}","templated":true}]}}