{"id":326,"date":"2022-02-16T14:11:15","date_gmt":"2022-02-16T13:11:15","guid":{"rendered":"https:\/\/site.educa.madrid.org\/cp.hermanostora.humanes\/?page_id=326"},"modified":"2022-03-16T20:36:30","modified_gmt":"2022-03-16T19:36:30","slug":"ayudas","status":"publish","type":"page","link":"https:\/\/site.educa.madrid.org\/cp.hermanostora.humanes\/index.php\/secretaria\/ayudas\/","title":{"rendered":"AYUDAS"},"content":{"rendered":"\n<figure class=\"wp-block-table is-style-stripes\"><table><thead><tr><th>NOMBRE<\/th><th>TIPO<\/th><th>DESTINATARIOS<\/th><\/tr><\/thead><tbody><tr><td><a href=\"https:\/\/site.educa.madrid.org\/cp.hermanostora.humanes\/index.php\/secretaria\/ayudas\/accede\/\">ACCEDE<\/a><\/td><td>LIBROS DE TEXTO<\/td><td>TODOS LOS ALUMNOS DE PRIMARIA<\/td><\/tr><tr><td><a href=\"https:\/\/site.educa.madrid.org\/cp.hermanostora.humanes\/index.php\/secretaria\/ayudas\/prestamo-de-libros\/\">PR\u00c9STAMO LIBROS INFANTIL<\/a><\/td><td>LIBROS DE TEXTO<\/td><td>FAMILIAS INFANTIL EN SITUACIONES ESPECIALES<\/td><\/tr><tr><td><a href=\"https:\/\/site.educa.madrid.org\/cp.hermanostora.humanes\/index.php\/secretaria\/ayudas\/reduccion-coste-comedor\/\">REDUCCI\u00d3N COSTE COMEDOR<\/a><\/td><td>ECON\u00d3MICA<\/td><td>USUARIOS COMEDOR<\/td><\/tr><tr><td><a href=\"https:\/\/site.educa.madrid.org\/cp.hermanostora.humanes\/index.php\/secretaria\/ayudas\/mascarillas-rmi\/\">MASCARILLAS RMI \/ IMV<\/a><\/td><td>MASCARILLAS<\/td><td>ALUMNOS DE PRIMARIA DE FAMILIAS RMI \/ IMV<\/td><\/tr><tr><td><a href=\"https:\/\/site.educa.madrid.org\/cp.hermanostora.humanes\/index.php\/secretaria\/ayudas\/ayudas-ayuntamiento-humanes\/\">AYUNTAMIENTO- LIBROS Y MATERIAL<\/a><\/td><td>ECON\u00d3MICA<\/td><td>FAMILIAS BAJOS RECURSOS INFANTIL Y PRIMARIA<\/td><\/tr><\/tbody><\/table><\/figure>\n","protected":false},"excerpt":{"rendered":"<p>NOMBRE TIPO DESTINATARIOS ACCEDE LIBROS DE TEXTO TODOS LOS ALUMNOS DE PRIMARIA PR\u00c9STAMO LIBROS INFANTIL LIBROS DE TEXTO FAMILIAS INFANTIL EN SITUACIONES ESPECIALES REDUCCI\u00d3N COSTE COMEDOR ECON\u00d3MICA USUARIOS COMEDOR MASCARILLAS &#8230;<\/p>\n","protected":false},"author":3,"featured_media":0,"parent":169,"menu_order":0,"comment_status":"closed","ping_status":"closed","template":"","meta":{"footnotes":""},"folder":[59],"class_list":["post-326","page","type-page","status-publish","hentry"],"rttpg_featured_image_url":null,"rttpg_author":{"display_name":"cp.hermanostora.humanes","author_link":"https:\/\/site.educa.madrid.org\/cp.hermanostora.humanes\/index.php\/author\/cuenta_cp-hermanostora-humanes\/"},"rttpg_comment":0,"rttpg_category":" <a href=\"https:\/\/site.educa.madrid.org\/cp.hermanostora.humanes\/?taxonomy=folder&#038;term=secretaria-1718609283-3\" rel=\"tag\">SECRETARIA<\/a>","rttpg_excerpt":"NOMBRE TIPO DESTINATARIOS ACCEDE LIBROS DE TEXTO TODOS LOS ALUMNOS DE PRIMARIA PR\u00c9STAMO LIBROS INFANTIL LIBROS DE TEXTO FAMILIAS INFANTIL EN SITUACIONES ESPECIALES REDUCCI\u00d3N COSTE COMEDOR ECON\u00d3MICA USUARIOS COMEDOR MASCARILLAS ...","post_mailing_queue_ids":[],"_links":{"self":[{"href":"https:\/\/site.educa.madrid.org\/cp.hermanostora.humanes\/index.php\/wp-json\/wp\/v2\/pages\/326","targetHints":{"allow":["GET"]}}],"collection":[{"href":"https:\/\/site.educa.madrid.org\/cp.hermanostora.humanes\/index.php\/wp-json\/wp\/v2\/pages"}],"about":[{"href":"https:\/\/site.educa.madrid.org\/cp.hermanostora.humanes\/index.php\/wp-json\/wp\/v2\/types\/page"}],"author":[{"embeddable":true,"href":"https:\/\/site.educa.madrid.org\/cp.hermanostora.humanes\/index.php\/wp-json\/wp\/v2\/users\/3"}],"replies":[{"embeddable":true,"href":"https:\/\/site.educa.madrid.org\/cp.hermanostora.humanes\/index.php\/wp-json\/wp\/v2\/comments?post=326"}],"version-history":[{"count":2,"href":"https:\/\/site.educa.madrid.org\/cp.hermanostora.humanes\/index.php\/wp-json\/wp\/v2\/pages\/326\/revisions"}],"predecessor-version":[{"id":1120,"href":"https:\/\/site.educa.madrid.org\/cp.hermanostora.humanes\/index.php\/wp-json\/wp\/v2\/pages\/326\/revisions\/1120"}],"up":[{"embeddable":true,"href":"https:\/\/site.educa.madrid.org\/cp.hermanostora.humanes\/index.php\/wp-json\/wp\/v2\/pages\/169"}],"wp:attachment":[{"href":"https:\/\/site.educa.madrid.org\/cp.hermanostora.humanes\/index.php\/wp-json\/wp\/v2\/media?parent=326"}],"wp:term":[{"taxonomy":"folder","embeddable":true,"href":"https:\/\/site.educa.madrid.org\/cp.hermanostora.humanes\/index.php\/wp-json\/wp\/v2\/folder?post=326"}],"curies":[{"name":"wp","href":"https:\/\/api.w.org\/{rel}","templated":true}]}}