{"id":939,"date":"2023-12-11T13:09:58","date_gmt":"2023-12-11T12:09:58","guid":{"rendered":"https:\/\/site.educa.madrid.org\/cp.juanramonjimenez.madrid\/?page_id=939"},"modified":"2026-08-31T18:15:36","modified_gmt":"2026-08-31T16:15:36","slug":"los-primeros-del-cole","status":"publish","type":"page","link":"https:\/\/site.educa.madrid.org\/cp.juanramonjimenez.madrid\/index.php\/los-primeros-del-cole\/","title":{"rendered":"Los primeros del cole"},"content":{"rendered":"\n<p>PRIMEROS DEL COLE<\/p>\n\n\n<div class=\"wp-block-image\">\n<figure class=\"alignleft\"><img decoding=\"async\" src=\"https:\/\/www.educa2.madrid.org\/web\/educamadrid\/principal\/files\/5361f734-c792-4f23-9d48-a538bb01995f\/Conciliacio%CC%81n.jpg?t=1643894663667&amp;largeSize=true\" alt=\"\" title=\"Conciliaci\u00f3n.jpg\"\/><\/figure>\n<\/div>\n\n\n<p><\/p>\n\n\n\n<p><\/p>\n\n\n\n<p><\/p>\n\n\n\n<p><\/p>\n\n\n\n<h2 class=\"wp-block-heading\">A partir del 1 de septiembre estar\u00e1 disponible el formulario de inscripci\u00f3n para el curso 2026\/27<\/h2>\n\n\n\n<p><\/p>\n\n\n\n<p><strong>Con el fin de ayudar a nuestras familias a conciliar la vida laboral y familiar, contamos con varios servicios extraescolares, dentro de las instalaciones del centro:<\/strong><\/p>\n\n\n\n<p><strong>Aquellas familias a las que, por motivos laborales, les es imposible traer a sus hijos\/as a las nueve de la ma\u00f1ana, hora en la que comienzan las clases, podr\u00e1n dejar a sus hijos\/as a las 8h de la ma\u00f1ana en el colegio, donde los profesionales se encargar\u00e1n de realizar actividades educativas durante ese tiempo.<\/strong><\/p>\n\n\n\n<p><strong>Ser\u00e1 necesario inscribirse en la actividad a trav\u00e9s del formulario oficial, que pueden recoger en Jefatura de Estudios, o&nbsp; en el apartado DOCUMENTOS de esta p\u00e1gina WEB<\/strong><\/p>\n\n\n\n<p><strong>Si lo desean, pueden traer alg\u00fan alimento de desayuno, que no necesite ser cocinado, para que sus hijos\/as lo coman en este tiempo. Recuerden que el desayuno es la comida m\u00e1s importante del d\u00eda, sobre todo en edad escolar, dado el gran esfuerzo que sus hijos\/hijas realizan en la escuela. Este servicio es gratuito.<\/strong><\/p>\n\n\n\n<div data-wp-interactive=\"core\/file\" class=\"wp-block-file\"><object data-wp-bind--hidden=\"!state.hasPdfPreview\" hidden class=\"wp-block-file__embed\" data=\"https:\/\/site.educa.madrid.org\/cp.juanramonjimenez.madrid\/\/wp-content\/uploads\/cp.juanramonjimenez.madrid\/2026\/08\/2627PRIMEROS-DEL-COLE.pdf\" type=\"application\/pdf\" style=\"width:100%;height:600px\" aria-label=\"Incrustado de 2627PRIMEROS DEL COLE.\"><\/object><a id=\"wp-block-file--media-b3ab9fc3-a248-45e7-8088-50cccc47ecbc\" href=\"https:\/\/site.educa.madrid.org\/cp.juanramonjimenez.madrid\/\/wp-content\/uploads\/cp.juanramonjimenez.madrid\/2026\/08\/2627PRIMEROS-DEL-COLE.pdf\">2627PRIMEROS DEL COLE<\/a><a href=\"https:\/\/site.educa.madrid.org\/cp.juanramonjimenez.madrid\/\/wp-content\/uploads\/cp.juanramonjimenez.madrid\/2026\/08\/2627PRIMEROS-DEL-COLE.pdf\" class=\"wp-block-file__button wp-element-button\" download aria-describedby=\"wp-block-file--media-b3ab9fc3-a248-45e7-8088-50cccc47ecbc\">Descarga<\/a><\/div>\n","protected":false},"excerpt":{"rendered":"<p>PRIMEROS DEL COLE A partir del 1 de septiembre estar\u00e1 disponible el formulario de inscripci\u00f3n para el curso 2026\/27 Con el fin de ayudar a nuestras familias a conciliar la vida laboral y familiar, contamos con varios servicios extraescolares, dentro de las instalaciones del centro: Aquellas familias a las que, por motivos laborales, les es&#8230;<\/p>\n","protected":false},"author":2,"featured_media":0,"parent":0,"menu_order":0,"comment_status":"closed","ping_status":"closed","template":"","meta":{"footnotes":""},"folder":[],"class_list":["post-939","page","type-page","status-publish","hentry"],"rttpg_featured_image_url":null,"rttpg_author":{"display_name":"tic.cp.juanramonjimenez.madrid","author_link":"https:\/\/site.educa.madrid.org\/cp.juanramonjimenez.madrid\/index.php\/author\/cuenta_tic-cp-juanramonjimenez-madrid\/"},"rttpg_comment":0,"rttpg_category":false,"rttpg_excerpt":"PRIMEROS DEL COLE A partir del 1 de septiembre estar\u00e1 disponible el formulario de inscripci\u00f3n para el curso 2026\/27 Con el fin de ayudar a nuestras familias a conciliar la vida laboral y familiar, contamos con varios servicios extraescolares, dentro de las instalaciones del centro: Aquellas familias a las que, por motivos laborales, les es...","post_mailing_queue_ids":[],"_links":{"self":[{"href":"https:\/\/site.educa.madrid.org\/cp.juanramonjimenez.madrid\/index.php\/wp-json\/wp\/v2\/pages\/939","targetHints":{"allow":["GET"]}}],"collection":[{"href":"https:\/\/site.educa.madrid.org\/cp.juanramonjimenez.madrid\/index.php\/wp-json\/wp\/v2\/pages"}],"about":[{"href":"https:\/\/site.educa.madrid.org\/cp.juanramonjimenez.madrid\/index.php\/wp-json\/wp\/v2\/types\/page"}],"author":[{"embeddable":true,"href":"https:\/\/site.educa.madrid.org\/cp.juanramonjimenez.madrid\/index.php\/wp-json\/wp\/v2\/users\/2"}],"replies":[{"embeddable":true,"href":"https:\/\/site.educa.madrid.org\/cp.juanramonjimenez.madrid\/index.php\/wp-json\/wp\/v2\/comments?post=939"}],"version-history":[{"count":8,"href":"https:\/\/site.educa.madrid.org\/cp.juanramonjimenez.madrid\/index.php\/wp-json\/wp\/v2\/pages\/939\/revisions"}],"predecessor-version":[{"id":2394,"href":"https:\/\/site.educa.madrid.org\/cp.juanramonjimenez.madrid\/index.php\/wp-json\/wp\/v2\/pages\/939\/revisions\/2394"}],"wp:attachment":[{"href":"https:\/\/site.educa.madrid.org\/cp.juanramonjimenez.madrid\/index.php\/wp-json\/wp\/v2\/media?parent=939"}],"wp:term":[{"taxonomy":"folder","embeddable":true,"href":"https:\/\/site.educa.madrid.org\/cp.juanramonjimenez.madrid\/index.php\/wp-json\/wp\/v2\/folder?post=939"}],"curies":[{"name":"wp","href":"https:\/\/api.w.org\/{rel}","templated":true}]}}

<p>PRIMEROS DEL COLE</p>


<div class="wp-block-image">
<figure class="alignleft"><img decoding="async" src="https://www.educa2.madrid.org/web/educamadrid/principal/files/5361f734-c792-4f23-9d48-a538bb01995f/Conciliacio%CC%81n.jpg?t=1643894663667&amp;largeSize=true" alt="" title="Conciliación.jpg"/></figure>
</div>


<p></p>



<p></p>



<p></p>



<p></p>



<h2 class="wp-block-heading">A partir del 1 de septiembre estará disponible el formulario de inscripción para el curso 2026/27</h2>



<p></p>



<p><strong>Con el fin de ayudar a nuestras familias a conciliar la vida laboral y familiar, contamos con varios servicios extraescolares, dentro de las instalaciones del centro:</strong></p>



<p><strong>Aquellas familias a las que, por motivos laborales, les es imposible traer a sus hijos/as a las nueve de la mañana, hora en la que comienzan las clases, podrán dejar a sus hijos/as a las 8h de la mañana en el colegio, donde los profesionales se encargarán de realizar actividades educativas durante ese tiempo.</strong></p>



<p><strong>Será necesario inscribirse en la actividad a través del formulario oficial, que pueden recoger en Jefatura de Estudios, o&nbsp; en el apartado DOCUMENTOS de esta página WEB</strong></p>



<p><strong>Si lo desean, pueden traer algún alimento de desayuno, que no necesite ser cocinado, para que sus hijos/as lo coman en este tiempo. Recuerden que el desayuno es la comida más importante del día, sobre todo en edad escolar, dado el gran esfuerzo que sus hijos/hijas realizan en la escuela. Este servicio es gratuito.</strong></p>



<div data-wp-interactive="core/file" class="wp-block-file"><object data-wp-bind--hidden="!state.hasPdfPreview" hidden class="wp-block-file__embed" data="https://site.educa.madrid.org/cp.juanramonjimenez.madrid//wp-content/uploads/cp.juanramonjimenez.madrid/2026/08/2627PRIMEROS-DEL-COLE.pdf" type="application/pdf" style="width:100%;height:600px" aria-label="Incrustado de 2627PRIMEROS DEL COLE."></object><a id="wp-block-file--media-b3ab9fc3-a248-45e7-8088-50cccc47ecbc" href="https://site.educa.madrid.org/cp.juanramonjimenez.madrid//wp-content/uploads/cp.juanramonjimenez.madrid/2026/08/2627PRIMEROS-DEL-COLE.pdf">2627PRIMEROS DEL COLE</a><a href="https://site.educa.madrid.org/cp.juanramonjimenez.madrid//wp-content/uploads/cp.juanramonjimenez.madrid/2026/08/2627PRIMEROS-DEL-COLE.pdf" class="wp-block-file__button wp-element-button" download aria-describedby="wp-block-file--media-b3ab9fc3-a248-45e7-8088-50cccc47ecbc">Descarga</a></div>

<p>PRIMEROS DEL COLE A partir del 1 de septiembre estará disponible el formulario de inscripción para el curso 2026/27 Con el fin de ayudar a nuestras familias a conciliar la vida laboral y familiar, contamos con varios servicios extraescolares, dentro de las instalaciones del centro: Aquellas familias a las que, por motivos laborales, les es&#8230;</p>

PRIMEROS DEL COLE A partir del 1 de septiembre estará disponible el formulario de inscripción para el curso 2026/27 Con el fin de ayudar a nuestras familias a conciliar la vida laboral y familiar, contamos con varios servicios extraescolares, dentro de las instalaciones del centro: Aquellas familias a las que, por motivos laborales, les es...
