{"id":1083,"date":"2026-02-18T12:47:28","date_gmt":"2026-02-18T11:47:28","guid":{"rendered":"https:\/\/site.educa.madrid.org\/cp.julianbesteiro.getafe\/?page_id=1083"},"modified":"2026-04-29T10:58:56","modified_gmt":"2026-04-29T08:58:56","slug":"becas","status":"publish","type":"page","link":"https:\/\/site.educa.madrid.org\/cp.julianbesteiro.getafe\/index.php\/becas\/","title":{"rendered":"Becas"},"content":{"rendered":"<div class=\"wp-block-image\">\n<figure class=\"aligncenter size-large\"><img loading=\"lazy\" decoding=\"async\" width=\"1024\" height=\"244\" src=\"https:\/\/site.educa.madrid.org\/cp.julianbesteiro.getafe\/\/wp-content\/uploads\/cp.julianbesteiro.getafe\/2026\/03\/imagen-becas-1024x244.png\" alt=\"\" class=\"wp-image-1460\" srcset=\"https:\/\/site.educa.madrid.org\/cp.julianbesteiro.getafe\/\/wp-content\/uploads\/cp.julianbesteiro.getafe\/2026\/03\/imagen-becas-1024x244.png 1024w, https:\/\/site.educa.madrid.org\/cp.julianbesteiro.getafe\/\/wp-content\/uploads\/cp.julianbesteiro.getafe\/2026\/03\/imagen-becas-300x71.png 300w, https:\/\/site.educa.madrid.org\/cp.julianbesteiro.getafe\/\/wp-content\/uploads\/cp.julianbesteiro.getafe\/2026\/03\/imagen-becas-768x183.png 768w, https:\/\/site.educa.madrid.org\/cp.julianbesteiro.getafe\/\/wp-content\/uploads\/cp.julianbesteiro.getafe\/2026\/03\/imagen-becas.png 1526w\" sizes=\"auto, (max-width: 1024px) 100vw, 1024px\" \/><\/figure>\n<\/div>\n\n\n<div style=\"height:17px\" aria-hidden=\"true\" class=\"wp-block-spacer\"><\/div>\n\n\n\n<h3 class=\"wp-block-heading\">Becas de comedor CAM 2026-27<\/h3>\n\n\n\n<p>Los alumnos que cumplan los requisitos fijados por Comunidad de Madrid podr\u00e1n solicitar la beca de comedor.<\/p>\n\n\n\n<p>La beca se debe rellenar preferentemente por v\u00eda telem\u00e1tica en el siguiente enlace:<\/p>\n\n\n\n<p class=\"has-text-align-center\"><a href=\"https:\/\/sede.comunidad.madrid\/ayudas-becas-subvenciones\/becas-comedor-escolar-2026-2027\" data-type=\"link\" data-id=\"https:\/\/sede.comunidad.madrid\/ayudas-becas-subvenciones\/becas-comedor-escolar-2026-2027\" target=\"_blank\" rel=\"noreferrer noopener\">ACCESO PARA SOLICITAR BECA COMEDOR CURSO 2026-27<\/a><\/p>\n\n\n\n<figure class=\"wp-block-table\"><table class=\"has-fixed-layout\"><tbody><tr><td class=\"has-text-align-center\" data-align=\"center\">Preguntas frecuentes<\/td><td class=\"has-text-align-center\" data-align=\"center\"><a href=\"https:\/\/site.educa.madrid.org\/cp.julianbesteiro.getafe\/\/wp-content\/uploads\/cp.julianbesteiro.getafe\/2026\/04\/Preguntas_mas_frecuentes_solicitud_2026_2027.pdf\" data-type=\"attachment\" data-id=\"1749\" target=\"_blank\" rel=\"noreferrer noopener\">Descargar<\/a><\/td><\/tr><tr><td class=\"has-text-align-center\" data-align=\"center\">Acceso para tramitar telem\u00e1ticamente<\/td><td class=\"has-text-align-center\" data-align=\"center\"><a href=\"https:\/\/sede.comunidad.madrid\/ayudas-becas-subvenciones\/becas-comedor-escolar-2026-2027\" data-type=\"link\" data-id=\"https:\/\/sede.comunidad.madrid\/ayudas-becas-subvenciones\/becas-comedor-escolar-2026-2027\">Acceso<\/a><\/td><\/tr><tr><td class=\"has-text-align-center\" data-align=\"center\">Guia para realizar seguimiento de la solicitud<\/td><td class=\"has-text-align-center\" data-align=\"center\"><a href=\"https:\/\/sede.comunidad.madrid\/guia-tramitacion-electronica\" target=\"_blank\" rel=\"noreferrer noopener\">Acceso<\/a><\/td><\/tr><tr><td class=\"has-text-align-center\" data-align=\"center\">Informaci\u00f3n sobre medios para identificarse telem\u00e1ticamente: Identifica, Cl@ve, Firma electr\u00f3nica<\/td><td class=\"has-text-align-center\" data-align=\"center\"><a href=\"https:\/\/sede.comunidad.madrid\/guia-tramitacion\/necesito-empezar#m-todos-de-identificaci-n-y-firma\" data-type=\"link\" data-id=\"https:\/\/sede.comunidad.madrid\/guia-tramitacion\/necesito-empezar#m-todos-de-identificaci-n-y-firma\" target=\"_blank\" rel=\"noreferrer noopener\">Acceso<\/a><\/td><\/tr><tr><td class=\"has-text-align-center\" data-align=\"center\">Acceso a informaci\u00f3n y v\u00eddeos explicativos de \u00abIdentifica\u00bb (muy sencillo)<\/td><td class=\"has-text-align-center\" data-align=\"center\"><a href=\"https:\/\/www.comunidad.madrid\/identifica\" target=\"_blank\" rel=\"noreferrer noopener\">Acceso<\/a><\/td><\/tr><\/tbody><\/table><\/figure>\n\n\n\n<p>El importe a reducir viene determinado por la Comunidad de Madrid, debiendo abonar la familia, en todos los casos, la diferencia con el importe total del comedor.<\/p>\n\n\n\n<div style=\"height:33px\" aria-hidden=\"true\" class=\"wp-block-spacer\"><\/div>\n\n\n\n<h3 class=\"wp-block-heading\">Programa ACCEDE (solamente para Primaria)<\/h3>\n\n\n\n<p>Los alumnos que cumplan los requisitos tendr\u00e1n derecho a solicitar el pr\u00e9stamo de libros y material did\u00e1ctico.<\/p>\n\n\n\n<p>El material prestado debe ser devuelto, en perfecto estado, al finalizar el curso escolar y en caso de traslado a otro centro educativo.<\/p>\n\n\n\n<p><\/p>\n","protected":false},"excerpt":{"rendered":"<p>Becas de comedor CAM 2026-27 Los alumnos que cumplan los requisitos fijados por Comunidad de Madrid podr\u00e1n solicitar la beca de comedor. La beca se debe rellenar preferentemente por v\u00eda &#8230;<\/p>\n","protected":false},"author":2,"featured_media":0,"parent":0,"menu_order":0,"comment_status":"closed","ping_status":"closed","template":"","meta":{"footnotes":""},"folder":[],"class_list":["post-1083","page","type-page","status-publish","hentry"],"rttpg_featured_image_url":null,"rttpg_author":{"display_name":"tic.cp.julianbesteiro.getafe","author_link":"https:\/\/site.educa.madrid.org\/cp.julianbesteiro.getafe\/index.php\/author\/cuenta_tic-cp-julianbesteiro-getafe\/"},"rttpg_comment":0,"rttpg_category":false,"rttpg_excerpt":"Becas de comedor CAM 2026-27 Los alumnos que cumplan los requisitos fijados por Comunidad de Madrid podr\u00e1n solicitar la beca de comedor. La beca se debe rellenar preferentemente por v\u00eda ...","post_mailing_queue_ids":[],"_links":{"self":[{"href":"https:\/\/site.educa.madrid.org\/cp.julianbesteiro.getafe\/index.php\/wp-json\/wp\/v2\/pages\/1083","targetHints":{"allow":["GET"]}}],"collection":[{"href":"https:\/\/site.educa.madrid.org\/cp.julianbesteiro.getafe\/index.php\/wp-json\/wp\/v2\/pages"}],"about":[{"href":"https:\/\/site.educa.madrid.org\/cp.julianbesteiro.getafe\/index.php\/wp-json\/wp\/v2\/types\/page"}],"author":[{"embeddable":true,"href":"https:\/\/site.educa.madrid.org\/cp.julianbesteiro.getafe\/index.php\/wp-json\/wp\/v2\/users\/2"}],"replies":[{"embeddable":true,"href":"https:\/\/site.educa.madrid.org\/cp.julianbesteiro.getafe\/index.php\/wp-json\/wp\/v2\/comments?post=1083"}],"version-history":[{"count":14,"href":"https:\/\/site.educa.madrid.org\/cp.julianbesteiro.getafe\/index.php\/wp-json\/wp\/v2\/pages\/1083\/revisions"}],"predecessor-version":[{"id":1755,"href":"https:\/\/site.educa.madrid.org\/cp.julianbesteiro.getafe\/index.php\/wp-json\/wp\/v2\/pages\/1083\/revisions\/1755"}],"wp:attachment":[{"href":"https:\/\/site.educa.madrid.org\/cp.julianbesteiro.getafe\/index.php\/wp-json\/wp\/v2\/media?parent=1083"}],"wp:term":[{"taxonomy":"folder","embeddable":true,"href":"https:\/\/site.educa.madrid.org\/cp.julianbesteiro.getafe\/index.php\/wp-json\/wp\/v2\/folder?post=1083"}],"curies":[{"name":"wp","href":"https:\/\/api.w.org\/{rel}","templated":true}]}}