{"id":1103,"date":"2026-02-18T13:18:36","date_gmt":"2026-02-18T12:18:36","guid":{"rendered":"https:\/\/site.educa.madrid.org\/cp.julianbesteiro.getafe\/?page_id=1103"},"modified":"2026-03-20T10:31:25","modified_gmt":"2026-03-20T09:31:25","slug":"biblioteca-lea-lea","status":"publish","type":"page","link":"https:\/\/site.educa.madrid.org\/cp.julianbesteiro.getafe\/index.php\/biblioteca-lea-lea\/","title":{"rendered":"Biblioteca \u00abLea-Lea\u00bb"},"content":{"rendered":"\n<h3 class=\"wp-block-heading\">Nuestra Biblioteca y la Duende Lea-Lea<\/h3>\n\n\n\n<div class=\"wp-block-columns is-layout-flex wp-container-core-columns-is-layout-9d6595d7 wp-block-columns-is-layout-flex\">\n<div class=\"wp-block-column is-layout-flow wp-block-column-is-layout-flow\" style=\"flex-basis:33.33%\">\n<figure class=\"wp-block-image size-large\"><img loading=\"lazy\" decoding=\"async\" width=\"683\" height=\"1024\" src=\"https:\/\/site.educa.madrid.org\/cp.julianbesteiro.getafe\/\/wp-content\/uploads\/cp.julianbesteiro.getafe\/2026\/03\/Lea-Lea-683x1024.png\" alt=\"\" class=\"wp-image-1495\" srcset=\"https:\/\/site.educa.madrid.org\/cp.julianbesteiro.getafe\/\/wp-content\/uploads\/cp.julianbesteiro.getafe\/2026\/03\/Lea-Lea-683x1024.png 683w, https:\/\/site.educa.madrid.org\/cp.julianbesteiro.getafe\/\/wp-content\/uploads\/cp.julianbesteiro.getafe\/2026\/03\/Lea-Lea-200x300.png 200w, https:\/\/site.educa.madrid.org\/cp.julianbesteiro.getafe\/\/wp-content\/uploads\/cp.julianbesteiro.getafe\/2026\/03\/Lea-Lea-768x1152.png 768w, https:\/\/site.educa.madrid.org\/cp.julianbesteiro.getafe\/\/wp-content\/uploads\/cp.julianbesteiro.getafe\/2026\/03\/Lea-Lea.png 1024w\" sizes=\"auto, (max-width: 683px) 100vw, 683px\" \/><\/figure>\n<\/div>\n\n\n\n<div class=\"wp-block-column is-layout-flow wp-block-column-is-layout-flow\" style=\"flex-basis:66.66%\">\n<p>Nuestro colegio otorga una gran importancia a la biblioteca, cada a\u00f1o realizamos una aportaci\u00f3n econ\u00f3mica para su ampliaci\u00f3n y renovaci\u00f3n. El pr\u00e9stamo es informatizado, cada alumno\/a dispone de un carnet de biblioteca. Cada grupo de alumnos\/as acude a la biblioteca con su tutor para realizar el pr\u00e9stamo de libros.&nbsp;<\/p>\n\n\n\n<p>A su vez, en cada aula tenemos una biblioteca de aula con alrededor de 60-80 ejemplares. El profesorado se encarga de realizar este pr\u00e9stamo.<\/p>\n\n\n\n<p>Nuestra duende Lea-Lea, de vez en cuando, nos hace trastadas en la biblioteca y nos anima a la lectura.<\/p>\n\n\n\n<div style=\"height:20px\" aria-hidden=\"true\" class=\"wp-block-spacer\"><\/div>\n\n\n\n<p>Puedes acceder a la biblioteca MadREAD para lecturas online:<\/p>\n\n\n<div class=\"wp-block-image\">\n<figure class=\"aligncenter size-full\"><a href=\"https:\/\/madread.educa.madrid.org\/\" target=\"_blank\" rel=\" noreferrer noopener\"><img loading=\"lazy\" decoding=\"async\" width=\"470\" height=\"180\" src=\"https:\/\/site.educa.madrid.org\/cp.julianbesteiro.getafe\/\/wp-content\/uploads\/cp.julianbesteiro.getafe\/2026\/03\/madread.png\" alt=\"\" class=\"wp-image-1633\" srcset=\"https:\/\/site.educa.madrid.org\/cp.julianbesteiro.getafe\/\/wp-content\/uploads\/cp.julianbesteiro.getafe\/2026\/03\/madread.png 470w, https:\/\/site.educa.madrid.org\/cp.julianbesteiro.getafe\/\/wp-content\/uploads\/cp.julianbesteiro.getafe\/2026\/03\/madread-300x115.png 300w\" sizes=\"auto, (max-width: 470px) 100vw, 470px\" \/><\/a><\/figure>\n<\/div><\/div>\n<\/div>\n\n\n\n<p><strong>Ganadores Concurso Ilustraciones<\/strong><\/p>\n\n\n\n<p><strong><em>Cuentos premiados por \u00abLa mejor ilustraci\u00f3n\u00bb<\/em><\/strong>: (hacer clic en el t\u00edtulo para ver las ilustraciones en PDF)<\/p>\n\n\n\n<p>Es un honor por parte de nuestro colegio poderles presentar las ilustraciones ganadoras de nuestro \u201cV Concurso de Cuentos Colegio Juli\u00e1n Besteiro\u201d, celebrado en nuestra Semana Cultural.&nbsp;<\/p>\n\n\n\n<p>\u2022 1\u00ba A \u2013 \u201c<a href=\"https:\/\/www.educa2.madrid.org\/web\/educamadrid\/principal\/files\/249c6a99-03f0-4d8a-9626-ad19e712821b\/Ilustracion%20ganadora%201A.pdf?t=1493205587751\" target=\"_blank\" rel=\"noreferrer noopener\">La Biblioteca Encantada<\/a>\u201d de H\u00e9ctor D\u00edaz.<br>\u2022 1\u00ba B \u2013 \u201c<a href=\"https:\/\/www.educa2.madrid.org\/web\/educamadrid\/principal\/files\/249c6a99-03f0-4d8a-9626-ad19e712821b\/Ilustracion%20ganadora%201B.pdf?t=1493205624352\" target=\"_blank\" rel=\"noreferrer noopener\">El Erizo aventurero<\/a>\u201d de Alejandro Ancillo.<br>\u2022 2\u00ba A \u2013 \u201c<a href=\"https:\/\/www.educa2.madrid.org\/web\/educamadrid\/principal\/files\/249c6a99-03f0-4d8a-9626-ad19e712821b\/Ilustracion%20ganadora%202A.pdf?t=1493205664203\" target=\"_blank\" rel=\"noreferrer noopener\">La Gran Ayuda<\/a>\u201d de Hugo Simal Balado.<br>\u2022 2\u00ba B &#8211; \u201c<a href=\"https:\/\/www.educa2.madrid.org\/web\/educamadrid\/principal\/files\/249c6a99-03f0-4d8a-9626-ad19e712821b\/Ilustracion%20ganadora%202B.pdf?t=1493205700815\" target=\"_blank\" rel=\"noreferrer noopener\">El Viaje de Daniela<\/a>\u201d de Iris G\u00f3mez Pizarro.<br>\u2022 3\u00ba A &#8211; \u00ab<a href=\"https:\/\/www.educa2.madrid.org\/web\/educamadrid\/principal\/files\/249c6a99-03f0-4d8a-9626-ad19e712821b\/Ilustracion%20ganadora%203A.pdf?t=1493205738574\" target=\"_blank\" rel=\"noreferrer noopener\">Los Pa\u00edses de la Mansi\u00f3n<\/a>\u00bb de Alba de Andr\u00e9s Arjona.<br>\u2022 3\u00ba B &#8211; \u00ab<a href=\"https:\/\/www.educa2.madrid.org\/web\/educamadrid\/principal\/files\/249c6a99-03f0-4d8a-9626-ad19e712821b\/Ilustracion%20ganadora%203B.pdf?t=1493205848845\" target=\"_blank\" rel=\"noreferrer noopener\">El Drag\u00f3n de oro en Australia<\/a>\u00bb de Iker Cano Ortega.<br>\u2022 4\u00ba A \u2013 \u201c<a href=\"https:\/\/www.educa2.madrid.org\/web\/educamadrid\/principal\/files\/249c6a99-03f0-4d8a-9626-ad19e712821b\/Ilustracion%20ganadora%204A.pdf?t=1493205892931\" target=\"_blank\" rel=\"noreferrer noopener\">Los dos d\u00edas m\u00e1s raros de nuestra vida<\/a>\u201d de Beatriz Raspe\u00f1o del Castillo.<br>\u2022 4\u00ba B \u2013 \u201c<a href=\"https:\/\/www.educa2.madrid.org\/web\/educamadrid\/principal\/files\/249c6a99-03f0-4d8a-9626-ad19e712821b\/Ilustracion%20ganadora%204B.pdf?t=1493205929199\" target=\"_blank\" rel=\"noreferrer noopener\">La Vida de Aqua<\/a>\u201d de Hada Montes Barbero.<br>\u2022 5\u00ba A &#8211; \u00ab<a href=\"https:\/\/www.educa2.madrid.org\/web\/educamadrid\/principal\/files\/249c6a99-03f0-4d8a-9626-ad19e712821b\/Ilustracion%20ganadora%205A.pdf?t=1493205977926\" target=\"_blank\" rel=\"noreferrer noopener\">\u00bfPor qu\u00e9 a mi?<\/a>\u00bb de Elsa Calvo Sevilla.<br>\u2022 6\u00ba A &#8211; \u201c<a href=\"https:\/\/www.educa2.madrid.org\/web\/educamadrid\/principal\/files\/249c6a99-03f0-4d8a-9626-ad19e712821b\/Ilustracion%20ganadora%206A.pdf?t=1493206035045\" target=\"_blank\" rel=\"noreferrer noopener\">No es nuestra culpa<\/a>\u201d de Guillermo Crujera Alarc\u00f3n.<br>\u2022 6\u00ba B &#8211; \u201c<a href=\"https:\/\/www.educa2.madrid.org\/web\/educamadrid\/principal\/files\/249c6a99-03f0-4d8a-9626-ad19e712821b\/Ilustracion%20ganadora%206B.pdf?t=1493206073467\" target=\"_blank\" rel=\"noreferrer noopener\">Un collar peculiar<\/a>\u201d de Silvia Temi\u00f1o Jim\u00e9nez.<\/p>\n\n\n\n<div style=\"height:10px\" aria-hidden=\"true\" class=\"wp-block-spacer\"><\/div>\n\n\n<div class=\"wp-block-image\">\n<figure class=\"aligncenter size-large is-resized\"><img loading=\"lazy\" decoding=\"async\" width=\"1024\" height=\"768\" src=\"https:\/\/site.educa.madrid.org\/cp.julianbesteiro.getafe\/\/wp-content\/uploads\/cp.julianbesteiro.getafe\/2026\/03\/foto-biblioteca-1024x768.jpg\" alt=\"\" class=\"wp-image-1299\" style=\"width:589px;height:auto\" srcset=\"https:\/\/site.educa.madrid.org\/cp.julianbesteiro.getafe\/\/wp-content\/uploads\/cp.julianbesteiro.getafe\/2026\/03\/foto-biblioteca-1024x768.jpg 1024w, https:\/\/site.educa.madrid.org\/cp.julianbesteiro.getafe\/\/wp-content\/uploads\/cp.julianbesteiro.getafe\/2026\/03\/foto-biblioteca-300x225.jpg 300w, https:\/\/site.educa.madrid.org\/cp.julianbesteiro.getafe\/\/wp-content\/uploads\/cp.julianbesteiro.getafe\/2026\/03\/foto-biblioteca-768x576.jpg 768w, https:\/\/site.educa.madrid.org\/cp.julianbesteiro.getafe\/\/wp-content\/uploads\/cp.julianbesteiro.getafe\/2026\/03\/foto-biblioteca-1536x1152.jpg 1536w, https:\/\/site.educa.madrid.org\/cp.julianbesteiro.getafe\/\/wp-content\/uploads\/cp.julianbesteiro.getafe\/2026\/03\/foto-biblioteca-2048x1536.jpg 2048w\" sizes=\"auto, (max-width: 1024px) 100vw, 1024px\" \/><\/figure>\n<\/div>","protected":false},"excerpt":{"rendered":"<p>Nuestra Biblioteca y la Duende Lea-Lea Nuestro colegio otorga una gran importancia a la biblioteca, cada a\u00f1o realizamos una aportaci\u00f3n econ\u00f3mica para su ampliaci\u00f3n y renovaci\u00f3n. El pr\u00e9stamo es informatizado, &#8230;<\/p>\n","protected":false},"author":2,"featured_media":0,"parent":0,"menu_order":0,"comment_status":"closed","ping_status":"closed","template":"","meta":{"footnotes":""},"folder":[],"class_list":["post-1103","page","type-page","status-publish","hentry"],"rttpg_featured_image_url":null,"rttpg_author":{"display_name":"tic.cp.julianbesteiro.getafe","author_link":"https:\/\/site.educa.madrid.org\/cp.julianbesteiro.getafe\/index.php\/author\/cuenta_tic-cp-julianbesteiro-getafe\/"},"rttpg_comment":0,"rttpg_category":false,"rttpg_excerpt":"Nuestra Biblioteca y la Duende Lea-Lea Nuestro colegio otorga una gran importancia a la biblioteca, cada a\u00f1o realizamos una aportaci\u00f3n econ\u00f3mica para su ampliaci\u00f3n y renovaci\u00f3n. El pr\u00e9stamo es informatizado, ...","post_mailing_queue_ids":[],"_links":{"self":[{"href":"https:\/\/site.educa.madrid.org\/cp.julianbesteiro.getafe\/index.php\/wp-json\/wp\/v2\/pages\/1103","targetHints":{"allow":["GET"]}}],"collection":[{"href":"https:\/\/site.educa.madrid.org\/cp.julianbesteiro.getafe\/index.php\/wp-json\/wp\/v2\/pages"}],"about":[{"href":"https:\/\/site.educa.madrid.org\/cp.julianbesteiro.getafe\/index.php\/wp-json\/wp\/v2\/types\/page"}],"author":[{"embeddable":true,"href":"https:\/\/site.educa.madrid.org\/cp.julianbesteiro.getafe\/index.php\/wp-json\/wp\/v2\/users\/2"}],"replies":[{"embeddable":true,"href":"https:\/\/site.educa.madrid.org\/cp.julianbesteiro.getafe\/index.php\/wp-json\/wp\/v2\/comments?post=1103"}],"version-history":[{"count":15,"href":"https:\/\/site.educa.madrid.org\/cp.julianbesteiro.getafe\/index.php\/wp-json\/wp\/v2\/pages\/1103\/revisions"}],"predecessor-version":[{"id":1636,"href":"https:\/\/site.educa.madrid.org\/cp.julianbesteiro.getafe\/index.php\/wp-json\/wp\/v2\/pages\/1103\/revisions\/1636"}],"wp:attachment":[{"href":"https:\/\/site.educa.madrid.org\/cp.julianbesteiro.getafe\/index.php\/wp-json\/wp\/v2\/media?parent=1103"}],"wp:term":[{"taxonomy":"folder","embeddable":true,"href":"https:\/\/site.educa.madrid.org\/cp.julianbesteiro.getafe\/index.php\/wp-json\/wp\/v2\/folder?post=1103"}],"curies":[{"name":"wp","href":"https:\/\/api.w.org\/{rel}","templated":true}]}}