{"id":1131,"date":"2026-02-18T13:33:02","date_gmt":"2026-02-18T12:33:02","guid":{"rendered":"https:\/\/site.educa.madrid.org\/cp.julianbesteiro.getafe\/?page_id=1131"},"modified":"2026-03-21T08:14:51","modified_gmt":"2026-03-21T07:14:51","slug":"acceso-aula-virtual","status":"publish","type":"page","link":"https:\/\/site.educa.madrid.org\/cp.julianbesteiro.getafe\/index.php\/acceso-aula-virtual\/","title":{"rendered":"Acceso Aula Virtual"},"content":{"rendered":"\n<div style=\"height:11px\" aria-hidden=\"true\" class=\"wp-block-spacer\"><\/div>\n\n\n\n<p>Para acceder a las AULAS VIRTUALES del BESTEIRO pincha en el enlace (recuerda: necesitas tu usuario y contrase\u00f1a de Educamadrid):<\/p>\n\n\n\n<p class=\"has-text-align-center\"><a href=\"https:\/\/aulavirtual35.educa.madrid.org\/cp.julianbesteiro.getafe\/\" target=\"_blank\" rel=\"noreferrer noopener\"><strong>ACCESO A LAS AULAS VIRTUALES<\/strong><\/a><\/p>\n\n\n\n<p>Os dejamos dos v\u00eddeos propios sobre c\u00f3mo entregar las tareas y ver la calificaci\u00f3n de las mismas:<\/p>\n\n\n\n<figure class=\"wp-block-embed aligncenter is-type-rich is-provider-gestor-del-servicio wp-block-embed-gestor-del-servicio\"><div class=\"wp-block-embed__wrapper\">\n<iframe loading=\"lazy\" src=\"https:\/\/mediateca.educa.madrid.org\/contenido\/ytbjwgn5negiqn8c\/fs\" width=\"640\" height=\"360\" frameborder=\"0\" allowfullscreen style=\"border:0;overflow:hidden\"><\/iframe>\n<\/div><\/figure>\n\n\n\n<figure class=\"wp-block-embed aligncenter is-type-rich is-provider-gestor-del-servicio wp-block-embed-gestor-del-servicio\"><div class=\"wp-block-embed__wrapper\">\n<iframe loading=\"lazy\" src=\"https:\/\/mediateca.educa.madrid.org\/contenido\/kuamq4fpatvx62te\/fs\" width=\"640\" height=\"360\" frameborder=\"0\" allowfullscreen style=\"border:0;overflow:hidden\"><\/iframe>\n<\/div><\/figure>\n\n\n\n<div style=\"height:100px\" aria-hidden=\"true\" class=\"wp-block-spacer\"><\/div>\n","protected":false},"excerpt":{"rendered":"<p>Para acceder a las AULAS VIRTUALES del BESTEIRO pincha en el enlace (recuerda: necesitas tu usuario y contrase\u00f1a de Educamadrid): ACCESO A LAS AULAS VIRTUALES Os dejamos dos v\u00eddeos propios &#8230;<\/p>\n","protected":false},"author":2,"featured_media":0,"parent":0,"menu_order":0,"comment_status":"closed","ping_status":"closed","template":"","meta":{"footnotes":""},"folder":[],"class_list":["post-1131","page","type-page","status-publish","hentry"],"rttpg_featured_image_url":null,"rttpg_author":{"display_name":"tic.cp.julianbesteiro.getafe","author_link":"https:\/\/site.educa.madrid.org\/cp.julianbesteiro.getafe\/index.php\/author\/cuenta_tic-cp-julianbesteiro-getafe\/"},"rttpg_comment":0,"rttpg_category":false,"rttpg_excerpt":"Para acceder a las AULAS VIRTUALES del BESTEIRO pincha en el enlace (recuerda: necesitas tu usuario y contrase\u00f1a de Educamadrid): ACCESO A LAS AULAS VIRTUALES Os dejamos dos v\u00eddeos propios ...","post_mailing_queue_ids":[],"_links":{"self":[{"href":"https:\/\/site.educa.madrid.org\/cp.julianbesteiro.getafe\/index.php\/wp-json\/wp\/v2\/pages\/1131","targetHints":{"allow":["GET"]}}],"collection":[{"href":"https:\/\/site.educa.madrid.org\/cp.julianbesteiro.getafe\/index.php\/wp-json\/wp\/v2\/pages"}],"about":[{"href":"https:\/\/site.educa.madrid.org\/cp.julianbesteiro.getafe\/index.php\/wp-json\/wp\/v2\/types\/page"}],"author":[{"embeddable":true,"href":"https:\/\/site.educa.madrid.org\/cp.julianbesteiro.getafe\/index.php\/wp-json\/wp\/v2\/users\/2"}],"replies":[{"embeddable":true,"href":"https:\/\/site.educa.madrid.org\/cp.julianbesteiro.getafe\/index.php\/wp-json\/wp\/v2\/comments?post=1131"}],"version-history":[{"count":5,"href":"https:\/\/site.educa.madrid.org\/cp.julianbesteiro.getafe\/index.php\/wp-json\/wp\/v2\/pages\/1131\/revisions"}],"predecessor-version":[{"id":1675,"href":"https:\/\/site.educa.madrid.org\/cp.julianbesteiro.getafe\/index.php\/wp-json\/wp\/v2\/pages\/1131\/revisions\/1675"}],"wp:attachment":[{"href":"https:\/\/site.educa.madrid.org\/cp.julianbesteiro.getafe\/index.php\/wp-json\/wp\/v2\/media?parent=1131"}],"wp:term":[{"taxonomy":"folder","embeddable":true,"href":"https:\/\/site.educa.madrid.org\/cp.julianbesteiro.getafe\/index.php\/wp-json\/wp\/v2\/folder?post=1131"}],"curies":[{"name":"wp","href":"https:\/\/api.w.org\/{rel}","templated":true}]}}