{"id":927,"date":"2026-02-17T10:05:23","date_gmt":"2026-02-17T09:05:23","guid":{"rendered":"https:\/\/site.educa.madrid.org\/cp.julianbesteiro.getafe\/?page_id=927"},"modified":"2026-03-20T13:20:43","modified_gmt":"2026-03-20T12:20:43","slug":"contacto-con-personal-docente-curso-2025-2026","status":"publish","type":"page","link":"https:\/\/site.educa.madrid.org\/cp.julianbesteiro.getafe\/index.php\/contacto-con-personal-docente-curso-2025-2026\/","title":{"rendered":"Contacto con personal docente"},"content":{"rendered":"<div class=\"wp-block-image\">\n<figure class=\"aligncenter size-full is-resized\"><img loading=\"lazy\" decoding=\"async\" width=\"512\" height=\"512\" src=\"https:\/\/site.educa.madrid.org\/cp.julianbesteiro.getafe\/\/wp-content\/uploads\/cp.julianbesteiro.getafe\/2022\/05\/cropped-ezgif.com-gif-maker.png\" alt=\"logotipo con forma de estrella de educamadrid\" class=\"wp-image-374\" style=\"width:82px;height:auto\" srcset=\"https:\/\/site.educa.madrid.org\/cp.julianbesteiro.getafe\/\/wp-content\/uploads\/cp.julianbesteiro.getafe\/2022\/05\/cropped-ezgif.com-gif-maker.png 512w, https:\/\/site.educa.madrid.org\/cp.julianbesteiro.getafe\/\/wp-content\/uploads\/cp.julianbesteiro.getafe\/2022\/05\/cropped-ezgif.com-gif-maker-300x300.png 300w, https:\/\/site.educa.madrid.org\/cp.julianbesteiro.getafe\/\/wp-content\/uploads\/cp.julianbesteiro.getafe\/2022\/05\/cropped-ezgif.com-gif-maker-150x150.png 150w, https:\/\/site.educa.madrid.org\/cp.julianbesteiro.getafe\/\/wp-content\/uploads\/cp.julianbesteiro.getafe\/2022\/05\/cropped-ezgif.com-gif-maker-100x100.png 100w, https:\/\/site.educa.madrid.org\/cp.julianbesteiro.getafe\/\/wp-content\/uploads\/cp.julianbesteiro.getafe\/2022\/05\/cropped-ezgif.com-gif-maker-270x270.png 270w, https:\/\/site.educa.madrid.org\/cp.julianbesteiro.getafe\/\/wp-content\/uploads\/cp.julianbesteiro.getafe\/2022\/05\/cropped-ezgif.com-gif-maker-192x192.png 192w, https:\/\/site.educa.madrid.org\/cp.julianbesteiro.getafe\/\/wp-content\/uploads\/cp.julianbesteiro.getafe\/2022\/05\/cropped-ezgif.com-gif-maker-180x180.png 180w, https:\/\/site.educa.madrid.org\/cp.julianbesteiro.getafe\/\/wp-content\/uploads\/cp.julianbesteiro.getafe\/2022\/05\/cropped-ezgif.com-gif-maker-32x32.png 32w\" sizes=\"auto, (max-width: 512px) 100vw, 512px\" \/><\/figure>\n<\/div>\n\n\n<p>A continuaci\u00f3n, ten\u00e9is los correos electr\u00f3nicos de nuestros maestros por si necesit\u00e1is contactar con ellos:<\/p>\n\n\n\n<figure class=\"wp-block-table is-style-stripes\"><table class=\"has-fixed-layout\"><tbody><tr><td class=\"has-text-align-center\" data-align=\"center\">Directora<\/td><td class=\"has-text-align-center\" data-align=\"center\">M\u00f3nica Rocamora<\/td><td class=\"has-text-align-center\" data-align=\"center\" rowspan=\"3\">cp.julianbesteiro.getafe@educa.madrid.org<br>91 684 70 34<\/td><\/tr><tr><td class=\"has-text-align-center\" data-align=\"center\">Jefe de Estudios<\/td><td class=\"has-text-align-center\" data-align=\"center\">Nacho**<\/td><\/tr><tr><td class=\"has-text-align-center\" data-align=\"center\">Secretario y TIC<\/td><td class=\"has-text-align-center\" data-align=\"center\">Mario<\/td><\/tr><tr><td class=\"has-text-align-center\" data-align=\"center\">Inf 3 A<\/td><td class=\"has-text-align-center\" data-align=\"center\">Nuria<\/td><td class=\"has-text-align-center\" data-align=\"center\">&nbsp;nuria.diaz@educa.madrid.org<\/td><\/tr><tr><td class=\"has-text-align-center\" data-align=\"center\">Inf 3 B<\/td><td class=\"has-text-align-center\" data-align=\"center\">Ana<\/td><td class=\"has-text-align-center\" data-align=\"center\">ana.obradorscampos@educa.madrid.org<\/td><\/tr><tr><td class=\"has-text-align-center\" data-align=\"center\">Inf 4 A<\/td><td class=\"has-text-align-center\" data-align=\"center\">Silvia<\/td><td class=\"has-text-align-center\" data-align=\"center\">silvia.chinarrovinuesa@educa.madrid.org&nbsp;<\/td><\/tr><tr><td class=\"has-text-align-center\" data-align=\"center\">Inf 4 B<\/td><td class=\"has-text-align-center\" data-align=\"center\">Ver\u00f3nica Guill\u00e9n<\/td><td class=\"has-text-align-center\" data-align=\"center\">vguillencanada@educa.madrid.org&nbsp;&nbsp;<\/td><\/tr><tr><td class=\"has-text-align-center\" data-align=\"center\">Inf 5 A<\/td><td class=\"has-text-align-center\" data-align=\"center\">Bel\u00e9n<\/td><td class=\"has-text-align-center\" data-align=\"center\">mbelen.garcia@educa.madrid.org<\/td><\/tr><tr><td class=\"has-text-align-center\" data-align=\"center\">Inf 5 B<\/td><td class=\"has-text-align-center\" data-align=\"center\">Vero Ballesteros<\/td><td class=\"has-text-align-center\" data-align=\"center\">veronica.ballesterosvicente@educa.madrid.org<\/td><\/tr><tr><td class=\"has-text-align-center\" data-align=\"center\">Apoyo Infantil<\/td><td class=\"has-text-align-center\" data-align=\"center\">Raquel*<\/td><td class=\"has-text-align-center\" data-align=\"center\">rherrerolucas@educa.madrid.org<\/td><\/tr><tr><td class=\"has-text-align-center\" data-align=\"center\">Primaria 1\u00ba A<\/td><td class=\"has-text-align-center\" data-align=\"center\">Alba Roc\u00edo<\/td><td class=\"has-text-align-center\" data-align=\"center\">alba.ferrer1@educa.madrid.org rocio.coscoyanogutierrez@educa.madrid.org<\/td><\/tr><tr><td class=\"has-text-align-center\" data-align=\"center\">Primaria 1\u00ba B<\/td><td class=\"has-text-align-center\" data-align=\"center\">Alicia*<\/td><td class=\"has-text-align-center\" data-align=\"center\">alicia.tenoriodelgado@educa.madrid.org<\/td><\/tr><tr><td class=\"has-text-align-center\" data-align=\"center\">Primaria 2\u00ba A<\/td><td class=\"has-text-align-center\" data-align=\"center\">Arantxa<\/td><td class=\"has-text-align-center\" data-align=\"center\">&nbsp;arantxa.garciamartinez@educa.madrid.org&nbsp;<\/td><\/tr><tr><td class=\"has-text-align-center\" data-align=\"center\">Primaria 2\u00ba B<\/td><td class=\"has-text-align-center\" data-align=\"center\">Silvia*<\/td><td class=\"has-text-align-center\" data-align=\"center\">silvia.vergaz@educa.madrid.org&nbsp;<\/td><\/tr><tr><td class=\"has-text-align-center\" data-align=\"center\">Primaria 3\u00ba A<\/td><td class=\"has-text-align-center\" data-align=\"center\">Mar\u00eda<\/td><td class=\"has-text-align-center\" data-align=\"center\">maria.corderocalderon@educa.madrid.org<\/td><\/tr><tr><td class=\"has-text-align-center\" data-align=\"center\">Primaria 3\u00ba B<\/td><td class=\"has-text-align-center\" data-align=\"center\">Ethan*<\/td><td class=\"has-text-align-center\" data-align=\"center\">ealcaraz1@educa.madrid.org<\/td><\/tr><tr><td class=\"has-text-align-center\" data-align=\"center\">Primaria 4\u00ba A<\/td><td class=\"has-text-align-center\" data-align=\"center\">Luis<\/td><td class=\"has-text-align-center\" data-align=\"center\">luis.somoza@educa.madrid.org<\/td><\/tr><tr><td class=\"has-text-align-center\" data-align=\"center\">Primaria 4\u00ba B<\/td><td class=\"has-text-align-center\" data-align=\"center\">Elena*<\/td><td class=\"has-text-align-center\" data-align=\"center\">elena.benito@educa.madrid.org<\/td><\/tr><tr><td class=\"has-text-align-center\" data-align=\"center\">Primaria 5\u00ba A<\/td><td class=\"has-text-align-center\" data-align=\"center\">Cristina<\/td><td class=\"has-text-align-center\" data-align=\"center\">cristina.reyalique@educa.madrid.org<\/td><\/tr><tr><td class=\"has-text-align-center\" data-align=\"center\">Primaria 5\u00ba B<\/td><td class=\"has-text-align-center\" data-align=\"center\">Raquel*<\/td><td class=\"has-text-align-center\" data-align=\"center\">raquel.gabaldon@educa.madrid.org<\/td><\/tr><tr><td class=\"has-text-align-center\" data-align=\"center\">Primaria 6\u00ba A<\/td><td class=\"has-text-align-center\" data-align=\"center\">Alberto<\/td><td class=\"has-text-align-center\" data-align=\"center\">alberto.leonalonso@educa.madrid.org<\/td><\/tr><tr><td class=\"has-text-align-center\" data-align=\"center\">Primaria 6\u00ba B<\/td><td class=\"has-text-align-center\" data-align=\"center\">Maritere*<\/td><td class=\"has-text-align-center\" data-align=\"center\">mariateresa.lopezperez@educa.madrid.org<\/td><\/tr><tr><td class=\"has-text-align-center\" data-align=\"center\">Competencia lectora<\/td><td class=\"has-text-align-center\" data-align=\"center\">Paula<\/td><td class=\"has-text-align-center\" data-align=\"center\">prs193@educa.madrid.org<\/td><\/tr><tr><td class=\"has-text-align-center\" data-align=\"center\">Religi\u00f3n<\/td><td class=\"has-text-align-center\" data-align=\"center\">Iv\u00e1n&nbsp;<\/td><td class=\"has-text-align-center\" data-align=\"center\">ivan.carpallomoro@educa.madrid.org<\/td><\/tr><tr><td class=\"has-text-align-center\" data-align=\"center\">Ed. F\u00edsica<\/td><td class=\"has-text-align-center\" data-align=\"center\">Ana*<\/td><td class=\"has-text-align-center\" data-align=\"center\">ana.valeroroncero@educa.madrid.org<\/td><\/tr><tr><td class=\"has-text-align-center\" data-align=\"center\">M\u00fasica<\/td><td class=\"has-text-align-center\" data-align=\"center\">M\u00edriam<\/td><td class=\"has-text-align-center\" data-align=\"center\">miriam.rubiolopez@educa.madrid.org&nbsp;<\/td><\/tr><tr><td class=\"has-text-align-center\" data-align=\"center\">Pedagog\u00eda Terape\u00fatica<\/td><td class=\"has-text-align-center\" data-align=\"center\">Carlos&nbsp; <br>Laura<\/td><td class=\"has-text-align-center\" data-align=\"center\">carlos.iglesias@educa.madrid.org laura.sanchezderojas@educa.madrid.org<\/td><\/tr><tr><td class=\"has-text-align-center\" data-align=\"center\">Audici\u00f3n y Lenguaje<\/td><td class=\"has-text-align-center\" data-align=\"center\">Lorena<\/td><td class=\"has-text-align-center\" data-align=\"center\">lcarvajal@educa.madrid.org<\/td><\/tr><\/tbody><\/table><\/figure>\n\n\n\n<p class=\"has-vivid-red-color has-text-color has-link-color wp-elements-22e107218e321719be4aa8e538729f91\">* maestros\/maestras biling\u00fces.<\/p>\n\n\n\n<p>** coordinador de bienestar y protecci\u00f3n de la infancia.<\/p>\n\n\n\n<p><\/p>\n","protected":false},"excerpt":{"rendered":"<p>A continuaci\u00f3n, ten\u00e9is los correos electr\u00f3nicos de nuestros maestros por si necesit\u00e1is contactar con ellos: Directora M\u00f3nica Rocamora cp.julianbesteiro.getafe@educa.madrid.org91 684 70 34 Jefe de Estudios Nacho** Secretario y TIC Mario &#8230;<\/p>\n","protected":false},"author":2,"featured_media":0,"parent":0,"menu_order":0,"comment_status":"closed","ping_status":"closed","template":"","meta":{"footnotes":""},"folder":[],"class_list":["post-927","page","type-page","status-publish","hentry"],"rttpg_featured_image_url":null,"rttpg_author":{"display_name":"tic.cp.julianbesteiro.getafe","author_link":"https:\/\/site.educa.madrid.org\/cp.julianbesteiro.getafe\/index.php\/author\/cuenta_tic-cp-julianbesteiro-getafe\/"},"rttpg_comment":0,"rttpg_category":false,"rttpg_excerpt":"A continuaci\u00f3n, ten\u00e9is los correos electr\u00f3nicos de nuestros maestros por si necesit\u00e1is contactar con ellos: Directora M\u00f3nica Rocamora cp.julianbesteiro.getafe@educa.madrid.org91 684 70 34 Jefe de Estudios Nacho** Secretario y TIC Mario ...","post_mailing_queue_ids":[],"_links":{"self":[{"href":"https:\/\/site.educa.madrid.org\/cp.julianbesteiro.getafe\/index.php\/wp-json\/wp\/v2\/pages\/927","targetHints":{"allow":["GET"]}}],"collection":[{"href":"https:\/\/site.educa.madrid.org\/cp.julianbesteiro.getafe\/index.php\/wp-json\/wp\/v2\/pages"}],"about":[{"href":"https:\/\/site.educa.madrid.org\/cp.julianbesteiro.getafe\/index.php\/wp-json\/wp\/v2\/types\/page"}],"author":[{"embeddable":true,"href":"https:\/\/site.educa.madrid.org\/cp.julianbesteiro.getafe\/index.php\/wp-json\/wp\/v2\/users\/2"}],"replies":[{"embeddable":true,"href":"https:\/\/site.educa.madrid.org\/cp.julianbesteiro.getafe\/index.php\/wp-json\/wp\/v2\/comments?post=927"}],"version-history":[{"count":8,"href":"https:\/\/site.educa.madrid.org\/cp.julianbesteiro.getafe\/index.php\/wp-json\/wp\/v2\/pages\/927\/revisions"}],"predecessor-version":[{"id":1650,"href":"https:\/\/site.educa.madrid.org\/cp.julianbesteiro.getafe\/index.php\/wp-json\/wp\/v2\/pages\/927\/revisions\/1650"}],"wp:attachment":[{"href":"https:\/\/site.educa.madrid.org\/cp.julianbesteiro.getafe\/index.php\/wp-json\/wp\/v2\/media?parent=927"}],"wp:term":[{"taxonomy":"folder","embeddable":true,"href":"https:\/\/site.educa.madrid.org\/cp.julianbesteiro.getafe\/index.php\/wp-json\/wp\/v2\/folder?post=927"}],"curies":[{"name":"wp","href":"https:\/\/api.w.org\/{rel}","templated":true}]}}