{"id":973,"date":"2026-02-18T10:20:59","date_gmt":"2026-02-18T09:20:59","guid":{"rendered":"https:\/\/site.educa.madrid.org\/cp.julianbesteiro.getafe\/?page_id=973"},"modified":"2026-03-17T14:03:50","modified_gmt":"2026-03-17T13:03:50","slug":"stemadrid-bilingual","status":"publish","type":"page","link":"https:\/\/site.educa.madrid.org\/cp.julianbesteiro.getafe\/index.php\/stemadrid-bilingual\/","title":{"rendered":"STEMadrid bilingual"},"content":{"rendered":"\n<div style=\"height:10px\" aria-hidden=\"true\" class=\"wp-block-spacer\"><\/div>\n\n\n\n<div class=\"wp-block-columns is-layout-flex wp-container-core-columns-is-layout-9d6595d7 wp-block-columns-is-layout-flex\">\n<div class=\"wp-block-column is-vertically-aligned-top is-layout-flow wp-block-column-is-layout-flow\" style=\"flex-basis:33.33%\"><div class=\"wp-block-image\">\n<figure class=\"aligncenter size-full is-resized\"><img loading=\"lazy\" decoding=\"async\" width=\"213\" height=\"87\" src=\"https:\/\/site.educa.madrid.org\/cp.julianbesteiro.getafe\/\/wp-content\/uploads\/cp.julianbesteiro.getafe\/2026\/02\/logo-stem.png\" alt=\"\" class=\"wp-image-975\" style=\"width:271px;height:auto\"\/><\/figure>\n<\/div><\/div>\n\n\n\n<div class=\"wp-block-column is-layout-flow wp-block-column-is-layout-flow\" style=\"flex-basis:66.66%\">\n<p>Somos el primer colegio STEMadrid Bilingual en Getafe, comenzamos la andadura en el curso 2025-26.<\/p>\n\n\n\n<p>El proyecto&nbsp;<strong>STEMadrid Bilingual<\/strong>&nbsp;(o STEAMadrid) es una iniciativa de la Comunidad de Madrid que busca impulsar la ense\u00f1anza de disciplinas cient\u00edficas y tecnol\u00f3gicas (Ciencia, Tecnolog\u00eda, Ingenier\u00eda, Arte y Matem\u00e1ticas) dentro de los centros biling\u00fces de la regi\u00f3n.&nbsp;<\/p>\n\n\n\n<p>STEM se ha convertido en una pieza clave para el presente de los ni\u00f1os, un punto de inflexi\u00f3n que podr\u00eda determinar su futuro laboral. Algunos de los beneficios m\u00e1s destacados que se obtienen al aplicar este m\u00e9todo educativo: despierta la curiosidad por conocer, educa para tener iniciativa, potencia la creatividad, fomenta habilidades comunicativas, aumenta la colaboraci\u00f3n en equipo, da lugar al pensamiento cr\u00edtico y promueve el aprendizaje socioemocional entre otros. <\/p>\n\n\n\n<p>Los objetivos del Proyecto Stem de nuestro centro son:<\/p>\n\n\n\n<ul class=\"wp-block-list\">\n<li>Realizar acciones de fomento y acercamiento al alumnado de las disciplinas STEM, de forma que se salve la barrera de ser asignaturas de especial dificultad, poniendo el foco en materia de igualdad y de empoderamiento de la mujer.<\/li>\n\n\n\n<li>Estimular la implicaci\u00f3n de los alumnos\/as en campos STEM, haciendo que aprecien el trabajo en equipo.<\/li>\n\n\n\n<li>Dise\u00f1ar actividades que fomenten en el alumnado la curiosidad y el pensamiento abstracto, el gusto por la experimentaci\u00f3n y el desarrollo pr\u00e1ctico.<\/li>\n\n\n\n<li>Avanzar en la inclusi\u00f3n y equidad de g\u00e9nero en las STEM, asegurando oportunidades equitativas para todos los educandos.<\/li>\n\n\n\n<li>Involucrar a las familias de proceso educativo, proporcionar actividades STEM que puedan realizar en casa y organizar eventos donde las familias puedan ver y participar en los proyectos de sus hijos.<\/li>\n<\/ul>\n<\/div>\n<\/div>\n","protected":false},"excerpt":{"rendered":"<p>Somos el primer colegio STEMadrid Bilingual en Getafe, comenzamos la andadura en el curso 2025-26. El proyecto&nbsp;STEMadrid Bilingual&nbsp;(o STEAMadrid) es una iniciativa de la Comunidad de Madrid que busca impulsar &#8230;<\/p>\n","protected":false},"author":2,"featured_media":0,"parent":0,"menu_order":0,"comment_status":"closed","ping_status":"closed","template":"","meta":{"footnotes":""},"folder":[],"class_list":["post-973","page","type-page","status-publish","hentry"],"rttpg_featured_image_url":null,"rttpg_author":{"display_name":"tic.cp.julianbesteiro.getafe","author_link":"https:\/\/site.educa.madrid.org\/cp.julianbesteiro.getafe\/index.php\/author\/cuenta_tic-cp-julianbesteiro-getafe\/"},"rttpg_comment":0,"rttpg_category":false,"rttpg_excerpt":"Somos el primer colegio STEMadrid Bilingual en Getafe, comenzamos la andadura en el curso 2025-26. El proyecto&nbsp;STEMadrid Bilingual&nbsp;(o STEAMadrid) es una iniciativa de la Comunidad de Madrid que busca impulsar ...","post_mailing_queue_ids":[],"_links":{"self":[{"href":"https:\/\/site.educa.madrid.org\/cp.julianbesteiro.getafe\/index.php\/wp-json\/wp\/v2\/pages\/973","targetHints":{"allow":["GET"]}}],"collection":[{"href":"https:\/\/site.educa.madrid.org\/cp.julianbesteiro.getafe\/index.php\/wp-json\/wp\/v2\/pages"}],"about":[{"href":"https:\/\/site.educa.madrid.org\/cp.julianbesteiro.getafe\/index.php\/wp-json\/wp\/v2\/types\/page"}],"author":[{"embeddable":true,"href":"https:\/\/site.educa.madrid.org\/cp.julianbesteiro.getafe\/index.php\/wp-json\/wp\/v2\/users\/2"}],"replies":[{"embeddable":true,"href":"https:\/\/site.educa.madrid.org\/cp.julianbesteiro.getafe\/index.php\/wp-json\/wp\/v2\/comments?post=973"}],"version-history":[{"count":6,"href":"https:\/\/site.educa.madrid.org\/cp.julianbesteiro.getafe\/index.php\/wp-json\/wp\/v2\/pages\/973\/revisions"}],"predecessor-version":[{"id":1494,"href":"https:\/\/site.educa.madrid.org\/cp.julianbesteiro.getafe\/index.php\/wp-json\/wp\/v2\/pages\/973\/revisions\/1494"}],"wp:attachment":[{"href":"https:\/\/site.educa.madrid.org\/cp.julianbesteiro.getafe\/index.php\/wp-json\/wp\/v2\/media?parent=973"}],"wp:term":[{"taxonomy":"folder","embeddable":true,"href":"https:\/\/site.educa.madrid.org\/cp.julianbesteiro.getafe\/index.php\/wp-json\/wp\/v2\/folder?post=973"}],"curies":[{"name":"wp","href":"https:\/\/api.w.org\/{rel}","templated":true}]}}